000
CDUS43 KTOP 280633
CLICNK


CLIMATE REPORT
NATIONAL WEATHER SERVICE TOPEKA KS
1231 AM CST THU JAN 28 2016


...................................

...THE CONCORDIA KS CLIMATE SUMMARY FOR JANUARY 27 2016...

CLIMATE NORMAL PERIOD 1981 TO 2010
CLIMATE RECORD PERIOD 1885 TO 2016


WEATHER ITEM   OBSERVED TIME   RECORD YEAR NORMAL DEPARTURE LAST
                VALUE   (LST)  VALUE       VALUE  FROM      YEAR
                                                  NORMAL
..................................................................
TEMPERATURE (F)
 YESTERDAY
  MAXIMUM         45    451 PM  69    2015  39      6       69
  MINIMUM         26    823 AM -14    1902  19      7       30
  AVERAGE         36                        29      7       50

PRECIPITATION (IN)
  YESTERDAY        0.00          0.45 1995   0.03  -0.03     0.00
  MONTH TO DATE    1.05                      0.48   0.57     0.11
  SINCE DEC 1      3.69                      1.33   2.36     0.85
  SINCE JAN 1      1.05                      0.48   0.57     0.11

SNOWFALL (IN)
  YESTERDAY        0.0           3.0  1949   0.2   -0.2      0.0
  MONTH TO DATE    7.6                       4.9    2.7      1.3
  SINCE JAN 1      7.6                       4.9    2.7      1.3
  SINCE JUL 1      8.9                      11.4   -2.5      7.4
  SNOW DEPTH       2

DEGREE DAYS
 HEATING
  YESTERDAY       29                        36     -7       15
  MONTH TO DATE 1001                       986     15      922
  SINCE DEC 1   1876                      2071   -195     1897
  SINCE JUL 1   2644                      3163   -519     3060

 COOLING
  YESTERDAY        0                         0      0        0
  MONTH TO DATE    0                         0      0        0
  SINCE DEC 1      0                         0      0        0
  SINCE JAN 1      0                         0      0        0
..................................................................


WIND (MPH)
  HIGHEST WIND SPEED    18   HIGHEST WIND DIRECTION     S (190)
  HIGHEST GUST SPEED    22   HIGHEST GUST DIRECTION     S (190)
  AVERAGE WIND SPEED     9.5


SKY COVER
  AVERAGE SKY COVER 0.1


WEATHER CONDITIONS
 THE FOLLOWING WEATHER WAS RECORDED YESTERDAY.
  NO SIGNIFICANT WEATHER WAS OBSERVED.


RELATIVE HUMIDITY (PERCENT)
 HIGHEST    76          1100 PM
 LOWEST     50           100 PM
 AVERAGE    63

..........................................................


THE CONCORDIA KS CLIMATE NORMALS FOR TODAY
                         NORMAL    RECORD    YEAR
 MAXIMUM TEMPERATURE (F)   39        71      2015
                                             2008
 MINIMUM TEMPERATURE (F)   19        -9      1915


SUNRISE AND SUNSET
JANUARY 28 2016.......SUNRISE   742 AM CST   SUNSET   545 PM CST
JANUARY 29 2016.......SUNRISE   741 AM CST   SUNSET   547 PM CST


-  INDICATES NEGATIVE NUMBERS.
R  INDICATES RECORD WAS SET OR TIED.
MM INDICATES DATA IS MISSING.
T  INDICATES TRACE AMOUNT.




$$
