000
CDUS43 KTOP 160633
CLICNK


CLIMATE REPORT
NATIONAL WEATHER SERVICE TOPEKA KS
132 AM CDT THU JUL 16 2015


...................................

...THE CONCORDIA KS CLIMATE SUMMARY FOR JULY 15 2015...

CLIMATE NORMAL PERIOD 1981 TO 2010
CLIMATE RECORD PERIOD 1885 TO 2015


WEATHER ITEM   OBSERVED TIME   RECORD YEAR NORMAL DEPARTURE LAST
                VALUE   (LST)  VALUE       VALUE  FROM      YEAR
                                                  NORMAL
..................................................................
TEMPERATURE (F)
 YESTERDAY
  MAXIMUM         86   1227 PM 110    1934  91     -5       76
                                      1914
  MINIMUM         69    712 AM  50    2014  68      1       50
  AVERAGE         78                        79     -1       63

PRECIPITATION (IN)
  YESTERDAY        1.00          2.40 1946   0.13   0.87     0.00
  MONTH TO DATE    1.85                      2.09  -0.24     0.91
  SINCE JUN 1      7.96                      6.14   1.82     7.61
  SINCE JAN 1     16.04                     16.13  -0.09    13.44

SNOWFALL (IN)
  YESTERDAY        0.0           0.0    MM   0.0    0.0      0.0
  MONTH TO DATE    0.0                       0.0    0.0      0.0
  SINCE JAN 1      5.6                      13.7   -8.1     16.9
  SINCE JUL 1      0.0                       0.0    0.0      0.0
  SNOW DEPTH       0

DEGREE DAYS
 HEATING
  YESTERDAY        0                         0      0        2
  MONTH TO DATE    0                         0      0        2
  SINCE JUN 1      2                        13    -11        3
  SINCE JUL 1      0                         0      0        2

 COOLING
  YESTERDAY       13                        14     -1        0
  MONTH TO DATE  176                       206    -30      173
  SINCE JUN 1    485                       471     14      460
  SINCE JAN 1    540                       560    -20      635
..................................................................


WIND (MPH)
  HIGHEST WIND SPEED    37   HIGHEST WIND DIRECTION    SW (220)
  HIGHEST GUST SPEED    57   HIGHEST GUST DIRECTION    SW (230)
  AVERAGE WIND SPEED     9.6


SKY COVER
  AVERAGE SKY COVER 0.2


WEATHER CONDITIONS
 THE FOLLOWING WEATHER WAS RECORDED YESTERDAY.
  THUNDERSTORM
  HEAVY RAIN
  RAIN
  LIGHT RAIN
  FOG


RELATIVE HUMIDITY (PERCENT)
 HIGHEST    90           600 AM
 LOWEST     61          1200 PM
 AVERAGE    76

..........................................................


THE CONCORDIA KS CLIMATE NORMALS FOR TODAY
                         NORMAL    RECORD    YEAR
 MAXIMUM TEMPERATURE (F)   91       109      1913
 MINIMUM TEMPERATURE (F)   68        55      2014


SUNRISE AND SUNSET
JULY 16 2015..........SUNRISE   616 AM CDT   SUNSET   857 PM CDT
JULY 17 2015..........SUNRISE   617 AM CDT   SUNSET   856 PM CDT


-  INDICATES NEGATIVE NUMBERS.
R  INDICATES RECORD WAS SET OR TIED.
MM INDICATES DATA IS MISSING.
T  INDICATES TRACE AMOUNT.




$$
