000
CDUS43 KTOP 010633
CLICNK


CLIMATE REPORT
NATIONAL WEATHER SERVICE TOPEKA KS
132 AM CDT SAT JUL 1 2017


...................................

...THE CONCORDIA KS CLIMATE SUMMARY FOR JUNE 30 2017...

CLIMATE NORMAL PERIOD 1981 TO 2010
CLIMATE RECORD PERIOD 1885 TO 2017


WEATHER ITEM   OBSERVED TIME   RECORD YEAR NORMAL DEPARTURE LAST
                VALUE   (LST)  VALUE       VALUE  FROM      YEAR
                                                  NORMAL
..................................................................
TEMPERATURE (F)
 YESTERDAY
  MAXIMUM         78   1126 AM 109    1980  90    -12       90
                                      1956
  MINIMUM         61   1159 PM  51    1924  66     -5       70
  AVERAGE         70                        78     -8       80

PRECIPITATION (IN)
  YESTERDAY        T             2.65 1982   0.13  -0.13      T
  MONTH TO DATE    3.34                      4.05  -0.71     1.17
  SINCE JUN 1      3.34                      4.05  -0.71     1.17
  SINCE JAN 1     21.72                     14.04   7.68    13.34

SNOWFALL (IN)
  YESTERDAY        0.0           T    1982   0.0    0.0      0.0
  MONTH TO DATE    0.0                       0.0    0.0      0.0
  SINCE JAN 1      2.1                      13.7  -11.6     12.3
  SINCE JUL 1      4.3                      20.2  -15.9     13.6
  SNOW DEPTH       0

DEGREE DAYS
 HEATING
  YESTERDAY        0                         0      0        0
  MONTH TO DATE    2                        11     -9        0
  SINCE JUN 1      2                        13    -11        0
  SINCE JUL 1   4566                      5408   -842     4364

 COOLING
  YESTERDAY        5                        13     -8       15
  MONTH TO DATE  333                       265     68      421
  SINCE JUN 1    333                       265     68      421
  SINCE JAN 1    411                       354     57      481
..................................................................


WIND (MPH)
  HIGHEST WIND SPEED    18   HIGHEST WIND DIRECTION    NW (330)
  HIGHEST GUST SPEED    25   HIGHEST GUST DIRECTION    NW (310)
  AVERAGE WIND SPEED     8.9


SKY COVER
  AVERAGE SKY COVER 0.1


WEATHER CONDITIONS
 THE FOLLOWING WEATHER WAS RECORDED YESTERDAY.
  THUNDERSTORM
  LIGHT RAIN


RELATIVE HUMIDITY (PERCENT)
 HIGHEST    93           400 AM
 LOWEST     53           700 PM
 AVERAGE    73

..........................................................


THE CONCORDIA KS CLIMATE NORMALS FOR TODAY
                         NORMAL    RECORD    YEAR
 MAXIMUM TEMPERATURE (F)   90       110      1933
 MINIMUM TEMPERATURE (F)   66        52      2013
                                             1885


SUNRISE AND SUNSET
JULY  1 2017..........SUNRISE   607 AM CDT   SUNSET   902 PM CDT
JULY  2 2017..........SUNRISE   608 AM CDT   SUNSET   902 PM CDT


-  INDICATES NEGATIVE NUMBERS.
R  INDICATES RECORD WAS SET OR TIED.
MM INDICATES DATA IS MISSING.
T  INDICATES TRACE AMOUNT.




$$
