000
CDUS43 KTOP 052138
CLICNK


CLIMATE REPORT
NATIONAL WEATHER SERVICE TOPEKA KS
436 PM CDT FRI SEP 5 2014


...................................

...THE CONCORDIA KS CLIMATE SUMMARY FOR SEPTEMBER 5 2014...
VALID TODAY AS OF 0400 PM LOCAL TIME.

CLIMATE NORMAL PERIOD 1981 TO 2010
CLIMATE RECORD PERIOD 1885 TO 2014


WEATHER ITEM   OBSERVED TIME   RECORD YEAR NORMAL DEPARTURE LAST
                VALUE   (LST)  VALUE       VALUE  FROM      YEAR
                                                  NORMAL
..................................................................
TEMPERATURE (F)
 TODAY
  MAXIMUM         72   1237 AM 107    1931  84    -12       89
  MINIMUM         57    910 AM  43    2011  61     -4       60
                                      1962
  AVERAGE         65                        72     -7       75

PRECIPITATION (IN)
  TODAY            1.20          3.21 1905   0.10   1.10     0.00
  MONTH TO DATE    1.20                      0.48   0.72     0.01
  SINCE SEP 1      1.20                      0.48   0.72     0.01
  SINCE JAN 1     21.86                     21.58   0.28    23.58

SNOWFALL (IN)
  TODAY            0.0           0.0    MM   0.0    0.0      0.0
  MONTH TO DATE    0.0                       0.0    0.0      0.0
  SINCE JAN 1     16.9                      13.7    3.2     20.3
  SINCE JUL 1      0.0                       0.0    0.0      0.0
  SNOW DEPTH       0

DEGREE DAYS
 HEATING
  TODAY            0                         1     -1        0
  MONTH TO DATE    0                         3     -3        0
  SINCE SEP 1      0                         3     -3        0
  SINCE JUL 1      2                         6     -4        7

 COOLING
  TODAY            0                         8     -8       10
  MONTH TO DATE   45                        43      2       42
  SINCE SEP 1     45                        43      2       42
  SINCE JAN 1   1254                      1209     45     1127
..................................................................


WIND (MPH)
  HIGHEST WIND SPEED    25   HIGHEST WIND DIRECTION     N (340)
  HIGHEST GUST SPEED    33   HIGHEST GUST DIRECTION     N (340)
  AVERAGE WIND SPEED    11.5



WEATHER CONDITIONS
 THE FOLLOWING WEATHER WAS RECORDED TODAY.
  THUNDERSTORM
  HEAVY RAIN
  RAIN
  LIGHT RAIN
  FOG


RELATIVE HUMIDITY (PERCENT)
 HIGHEST    97           300 PM
 LOWEST     68           300 AM
 AVERAGE    83

..........................................................


THE CONCORDIA KS CLIMATE NORMALS FOR TOMORROW
                         NORMAL    RECORD    YEAR
 MAXIMUM TEMPERATURE (F)   84       103      1939
                                             1931
                                             1913
 MINIMUM TEMPERATURE (F)   60        42      1956


SUNRISE AND SUNSET
SEPTEMBER  5 2014.....SUNRISE   703 AM CDT   SUNSET   755 PM CDT
SEPTEMBER  6 2014.....SUNRISE   703 AM CDT   SUNSET   754 PM CDT


-  INDICATES NEGATIVE NUMBERS.
R  INDICATES RECORD WAS SET OR TIED.
MM INDICATES DATA IS MISSING.
T  INDICATES TRACE AMOUNT.

$$
