000
CDUS43 KTOP 272136
CLICNK


CLIMATE REPORT
NATIONAL WEATHER SERVICE TOPEKA KS
435 PM CDT FRI JUN 27 2014


...................................

...THE CONCORDIA KS CLIMATE SUMMARY FOR JUNE 27 2014...
VALID TODAY AS OF 0400 PM LOCAL TIME.

CLIMATE NORMAL PERIOD 1981 TO 2010
CLIMATE RECORD PERIOD 1885 TO 2014


WEATHER ITEM   OBSERVED TIME   RECORD YEAR NORMAL DEPARTURE LAST
                VALUE   (LST)  VALUE       VALUE  FROM      YEAR
                                                  NORMAL
..................................................................
TEMPERATURE (F)
 TODAY
  MAXIMUM         85    256 PM 107    2012  89     -4       93
  MINIMUM         70    306 AM  47    1968  65      5       68
  AVERAGE         78                        77      1       81

PRECIPITATION (IN)
  TODAY            0.07          3.45 1949   0.14  -0.07      T
  MONTH TO DATE    6.45                      3.64   2.81     1.28
  SINCE JUN 1      6.45                      3.64   2.81     1.28
  SINCE JAN 1     12.28                     13.63  -1.35    12.67

SNOWFALL (IN)
  TODAY            0.0           T    1953   0.0    0.0      0.0
  MONTH TO DATE    0.0                       0.0    0.0      0.0
  SINCE JAN 1     16.9                      13.7    3.2     20.3
  SINCE JUL 1     23.2                      20.2    3.0     28.8
  SNOW DEPTH       0

DEGREE DAYS
 HEATING
  TODAY            0                         0      0        0
  MONTH TO DATE    1                        11    -10       15
  SINCE JUN 1      1                        11    -10       15
  SINCE JUL 1   5759                      5406    353     5514

 COOLING
  TODAY           13                        12      1       16
  MONTH TO DATE  250                       229     21      268
  SINCE JUN 1    250                       229     21      268
  SINCE JAN 1    425                       318    107      371
..................................................................


WIND (MPH)
  HIGHEST WIND SPEED    30   HIGHEST WIND DIRECTION     S (160)
  HIGHEST GUST SPEED    37   HIGHEST GUST DIRECTION     S (160)
  AVERAGE WIND SPEED    16.4



WEATHER CONDITIONS
 THE FOLLOWING WEATHER WAS RECORDED TODAY.
  THUNDERSTORM
  LIGHT RAIN
  FOG


RELATIVE HUMIDITY (PERCENT)
 HIGHEST   100           300 AM
 LOWEST     65           200 PM
 AVERAGE    83

..........................................................


THE CONCORDIA KS CLIMATE NORMALS FOR TOMORROW
                         NORMAL    RECORD    YEAR
 MAXIMUM TEMPERATURE (F)   89       104      2012
                                             1990
 MINIMUM TEMPERATURE (F)   66        52      1985


SUNRISE AND SUNSET
JUNE 27 2014..........SUNRISE   605 AM CDT   SUNSET   902 PM CDT
JUNE 28 2014..........SUNRISE   606 AM CDT   SUNSET   902 PM CDT


-  INDICATES NEGATIVE NUMBERS.
R  INDICATES RECORD WAS SET OR TIED.
MM INDICATES DATA IS MISSING.
T  INDICATES TRACE AMOUNT.




$$
