000
CDUS43 KTOP 090632
CLICNK


CLIMATE REPORT
NATIONAL WEATHER SERVICE TOPEKA KS
1231 AM CST THU NOV 9 2017


...................................

...THE CONCORDIA KS CLIMATE SUMMARY FOR NOVEMBER 8 2017...

CLIMATE NORMAL PERIOD 1981 TO 2010
CLIMATE RECORD PERIOD 1885 TO 2017


WEATHER ITEM   OBSERVED TIME   RECORD YEAR NORMAL DEPARTURE LAST
                VALUE   (LST)  VALUE       VALUE  FROM      YEAR
                                                  NORMAL
..................................................................
TEMPERATURE (F)
 YESTERDAY
  MAXIMUM         51    358 PM  85    2006  57     -6       60
  MINIMUM         21    712 AM  12    1991  35    -14       40
                                      1925
  AVERAGE         36                        46    -10       50

PRECIPITATION (IN)
  YESTERDAY        0.00          1.09 1977   0.05  -0.05     0.00
  MONTH TO DATE    0.00                      0.37  -0.37     0.35
  SINCE SEP 1      8.75                      5.20   3.55     3.35
  SINCE JAN 1     36.20                     26.30   9.90    28.87

SNOWFALL (IN)
  YESTERDAY        0.0           T    1977   0.0    0.0      0.0
  MONTH TO DATE    0.0                       0.3   -0.3      0.0
  SINCE JAN 1      2.1                      14.2  -12.1     12.3
  SINCE JUL 1      T                         0.5   -0.5      0.0
  SNOW DEPTH       0

DEGREE DAYS
 HEATING
  YESTERDAY       29                        19     10       15
  MONTH TO DATE  193                       140     53       57
  SINCE SEP 1    519                       528     -9      269
  SINCE JUL 1    519                       531    -12      270

 COOLING
  YESTERDAY        0                         0      0        0
  MONTH TO DATE    0                         0      0        0
  SINCE SEP 1    232                       182     50      258
  SINCE JAN 1   1370                      1348     22     1540
..................................................................


WIND (MPH)
  HIGHEST WIND SPEED    15   HIGHEST WIND DIRECTION     S (200)
  HIGHEST GUST SPEED    20   HIGHEST GUST DIRECTION     S (200)
  AVERAGE WIND SPEED     7.6


SKY COVER
  AVERAGE SKY COVER 0.0


WEATHER CONDITIONS
 THE FOLLOWING WEATHER WAS RECORDED YESTERDAY.
  NO SIGNIFICANT WEATHER WAS OBSERVED.


RELATIVE HUMIDITY (PERCENT)
 HIGHEST    88           800 AM
 LOWEST     28           300 PM
 AVERAGE    58

..........................................................


THE CONCORDIA KS CLIMATE NORMALS FOR TODAY
                         NORMAL    RECORD    YEAR
 MAXIMUM TEMPERATURE (F)   56        77      1999
 MINIMUM TEMPERATURE (F)   34        18      1966


SUNRISE AND SUNSET
NOVEMBER  9 2017......SUNRISE   708 AM CST   SUNSET   520 PM CST
NOVEMBER 10 2017......SUNRISE   709 AM CST   SUNSET   519 PM CST


-  INDICATES NEGATIVE NUMBERS.
R  INDICATES RECORD WAS SET OR TIED.
MM INDICATES DATA IS MISSING.
T  INDICATES TRACE AMOUNT.




$$
