000
CDUS43 KTOP 062242
CLICNK


CLIMATE REPORT
NATIONAL WEATHER SERVICE TOPEKA KS
441 PM CST TUE FEB 6 2018


...................................

...THE CONCORDIA KS CLIMATE SUMMARY FOR FEBRUARY 6 2018...
VALID TODAY AS OF 0400 PM LOCAL TIME.

CLIMATE NORMAL PERIOD 1981 TO 2010
CLIMATE RECORD PERIOD 1885 TO 2018


WEATHER ITEM   OBSERVED TIME   RECORD YEAR NORMAL DEPARTURE LAST
                VALUE   (LST)  VALUE       VALUE  FROM      YEAR
                                                  NORMAL
..................................................................
TEMPERATURE (F)
 TODAY
  MAXIMUM         12    359 PM  72    2009  41    -29       48
  MINIMUM          8    944 AM -10    1905  20    -12       26
  AVERAGE         10                        30    -20       37

PRECIPITATION (IN)
  TODAY            0.09          1.21 1928   0.02   0.07     0.02
  MONTH TO DATE    0.16                      0.15   0.01     0.02
  SINCE DEC 1      0.71                      1.58  -0.87     2.70
  SINCE JAN 1      0.58                      0.73  -0.15     1.77

SNOWFALL (IN)
  TODAY            0.1           2.9  1997   0.2   -0.1      0.0
  MONTH TO DATE    1.8                       1.3    0.5       T
  SINCE JAN 1      5.4                       7.0   -1.6      1.0
  SINCE JUL 1      7.2                      13.5   -6.3      3.2
  SNOW DEPTH       0

DEGREE DAYS
 HEATING
  TODAY           55                        35     20       28
  MONTH TO DATE  253                       210     43      197
  SINCE DEC 1   2408                      2422    -14     2343
  SINCE JUL 1   3345                      3514   -169     3040

 COOLING
  TODAY            0                         0      0        0
  MONTH TO DATE    0                         0      0        0
  SINCE DEC 1      0                         0      0        0
  SINCE JAN 1      0                         0      0        0
..................................................................


WIND (MPH)
  HIGHEST WIND SPEED    16   HIGHEST WIND DIRECTION     N (10)
  HIGHEST GUST SPEED    20   HIGHEST GUST DIRECTION     N (20)
  AVERAGE WIND SPEED     7.3



WEATHER CONDITIONS
 THE FOLLOWING WEATHER WAS RECORDED TODAY.
  LIGHT SNOW
  FOG


RELATIVE HUMIDITY (PERCENT)
 HIGHEST    84           300 PM
 LOWEST     66           400 AM
 AVERAGE    75

..........................................................


THE CONCORDIA KS CLIMATE NORMALS FOR TOMORROW
                         NORMAL    RECORD    YEAR
 MAXIMUM TEMPERATURE (F)   41        73      2015
 MINIMUM TEMPERATURE (F)   20       -17      1895


SUNRISE AND SUNSET
FEBRUARY  6 2018......SUNRISE   733 AM CST   SUNSET   557 PM CST
FEBRUARY  7 2018......SUNRISE   732 AM CST   SUNSET   558 PM CST


-  INDICATES NEGATIVE NUMBERS.
R  INDICATES RECORD WAS SET OR TIED.
MM INDICATES DATA IS MISSING.
T  INDICATES TRACE AMOUNT.




$$
