000
CDUS43 KTOP 272140
CLICNK


CLIMATE REPORT
NATIONAL WEATHER SERVICE TOPEKA KS
437 PM CDT WED APR 27 2016


...................................

...THE CONCORDIA KS CLIMATE SUMMARY FOR APRIL 27 2016...
VALID TODAY AS OF 0400 PM LOCAL TIME.

CLIMATE NORMAL PERIOD 1981 TO 2010
CLIMATE RECORD PERIOD 1885 TO 2016


WEATHER ITEM   OBSERVED TIME   RECORD YEAR NORMAL DEPARTURE LAST
                VALUE   (LST)  VALUE       VALUE  FROM      YEAR
                                                  NORMAL
..................................................................
TEMPERATURE (F)
 TODAY
  MAXIMUM         59   1000 AM  93    1989  69    -10       64
  MINIMUM         47    259 PM  30    1995  45      2       41
  AVERAGE         53                        57     -4       53

PRECIPITATION (IN)
  TODAY            0.02          1.71 1986   0.10  -0.08     0.00
  MONTH TO DATE    1.29                      2.16  -0.87     2.23
  SINCE MAR 1      1.74                      4.17  -2.43     2.34
  SINCE JAN 1      3.30                      5.54  -2.24     3.86

SNOWFALL (IN)
  TODAY            0.0           T    1955   0.0    0.0      0.0
  MONTH TO DATE    0.0                       0.5   -0.5      0.0
  SINCE JAN 1     12.3                      13.7   -1.4      5.6
  SINCE JUL 1     13.6                      20.2   -6.6     11.7
  SNOW DEPTH       0

DEGREE DAYS
 HEATING
  TODAY           12                         9      3       12
  MONTH TO DATE  214                       348   -134      266
  SINCE MAR 1    702                      1032   -330      813
  SINCE JUL 1   4173                      5239  -1066     5020

 COOLING
  TODAY            0                         1     -1        0
  MONTH TO DATE    8                        12     -4        4
  SINCE MAR 1     11                        13     -2        8
  SINCE JAN 1     11                        13     -2        8
..................................................................


WIND (MPH)
  HIGHEST WIND SPEED    32   HIGHEST WIND DIRECTION    SE (130)
  HIGHEST GUST SPEED    38   HIGHEST GUST DIRECTION    SE (130)
  AVERAGE WIND SPEED    15.6



WEATHER CONDITIONS
 THE FOLLOWING WEATHER WAS RECORDED TODAY.
  THUNDERSTORM
  LIGHT RAIN


RELATIVE HUMIDITY (PERCENT)
 HIGHEST    93          1200 AM
 LOWEST     57          1000 AM
 AVERAGE    75

..........................................................


THE CONCORDIA KS CLIMATE NORMALS FOR TOMORROW
                         NORMAL    RECORD    YEAR
 MAXIMUM TEMPERATURE (F)   69        94      1910
 MINIMUM TEMPERATURE (F)   46        29      1965


SUNRISE AND SUNSET
APRIL 27 2016.........SUNRISE   636 AM CDT   SUNSET   821 PM CDT
APRIL 28 2016.........SUNRISE   635 AM CDT   SUNSET   822 PM CDT


-  INDICATES NEGATIVE NUMBERS.
R  INDICATES RECORD WAS SET OR TIED.
MM INDICATES DATA IS MISSING.
T  INDICATES TRACE AMOUNT.




$$
