050
CDUS43 KTOP 220634
CLICNK


CLIMATE REPORT
NATIONAL WEATHER SERVICE TOPEKA KS
133 AM CDT SUN OCT 22 2017


...................................

...THE CONCORDIA KS CLIMATE SUMMARY FOR OCTOBER 21 2017...

CLIMATE NORMAL PERIOD 1981 TO 2010
CLIMATE RECORD PERIOD 1885 TO 2017


WEATHER ITEM   OBSERVED TIME   RECORD YEAR NORMAL DEPARTURE LAST
                VALUE   (LST)  VALUE       VALUE  FROM      YEAR
                                                  NORMAL
..................................................................
TEMPERATURE (F)
 YESTERDAY
  MAXIMUM         73    917 AM  89    1899  65      8       67
  MINIMUM         47   1159 PM  23    1987  42      5       40
  AVERAGE         60                        54      6       54

PRECIPITATION (IN)
  YESTERDAY        0.03          1.53 1900   0.07  -0.04     0.00
  MONTH TO DATE    3.48                      1.40   2.08     1.00
  SINCE SEP 1      8.73                      4.31   4.42     3.00
  SINCE JAN 1     36.18                     25.41  10.77    28.52

SNOWFALL (IN)
  YESTERDAY       MM             0.0  1994   0.0   MM        0.0
  MONTH TO DATE    0.0                       0.0    0.0      0.0
  SINCE JAN 1      2.1                      13.7  -11.6     12.3
  SINCE JUL 1      0.0                       0.0    0.0      0.0
  SNOW DEPTH       0

DEGREE DAYS
 HEATING
  YESTERDAY        5                        12     -7       11
  MONTH TO DATE  112                       181    -69      125
  SINCE SEP 1    139                       251   -112      166
  SINCE JUL 1    139                       254   -115      167

 COOLING
  YESTERDAY        0                         0      0        0
  MONTH TO DATE   24                        20      4       26
  SINCE SEP 1    232                       180     52      246
  SINCE JAN 1   1370                      1346     24     1528
..................................................................


WIND (MPH)
  HIGHEST WIND SPEED    39   HIGHEST WIND DIRECTION     S (180)
  HIGHEST GUST SPEED    49   HIGHEST GUST DIRECTION     S (190)
  AVERAGE WIND SPEED    18.4


SKY COVER
  AVERAGE SKY COVER 0.5


WEATHER CONDITIONS
 THE FOLLOWING WEATHER WAS RECORDED YESTERDAY.
  LIGHT RAIN


RELATIVE HUMIDITY (PERCENT)
 HIGHEST    87           600 AM
 LOWEST     42           300 PM
 AVERAGE    65

..........................................................


THE CONCORDIA KS CLIMATE NORMALS FOR TODAY
                         NORMAL    RECORD    YEAR
 MAXIMUM TEMPERATURE (F)   65        89      1899
 MINIMUM TEMPERATURE (F)   42        24      1898


SUNRISE AND SUNSET
OCTOBER 22 2017.......SUNRISE   748 AM CDT   SUNSET   641 PM CDT
OCTOBER 23 2017.......SUNRISE   749 AM CDT   SUNSET   640 PM CDT


-  INDICATES NEGATIVE NUMBERS.
R  INDICATES RECORD WAS SET OR TIED.
MM INDICATES DATA IS MISSING.
T  INDICATES TRACE AMOUNT.




$$
