000
CDUS43 KTOP 220631
CLICNK


CLIMATE REPORT
NATIONAL WEATHER SERVICE TOPEKA KS
1231 AM CST MON JAN 22 2018


...................................

...THE CONCORDIA KS CLIMATE SUMMARY FOR JANUARY 21 2018...

CLIMATE NORMAL PERIOD 1981 TO 2010
CLIMATE RECORD PERIOD 1885 TO 2018


WEATHER ITEM   OBSERVED TIME   RECORD YEAR NORMAL DEPARTURE LAST
                VALUE   (LST)  VALUE       VALUE  FROM      YEAR
                                                  NORMAL
..................................................................
TEMPERATURE (F)
 YESTERDAY
  MAXIMUM         51    248 PM  63    1964  39     12       53
  MINIMUM         32   1230 AM -17    1888  19     13       33
  AVERAGE         42                        29     13       43

PRECIPITATION (IN)
  YESTERDAY        0.00          0.26 1945   0.02  -0.02     0.00
  MONTH TO DATE    0.37                      0.34   0.03     1.75
  SINCE DEC 1      0.50                      1.19  -0.69     2.68
  SINCE JAN 1      0.37                      0.34   0.03     1.75

SNOWFALL (IN)
  YESTERDAY        0.0           6.0  1959   0.2   -0.2      0.0
  MONTH TO DATE    3.4                       3.7   -0.3      1.0
  SINCE JAN 1      3.4                       3.7   -0.3      1.0
  SINCE JUL 1      5.2                      10.2   -5.0      3.2
  SNOW DEPTH       0

DEGREE DAYS
 HEATING
  YESTERDAY       23                        36    -13       22
  MONTH TO DATE  829                       770     59      770
  SINCE DEC 1   1865                      1855     10     1874
  SINCE JUL 1   2802                      2947   -145     2571

 COOLING
  YESTERDAY        0                         0      0        0
  MONTH TO DATE    0                         0      0        0
  SINCE DEC 1      0                         0      0        0
  SINCE JAN 1      0                         0      0        0
..................................................................


WIND (MPH)
  HIGHEST WIND SPEED    18   HIGHEST WIND DIRECTION    SW (220)
  HIGHEST GUST SPEED    24   HIGHEST GUST DIRECTION    SW (220)
  AVERAGE WIND SPEED     6.2


SKY COVER
  AVERAGE SKY COVER 0.9


WEATHER CONDITIONS
 THE FOLLOWING WEATHER WAS RECORDED YESTERDAY.
  FOG
  FOG W/VISIBILITY <= 1/4 MILE


RELATIVE HUMIDITY (PERCENT)
 HIGHEST   100          1200 AM
 LOWEST     71           300 PM
 AVERAGE    86

..........................................................


THE CONCORDIA KS CLIMATE NORMALS FOR TODAY
                         NORMAL    RECORD    YEAR
 MAXIMUM TEMPERATURE (F)   39        64      2002
 MINIMUM TEMPERATURE (F)   19       -12      1888
                                             1886


SUNRISE AND SUNSET
JANUARY 22 2018.......SUNRISE   746 AM CST   SUNSET   539 PM CST
JANUARY 23 2018.......SUNRISE   745 AM CST   SUNSET   540 PM CST


-  INDICATES NEGATIVE NUMBERS.
R  INDICATES RECORD WAS SET OR TIED.
MM INDICATES DATA IS MISSING.
T  INDICATES TRACE AMOUNT.




$$
