000
CDUS43 KTOP 302232
CLICNK


CLIMATE REPORT
NATIONAL WEATHER SERVICE TOPEKA KS
431 PM CST FRI JAN 30 2015


...................................

...THE CONCORDIA KS CLIMATE SUMMARY FOR JANUARY 30 2015...
VALID TODAY AS OF 0400 PM LOCAL TIME.

CLIMATE NORMAL PERIOD 1981 TO 2010
CLIMATE RECORD PERIOD 1885 TO 2015


WEATHER ITEM   OBSERVED TIME   RECORD YEAR NORMAL DEPARTURE LAST
                VALUE   (LST)  VALUE       VALUE  FROM      YEAR
                                                  NORMAL
..................................................................
TEMPERATURE (F)
 TODAY
  MAXIMUM         44    359 PM  70    2012  40      4       44
  MINIMUM         17    157 AM -11    1918  19     -2       26
  AVERAGE         31                        29      2       35

PRECIPITATION (IN)
  TODAY            0.00          0.55 1983   0.02  -0.02      T
  MONTH TO DATE    0.11                      0.55  -0.44     0.21
  SINCE DEC 1      0.85                      1.40  -0.55     0.75
  SINCE JAN 1      0.11                      0.55  -0.44     0.21

SNOWFALL (IN)
  TODAY            0.0           6.0  1983   0.2   -0.2      0.0
  MONTH TO DATE    1.3                       5.5   -4.2      2.0
  SINCE JAN 1      1.3                       5.5   -4.2      2.0
  SINCE JUL 1      7.4                      12.0   -4.6      8.3
  SNOW DEPTH       0

DEGREE DAYS
 HEATING
  TODAY           34                        36     -2       30
  MONTH TO DATE  996                      1094    -98     1134
  SINCE DEC 1   1971                      2179   -208     2305
  SINCE JUL 1   3134                      3271   -137     3361

 COOLING
  TODAY            0                         0      0        0
  MONTH TO DATE    0                         0      0        0
  SINCE DEC 1      0                         0      0        0
  SINCE JAN 1      0                         0      0        0
..................................................................


WIND (MPH)
  HIGHEST WIND SPEED    17   HIGHEST WIND DIRECTION     S (170)
  HIGHEST GUST SPEED    22   HIGHEST GUST DIRECTION     S (170)
  AVERAGE WIND SPEED     7.5



WEATHER CONDITIONS
 THE FOLLOWING WEATHER WAS RECORDED TODAY.
  FOG


RELATIVE HUMIDITY (PERCENT)
 HIGHEST    92           200 AM
 LOWEST     49           400 PM
 AVERAGE    71

..........................................................


THE CONCORDIA KS CLIMATE NORMALS FOR TOMORROW
                         NORMAL    RECORD    YEAR
 MAXIMUM TEMPERATURE (F)   40        74      1989
 MINIMUM TEMPERATURE (F)   19       -14      1918


SUNRISE AND SUNSET
JANUARY 30 2015.......SUNRISE   740 AM CST   SUNSET   548 PM CST
JANUARY 31 2015.......SUNRISE   739 AM CST   SUNSET   549 PM CST


-  INDICATES NEGATIVE NUMBERS.
R  INDICATES RECORD WAS SET OR TIED.
MM INDICATES DATA IS MISSING.
T  INDICATES TRACE AMOUNT.




$$
