000
CDUS43 KTOP 050637
CLICNK


CLIMATE REPORT
NATIONAL WEATHER SERVICE TOPEKA KS
1235 AM CST FRI FEB 5 2016


...................................

...THE CONCORDIA KS CLIMATE SUMMARY FOR FEBRUARY 4 2016...

CLIMATE NORMAL PERIOD 1981 TO 2010
CLIMATE RECORD PERIOD 1885 TO 2016


WEATHER ITEM   OBSERVED TIME   RECORD YEAR NORMAL DEPARTURE LAST
                VALUE   (LST)  VALUE       VALUE  FROM      YEAR
                                                  NORMAL
..................................................................
TEMPERATURE (F)
 YESTERDAY
  MAXIMUM         30    401 PM  73    1946  40    -10       36
  MINIMUM         16    805 AM -15    1905  20     -4        7
  AVERAGE         23                        30     -7       22

PRECIPITATION (IN)
  YESTERDAY        0.00          1.42 1892   0.02  -0.02     0.02
  MONTH TO DATE    0.49                      0.10   0.39     0.17
  SINCE DEC 1      4.18                      1.53   2.65     2.08
  SINCE JAN 1      1.54                      0.68   0.86     1.34

SNOWFALL (IN)
  YESTERDAY        0.0           5.6  2014   0.2   -0.2      0.3
                                      1971
  MONTH TO DATE    4.7                       0.9    3.8      0.9
  SINCE JAN 1     12.3                       6.6    5.7      3.2
  SINCE JUL 1     13.6                      13.1    0.5      9.3
  SNOW DEPTH       1

DEGREE DAYS
 HEATING
  YESTERDAY       42                        35      7       43
  MONTH TO DATE  141                       140      1      169
  SINCE DEC 1   2105                      2352   -247     2171
  SINCE JUL 1   2873                      3444   -571     3334

 COOLING
  YESTERDAY        0                         0      0        0
  MONTH TO DATE    0                         0      0        0
  SINCE DEC 1      0                         0      0        0
  SINCE JAN 1      0                         0      0        0
..................................................................


WIND (MPH)
  HIGHEST WIND SPEED    17   HIGHEST WIND DIRECTION     W (270)
  HIGHEST GUST SPEED    23   HIGHEST GUST DIRECTION     W (250)
  AVERAGE WIND SPEED     8.9


SKY COVER
  AVERAGE SKY COVER 0.0


WEATHER CONDITIONS
 THE FOLLOWING WEATHER WAS RECORDED YESTERDAY.
  NO SIGNIFICANT WEATHER WAS OBSERVED.


RELATIVE HUMIDITY (PERCENT)
 HIGHEST    84          1200 AM
 LOWEST     55          1100 AM
 AVERAGE    70

..........................................................


THE CONCORDIA KS CLIMATE NORMALS FOR TODAY
                         NORMAL    RECORD    YEAR
 MAXIMUM TEMPERATURE (F)   41        71      1963
 MINIMUM TEMPERATURE (F)   20       -11      1979


SUNRISE AND SUNSET
FEBRUARY  5 2016......SUNRISE   735 AM CST   SUNSET   555 PM CST
FEBRUARY  6 2016......SUNRISE   734 AM CST   SUNSET   556 PM CST


-  INDICATES NEGATIVE NUMBERS.
R  INDICATES RECORD WAS SET OR TIED.
MM INDICATES DATA IS MISSING.
T  INDICATES TRACE AMOUNT.




$$
