000
CDUS43 KTOP 252133
CLICNK


CLIMATE REPORT
NATIONAL WEATHER SERVICE TOPEKA KS
432 PM CDT THU AUG 25 2016


...................................

...THE CONCORDIA KS CLIMATE SUMMARY FOR AUGUST 25 2016...
VALID TODAY AS OF 430 PM LOCAL TIME.

CLIMATE NORMAL PERIOD 1981 TO 2010
CLIMATE RECORD PERIOD 1885 TO 2016


WEATHER ITEM   OBSERVED TIME   RECORD YEAR NORMAL DEPARTURE LAST
                VALUE   (LST)  VALUE       VALUE  FROM      YEAR
                                                  NORMAL
..................................................................
TEMPERATURE (F)
 TODAY
  MAXIMUM         77    248 PM 110    1936  87    -10       84
  MINIMUM         59    552 AM  47    1928  64     -5       50
  AVERAGE         68                        76     -8       67

PRECIPITATION (IN)
  TODAY            0.46          2.94 1935   0.10   0.36     0.00
  MONTH TO DATE    4.36                      2.57   1.79     3.76
  SINCE JUN 1     11.70                     10.54   1.16    13.44
  SINCE JAN 1     23.87                     20.53   3.34    21.52

SNOWFALL (IN)
  TODAY            0.0           0.0    MM   0.0    0.0      0.0
  MONTH TO DATE    0.0                       0.0    0.0      0.0
  SINCE JAN 1     12.3                      13.7   -1.4      5.6
  SINCE JUL 1      0.0                       0.0    0.0      0.0
  SNOW DEPTH       0

DEGREE DAYS
 HEATING
  TODAY            0                         0      0        0
  MONTH TO DATE    0                         0      0        2
  SINCE JUN 1      1                        13    -12        4
  SINCE JUL 1      1                         0      1        2

 COOLING
  TODAY            3                        11     -8        2
  MONTH TO DATE  299                       316    -17      235
  SINCE JUN 1   1166                      1017    149      940
  SINCE JAN 1   1226                      1106    120      995
..................................................................


WIND (MPH)
  HIGHEST WIND SPEED    16   HIGHEST WIND DIRECTION    NE (30)
  HIGHEST GUST SPEED    21   HIGHEST GUST DIRECTION     N (20)
  AVERAGE WIND SPEED     5.8



WEATHER CONDITIONS
 THE FOLLOWING WEATHER WAS RECORDED TODAY.
  THUNDERSTORM
  HEAVY RAIN
  RAIN
  LIGHT RAIN
  FOG


RELATIVE HUMIDITY (PERCENT)
 HIGHEST    93           100 AM
 LOWEST     50           300 PM
 AVERAGE    72

..........................................................


THE CONCORDIA KS CLIMATE NORMALS FOR TOMORROW
                         NORMAL    RECORD    YEAR
 MAXIMUM TEMPERATURE (F)   87       105      1936
 MINIMUM TEMPERATURE (F)   64        44      1910


SUNRISE AND SUNSET
AUGUST 25 2016........SUNRISE   653 AM CDT   SUNSET   811 PM CDT
AUGUST 26 2016........SUNRISE   654 AM CDT   SUNSET   810 PM CDT


-  INDICATES NEGATIVE NUMBERS.
R  INDICATES RECORD WAS SET OR TIED.
MM INDICATES DATA IS MISSING.
T  INDICATES TRACE AMOUNT.




$$
