000
CDUS43 KTOP 040638
CLICNK


CLIMATE REPORT
NATIONAL WEATHER SERVICE TOPEKA KS
138 AM CDT WED MAY 4 2016


...................................

...THE CONCORDIA KS CLIMATE SUMMARY FOR MAY 3 2016...

CLIMATE NORMAL PERIOD 1981 TO 2010
CLIMATE RECORD PERIOD 1885 TO 2016


WEATHER ITEM   OBSERVED TIME   RECORD YEAR NORMAL DEPARTURE LAST
                VALUE   (LST)  VALUE       VALUE  FROM      YEAR
                                                  NORMAL
..................................................................
TEMPERATURE (F)
 YESTERDAY
  MAXIMUM         73    324 PM  90    1959  70      3       89
  MINIMUM         39    601 AM  26    1907  48     -9       61
  AVERAGE         56                        59     -3       75

PRECIPITATION (IN)
  YESTERDAY        0.00          2.49 1913   0.11  -0.11      T
  MONTH TO DATE    0.01                      0.33  -0.32      T
  SINCE MAR 1      2.36                      4.79  -2.43     2.34
  SINCE JAN 1      3.92                      6.16  -2.24     3.86

SNOWFALL (IN)
  YESTERDAY        0.0           T    1967   0.0    0.0      0.0
  MONTH TO DATE    0.0                       0.0    0.0      0.0
  SINCE JAN 1     12.3                      13.7   -1.4      5.6
  SINCE JUL 1     13.6                      20.2   -6.6     11.7
  SNOW DEPTH       0

DEGREE DAYS
 HEATING
  YESTERDAY        9                         7      2        0
  MONTH TO DATE   38                        22     16        2
  SINCE MAR 1    792                      1079   -287      838
  SINCE JUL 1   4263                      5286  -1023     5045

 COOLING
  YESTERDAY        0                         1     -1       10
  MONTH TO DATE    0                         3     -3       17
  SINCE MAR 1     11                        20     -9       25
  SINCE JAN 1     11                        20     -9       25
..................................................................


WIND (MPH)
  HIGHEST WIND SPEED    15   HIGHEST WIND DIRECTION    NW (330)
  HIGHEST GUST SPEED    18   HIGHEST GUST DIRECTION    NW (320)
  AVERAGE WIND SPEED     5.9


SKY COVER
  AVERAGE SKY COVER 0.2


WEATHER CONDITIONS
 THE FOLLOWING WEATHER WAS RECORDED YESTERDAY.
  NO SIGNIFICANT WEATHER WAS OBSERVED.


RELATIVE HUMIDITY (PERCENT)
 HIGHEST    92           400 AM
 LOWEST     35           100 PM
 AVERAGE    64

..........................................................


THE CONCORDIA KS CLIMATE NORMALS FOR TODAY
                         NORMAL    RECORD    YEAR
 MAXIMUM TEMPERATURE (F)   71        90      1952
                                             1943
 MINIMUM TEMPERATURE (F)   48        28      1907


SUNRISE AND SUNSET
MAY  4 2016...........SUNRISE   627 AM CDT   SUNSET   828 PM CDT
MAY  5 2016...........SUNRISE   626 AM CDT   SUNSET   829 PM CDT


-  INDICATES NEGATIVE NUMBERS.
R  INDICATES RECORD WAS SET OR TIED.
MM INDICATES DATA IS MISSING.
T  INDICATES TRACE AMOUNT.




$$
