000
CDUS43 KTOP 262133
CLICNK


CLIMATE REPORT
NATIONAL WEATHER SERVICE TOPEKA KS
433 PM CDT SUN OCT 26 2014


...................................

...THE CONCORDIA KS CLIMATE SUMMARY FOR OCTOBER 26 2014...
VALID TODAY AS OF 0400 PM LOCAL TIME.

CLIMATE NORMAL PERIOD 1981 TO 2010
CLIMATE RECORD PERIOD 1885 TO 2014


WEATHER ITEM   OBSERVED TIME   RECORD YEAR NORMAL DEPARTURE LAST
                VALUE   (LST)  VALUE       VALUE  FROM      YEAR
                                                  NORMAL
..................................................................
TEMPERATURE (F)
 TODAY
  MAXIMUM         84    232 PM  89    1939  63     21       59
  MINIMUM         55    612 AM  20    1898  40     15       36
  AVERAGE         70                        52     18       48

PRECIPITATION (IN)
  TODAY            0.00          0.41 1992   0.06  -0.06     0.00
  MONTH TO DATE    2.44                      1.68   0.76     0.75
  SINCE SEP 1      5.69                      4.59   1.10     1.88
  SINCE JAN 1     26.35                     25.69   0.66    25.45

SNOWFALL (IN)
  TODAY            0.0           0.1  1976   0.0    0.0      0.0
  MONTH TO DATE    0.0                       0.1   -0.1      0.0
  SINCE JAN 1     16.9                      13.8    3.1     20.3
  SINCE JUL 1      0.0                       0.1   -0.1      0.0
  SNOW DEPTH       0

DEGREE DAYS
 HEATING
  TODAY            0                        14    -14       17
  MONTH TO DATE  176                       245    -69      253
  SINCE SEP 1    258                       315    -57      267
  SINCE JUL 1    260                       318    -58      274

 COOLING
  TODAY            5                         0      5        0
  MONTH TO DATE   24                        20      4       32
  SINCE SEP 1    159                       180    -21      274
  SINCE JAN 1   1368                      1346     22     1359
..................................................................


WIND (MPH)
  HIGHEST WIND SPEED    23   HIGHEST WIND DIRECTION     S (190)
  HIGHEST GUST SPEED    29   HIGHEST GUST DIRECTION    SW (210)
  AVERAGE WIND SPEED    10.9



WEATHER CONDITIONS
 THE FOLLOWING WEATHER WAS RECORDED TODAY.
  LIGHT RAIN
  FOG


RELATIVE HUMIDITY (PERCENT)
 HIGHEST   100           400 AM
 LOWEST     37           200 PM
 AVERAGE    69

..........................................................


THE CONCORDIA KS CLIMATE NORMALS FOR TOMORROW
                         NORMAL    RECORD    YEAR
 MAXIMUM TEMPERATURE (F)   63        89      1922
 MINIMUM TEMPERATURE (F)   40        20      1913


SUNRISE AND SUNSET
OCTOBER 26 2014.......SUNRISE   752 AM CDT   SUNSET   636 PM CDT
OCTOBER 27 2014.......SUNRISE   753 AM CDT   SUNSET   635 PM CDT


-  INDICATES NEGATIVE NUMBERS.
R  INDICATES RECORD WAS SET OR TIED.
MM INDICATES DATA IS MISSING.
T  INDICATES TRACE AMOUNT.




$$
