000
CDUS43 KTOP 150633
CLICNK


CLIMATE REPORT
NATIONAL WEATHER SERVICE TOPEKA KS
131 AM CDT TUE APR 15 2014


...................................

...THE CONCORDIA KS CLIMATE SUMMARY FOR APRIL 14 2014...

CLIMATE NORMAL PERIOD 1981 TO 2010
CLIMATE RECORD PERIOD 1885 TO 2014


WEATHER ITEM   OBSERVED TIME   RECORD YEAR NORMAL DEPARTURE LAST
                VALUE   (LST)  VALUE       VALUE  FROM      YEAR
                                                  NORMAL
..................................................................
TEMPERATURE (F)
 YESTERDAY
  MAXIMUM         49    436 PM  90    2002  65    -16       67
  MINIMUM         29   1157 PM  22    1928  41    -12       41
  AVERAGE         39                        53    -14       54

PRECIPITATION (IN)
  YESTERDAY        T             2.30 1999   0.08  -0.08     0.00
  MONTH TO DATE    0.56                      1.06  -0.50     0.63
  SINCE MAR 1      0.79                      3.07  -2.28     1.52
  SINCE JAN 1      1.98                      4.44  -2.46     3.00

SNOWFALL (IN)
  YESTERDAY       MM             T    1983   0.0   MM        0.0
  MONTH TO DATE    T                         0.4   -0.4       T
  SINCE JAN 1     16.9                      13.6    3.3     17.9
  SINCE JUL 1     23.2                      20.1    3.1     26.4
  SNOW DEPTH       0

DEGREE DAYS
 HEATING
  YESTERDAY       26                        13     13       11
  MONTH TO DATE  211                       207      4      246
  SINCE MAR 1   1007                       891    116     1063
  SINCE JUL 1   5489                      5098    391     5082

 COOLING
  YESTERDAY        0                         0      0        0
  MONTH TO DATE    8                         0      8        0
  SINCE MAR 1      8                         1      7        0
  SINCE JAN 1      8                         1      7        0
..................................................................


WIND (MPH)
  HIGHEST WIND SPEED    31   HIGHEST WIND DIRECTION     N (350)
  HIGHEST GUST SPEED    43   HIGHEST GUST DIRECTION     N (350)
  AVERAGE WIND SPEED    16.7


SKY COVER
  AVERAGE SKY COVER 0.6


WEATHER CONDITIONS
 THE FOLLOWING WEATHER WAS RECORDED YESTERDAY.
  LIGHT RAIN


RELATIVE HUMIDITY (PERCENT)
 HIGHEST    78          1100 PM
 LOWEST     28           300 PM
 AVERAGE    53

..........................................................


THE CONCORDIA KS CLIMATE NORMALS FOR TODAY
                         NORMAL    RECORD    YEAR
 MAXIMUM TEMPERATURE (F)   65        91      1896
 MINIMUM TEMPERATURE (F)   41        24      1905


SUNRISE AND SUNSET
APRIL 15 2014.........SUNRISE   653 AM CDT   SUNSET   809 PM CDT
APRIL 16 2014.........SUNRISE   652 AM CDT   SUNSET   810 PM CDT


-  INDICATES NEGATIVE NUMBERS.
R  INDICATES RECORD WAS SET OR TIED.
MM INDICATES DATA IS MISSING.
T  INDICATES TRACE AMOUNT.




$$
