516
CDUS43 KTOP 152243
CLICNK


CLIMATE REPORT
NATIONAL WEATHER SERVICE TOPEKA KS
443 PM CST THU FEB 15 2018


...................................

...THE CONCORDIA KS CLIMATE SUMMARY FOR FEBRUARY 15 2018...
VALID TODAY AS OF 0400 PM LOCAL TIME.

CLIMATE NORMAL PERIOD 1981 TO 2010
CLIMATE RECORD PERIOD 1885 TO 2018


WEATHER ITEM   OBSERVED TIME   RECORD YEAR NORMAL DEPARTURE LAST
                VALUE   (LST)  VALUE       VALUE  FROM      YEAR
                                                  NORMAL
..................................................................
TEMPERATURE (F)
 TODAY
  MAXIMUM         59    246 AM  75    1921  43     16       59
  MINIMUM         36    717 AM  -6    1936  22     14       25
                                      1905
  AVERAGE         48                        33     15       42

PRECIPITATION (IN)
  TODAY            0.00          0.63 1938   0.02  -0.02     0.00
  MONTH TO DATE    0.27                      0.39  -0.12     0.02
  SINCE DEC 1      0.82                      1.82  -1.00     2.70
  SINCE JAN 1      0.69                      0.97  -0.28     1.77

SNOWFALL (IN)
  TODAY            0.0           3.6  1993   0.2   -0.2      0.0
  MONTH TO DATE    4.5                       3.2    1.3       T
  SINCE JAN 1      8.1                       8.9   -0.8      1.0
  SINCE JUL 1      9.9                      15.4   -5.5      3.2
  SNOW DEPTH       0

DEGREE DAYS
 HEATING
  TODAY           17                        32    -15       23
  MONTH TO DATE  595                       511     84      432
  SINCE DEC 1   2750                      2723     27     2578
  SINCE JUL 1   3687                      3815   -128     3275

 COOLING
  TODAY            0                         0      0        0
  MONTH TO DATE    0                         0      0        0
  SINCE DEC 1      0                         0      0        0
  SINCE JAN 1      0                         0      0        0
..................................................................


WIND (MPH)
  HIGHEST WIND SPEED    20   HIGHEST WIND DIRECTION     S (190)
  HIGHEST GUST SPEED    25   HIGHEST GUST DIRECTION     S (180)
  AVERAGE WIND SPEED    11.2



WEATHER CONDITIONS
 THE FOLLOWING WEATHER WAS RECORDED TODAY.
  NO SIGNIFICANT WEATHER WAS OBSERVED.


RELATIVE HUMIDITY (PERCENT)
 HIGHEST    92           700 AM
 LOWEST     41          1200 PM
 AVERAGE    67

..........................................................


THE CONCORDIA KS CLIMATE NORMALS FOR TOMORROW
                         NORMAL    RECORD    YEAR
 MAXIMUM TEMPERATURE (F)   43        75      2017
 MINIMUM TEMPERATURE (F)   22       -12      1903


SUNRISE AND SUNSET
FEBRUARY 15 2018......SUNRISE   723 AM CST   SUNSET   607 PM CST
FEBRUARY 16 2018......SUNRISE   721 AM CST   SUNSET   608 PM CST


-  INDICATES NEGATIVE NUMBERS.
R  INDICATES RECORD WAS SET OR TIED.
MM INDICATES DATA IS MISSING.
T  INDICATES TRACE AMOUNT.




$$
