000
CDUS43 KTOP 280633
CLICNK


CLIMATE REPORT
NATIONAL WEATHER SERVICE TOPEKA KS
1232 AM CST SAT FEB 28 2015


...................................

...THE CONCORDIA KS CLIMATE SUMMARY FOR FEBRUARY 27 2015...

CLIMATE NORMAL PERIOD 1981 TO 2010
CLIMATE RECORD PERIOD 1885 TO 2015


WEATHER ITEM   OBSERVED TIME   RECORD YEAR NORMAL DEPARTURE LAST
                VALUE   (LST)  VALUE       VALUE  FROM      YEAR
                                                  NORMAL
..................................................................
TEMPERATURE (F)
 YESTERDAY
  MAXIMUM         20    410 PM  75    1976  48    -28       35
  MINIMUM          3    713 AM  -5    1890  26    -23       14
  AVERAGE         12                        37    -25       25

PRECIPITATION (IN)
  YESTERDAY        T             1.82 1948   0.04  -0.04     0.00
  MONTH TO DATE    0.27                      0.76  -0.49     0.76
  SINCE DEC 1      2.18                      2.19  -0.01     1.73
  SINCE JAN 1      1.44                      1.34   0.10     1.19

SNOWFALL (IN)
  YESTERDAY        T             2.3  2001   0.0    0.0      0.0
  MONTH TO DATE    1.7                       4.6   -2.9      9.1
  SINCE JAN 1      4.0                      10.3   -6.3     14.7
  SINCE JUL 1     10.1                      16.8   -6.7     21.0
  SNOW DEPTH       0

DEGREE DAYS
 HEATING
  YESTERDAY       53                        28     25       40
  MONTH TO DATE  991                       873    118     1050
  SINCE DEC 1   2993                      3085    -92     3399
  SINCE JUL 1   4156                      4177    -21     4455

 COOLING
  YESTERDAY        0                         0      0        0
  MONTH TO DATE    0                         0      0        0
  SINCE DEC 1      0                         0      0        0
  SINCE JAN 1      0                         0      0        0
..................................................................


WIND (MPH)
  HIGHEST WIND SPEED    14   HIGHEST WIND DIRECTION     S (170)
  HIGHEST GUST SPEED    17   HIGHEST GUST DIRECTION     S (160)
  AVERAGE WIND SPEED     4.5


SKY COVER
  AVERAGE SKY COVER 0.2


WEATHER CONDITIONS
 THE FOLLOWING WEATHER WAS RECORDED YESTERDAY.
  LIGHT SNOW


RELATIVE HUMIDITY (PERCENT)
 HIGHEST    87           200 AM
 LOWEST     45           400 PM
 AVERAGE    66

..........................................................


THE CONCORDIA KS CLIMATE NORMALS FOR TODAY
                         NORMAL    RECORD    YEAR
 MAXIMUM TEMPERATURE (F)   48        81      1972
 MINIMUM TEMPERATURE (F)   26        -7      1890


SUNRISE AND SUNSET
FEBRUARY 28 2015......SUNRISE   705 AM CST   SUNSET   622 PM CST
MARCH  1 2015.........SUNRISE   704 AM CST   SUNSET   623 PM CST


-  INDICATES NEGATIVE NUMBERS.
R  INDICATES RECORD WAS SET OR TIED.
MM INDICATES DATA IS MISSING.
T  INDICATES TRACE AMOUNT.




$$
