518
CDUS43 KTOP 080641
CLICNK


CLIMATE REPORT
NATIONAL WEATHER SERVICE TOPEKA KS
1238 AM CST THU DEC 8 2016


...................................

...THE CONCORDIA KS CLIMATE SUMMARY FOR DECEMBER 7 2016...

CLIMATE NORMAL PERIOD 1981 TO 2010
CLIMATE RECORD PERIOD 1885 TO 2016


WEATHER ITEM   OBSERVED TIME   RECORD YEAR NORMAL DEPARTURE LAST
                VALUE   (LST)  VALUE       VALUE  FROM      YEAR
                                                  NORMAL
..................................................................
TEMPERATURE (F)
 YESTERDAY
  MAXIMUM         29   1225 AM  69    1894  41    -12       53
  MINIMUM         14   1112 PM  -5    1909  22     -8       36
  AVERAGE         22                        32    -10       45

PRECIPITATION (IN)
  YESTERDAY        0.03          0.81 1980   0.03   0.00     0.00
  MONTH TO DATE    0.48                      0.23   0.25      T
  SINCE DEC 1      0.48                      0.23   0.25      T
  SINCE JAN 1     29.57                     27.27   2.30    26.71

SNOWFALL (IN)
  YESTERDAY        0.4           2.4  2005   0.1    0.3      0.0
  MONTH TO DATE    0.4                       0.8   -0.4       T
  SINCE JAN 1     12.7                      17.2   -4.5      6.9
  SINCE JUL 1      0.4                       3.5   -3.1      1.3
  SNOW DEPTH       0

DEGREE DAYS
 HEATING
  YESTERDAY       43                        33     10       20
  MONTH TO DATE  222                       226     -4      169
  SINCE DEC 1    222                       226     -4      169
  SINCE JUL 1    919                      1318   -399      937

 COOLING
  YESTERDAY        0                         0      0        0
  MONTH TO DATE    0                         0      0        0
  SINCE DEC 1      0                         0      0        0
  SINCE JAN 1   1540                      1349    191     1375
..................................................................


WIND (MPH)
  HIGHEST WIND SPEED    17   HIGHEST WIND DIRECTION     N (340)
  HIGHEST GUST SPEED    22   HIGHEST GUST DIRECTION     N (20)
  AVERAGE WIND SPEED    10.2


SKY COVER
  AVERAGE SKY COVER 0.5


WEATHER CONDITIONS
 THE FOLLOWING WEATHER WAS RECORDED YESTERDAY.
  LIGHT SNOW
  FOG


RELATIVE HUMIDITY (PERCENT)
 HIGHEST    84           800 AM
 LOWEST     55           200 AM
 AVERAGE    70

..........................................................


THE CONCORDIA KS CLIMATE NORMALS FOR TODAY
                         NORMAL    RECORD    YEAR
 MAXIMUM TEMPERATURE (F)   41        67      1918
 MINIMUM TEMPERATURE (F)   22        -6      1927
                                             1909


SUNRISE AND SUNSET
DECEMBER  8 2016......SUNRISE   739 AM CST   SUNSET   507 PM CST
DECEMBER  9 2016......SUNRISE   740 AM CST   SUNSET   507 PM CST


-  INDICATES NEGATIVE NUMBERS.
R  INDICATES RECORD WAS SET OR TIED.
MM INDICATES DATA IS MISSING.
T  INDICATES TRACE AMOUNT.

$$
