000
CDUS43 KTOP 280640
CLICNK


CLIMATE REPORT
NATIONAL WEATHER SERVICE TOPEKA KS
139 AM CDT MON JUL 28 2014


...................................

...THE CONCORDIA KS CLIMATE SUMMARY FOR JULY 27 2014...

CLIMATE NORMAL PERIOD 1981 TO 2010
CLIMATE RECORD PERIOD 1885 TO 2014


WEATHER ITEM   OBSERVED TIME   RECORD YEAR NORMAL DEPARTURE LAST
                VALUE   (LST)  VALUE       VALUE  FROM      YEAR
                                                  NORMAL
..................................................................
TEMPERATURE (F)
 YESTERDAY
  MAXIMUM         88    337 PM 109    1931  91     -3       68
  MINIMUM         67   1159 PM  52    2005  68     -1       55
  AVERAGE         78                        79     -1       62

PRECIPITATION (IN)
  YESTERDAY        0.00          2.50 1907   0.11  -0.11     0.42
  MONTH TO DATE    0.97                      3.48  -2.51     2.24
  SINCE JUN 1      7.67                      7.53   0.14     3.52
  SINCE JAN 1     13.50                     17.52  -4.02    14.91

SNOWFALL (IN)
  YESTERDAY        0.0           0.0    MM   0.0    0.0      0.0
  MONTH TO DATE    0.0                       0.0    0.0      0.0
  SINCE JAN 1     16.9                      13.7    3.2     20.3
  SINCE JUL 1      0.0                       0.0    0.0      0.0
  SNOW DEPTH       0

DEGREE DAYS
 HEATING
  YESTERDAY        0                         0      0        3
  MONTH TO DATE    2                         0      2        3
  SINCE JUN 1      3                        13    -10       18
  SINCE JUL 1      2                         0      2        3

 COOLING
  YESTERDAY       13                        14     -1        0
  MONTH TO DATE  337                       374    -37      336
  SINCE JUN 1    624                       639    -15      632
  SINCE JAN 1    799                       728     71      735
..................................................................


WIND (MPH)
  HIGHEST WIND SPEED    22   HIGHEST WIND DIRECTION     N (340)
  HIGHEST GUST SPEED    31   HIGHEST GUST DIRECTION     N (350)
  AVERAGE WIND SPEED     8.1


SKY COVER
  AVERAGE SKY COVER 0.0


WEATHER CONDITIONS
 THE FOLLOWING WEATHER WAS RECORDED YESTERDAY.
  FOG


RELATIVE HUMIDITY (PERCENT)
 HIGHEST   100           400 AM
 LOWEST     29           200 PM
 AVERAGE    65

..........................................................


THE CONCORDIA KS CLIMATE NORMALS FOR TODAY
                         NORMAL    RECORD    YEAR
 MAXIMUM TEMPERATURE (F)   91       105      1980
                                             1940
                                             1931
 MINIMUM TEMPERATURE (F)   68        54      1994
                                             1984


SUNRISE AND SUNSET
JULY 28 2014..........SUNRISE   626 AM CDT   SUNSET   847 PM CDT
JULY 29 2014..........SUNRISE   627 AM CDT   SUNSET   846 PM CDT


-  INDICATES NEGATIVE NUMBERS.
R  INDICATES RECORD WAS SET OR TIED.
MM INDICATES DATA IS MISSING.
T  INDICATES TRACE AMOUNT.




$$
