000
CDUS43 KTOP 270636
CLICNK


CLIMATE REPORT
NATIONAL WEATHER SERVICE TOPEKA KS
135 AM CDT THU AUG 27 2015


...................................

...THE CONCORDIA KS CLIMATE SUMMARY FOR AUGUST 26 2015...

CLIMATE NORMAL PERIOD 1981 TO 2010
CLIMATE RECORD PERIOD 1885 TO 2015


WEATHER ITEM   OBSERVED TIME   RECORD YEAR NORMAL DEPARTURE LAST
                VALUE   (LST)  VALUE       VALUE  FROM      YEAR
                                                  NORMAL
..................................................................
TEMPERATURE (F)
 YESTERDAY
  MAXIMUM         88    150 PM 105    1936  87      1       87
  MINIMUM         53    605 AM  44    1910  64    -11       63
  AVERAGE         71                        76     -5       75

PRECIPITATION (IN)
  YESTERDAY        0.00          2.54 1908   0.09  -0.09     0.12
  MONTH TO DATE    3.76                      2.66   1.10     5.02
  SINCE JUN 1     13.44                     10.63   2.81    12.86
  SINCE JAN 1     21.52                     20.62   0.90    18.69

SNOWFALL (IN)
  YESTERDAY        0.0           0.0    MM   0.0    0.0      0.0
  MONTH TO DATE    0.0                       0.0    0.0      0.0
  SINCE JAN 1      5.6                      13.7   -8.1     16.9
  SINCE JUL 1      0.0                       0.0    0.0      0.0
  SNOW DEPTH       0

DEGREE DAYS
 HEATING
  YESTERDAY        0                         0      0        0
  MONTH TO DATE    2                         0      2        0
  SINCE JUN 1      4                        13     -9        3
  SINCE JUL 1      2                         0      2        2

 COOLING
  YESTERDAY        6                        11     -5       10
  MONTH TO DATE  241                       327    -86      329
  SINCE JUN 1    946                      1028    -82      978
  SINCE JAN 1   1001                      1117   -116     1153
..................................................................


WIND (MPH)
  HIGHEST WIND SPEED    20   HIGHEST WIND DIRECTION    SE (130)
  HIGHEST GUST SPEED    27   HIGHEST GUST DIRECTION    SE (150)
  AVERAGE WIND SPEED     8.0


SKY COVER
  AVERAGE SKY COVER 0.0


WEATHER CONDITIONS
 THE FOLLOWING WEATHER WAS RECORDED YESTERDAY.
  NO SIGNIFICANT WEATHER WAS OBSERVED.


RELATIVE HUMIDITY (PERCENT)
 HIGHEST    93           200 AM
 LOWEST     48           100 PM
 AVERAGE    71

..........................................................


THE CONCORDIA KS CLIMATE NORMALS FOR TODAY
                         NORMAL    RECORD    YEAR
 MAXIMUM TEMPERATURE (F)   87       107      1913
 MINIMUM TEMPERATURE (F)   64        47      1906


SUNRISE AND SUNSET
AUGUST 27 2015........SUNRISE   654 AM CDT   SUNSET   810 PM CDT
AUGUST 28 2015........SUNRISE   655 AM CDT   SUNSET   808 PM CDT


-  INDICATES NEGATIVE NUMBERS.
R  INDICATES RECORD WAS SET OR TIED.
MM INDICATES DATA IS MISSING.
T  INDICATES TRACE AMOUNT.




$$
