000
CDUS43 KTOP 220631
CLICNK


CLIMATE REPORT
NATIONAL WEATHER SERVICE TOPEKA KS
131 AM CDT MON MAY 22 2017


...................................

...THE CONCORDIA KS CLIMATE SUMMARY FOR MAY 21 2017...

CLIMATE NORMAL PERIOD 1981 TO 2010
CLIMATE RECORD PERIOD 1885 TO 2017


WEATHER ITEM   OBSERVED TIME   RECORD YEAR NORMAL DEPARTURE LAST
                VALUE   (LST)  VALUE       VALUE  FROM      YEAR
                                                  NORMAL
..................................................................
TEMPERATURE (F)
 YESTERDAY
  MAXIMUM         72    429 PM  96    2005  76     -4       68
  MINIMUM         38    527 AM  36    1968  54    -16       52
                                      1892
  AVERAGE         55                        65    -10       60

PRECIPITATION (IN)
  YESTERDAY        0.00          2.14 1989   0.15  -0.15     0.00
  MONTH TO DATE    6.59                      2.73   3.86     4.77
  SINCE MAR 1     15.12                      7.19   7.93     7.12
  SINCE JAN 1     16.97                      8.56   8.41     8.68

SNOWFALL (IN)
  YESTERDAY        0.0           T    1952   0.0    0.0      0.0
  MONTH TO DATE    T                         0.0    0.0      0.0
  SINCE JAN 1      2.1                      13.7  -11.6     12.3
  SINCE JUL 1      4.3                      20.2  -15.9     13.6
  SNOW DEPTH       0

DEGREE DAYS
 HEATING
  YESTERDAY       10                         3      7        5
  MONTH TO DATE  120                       108     12      139
  SINCE MAR 1   1037                      1165   -128      893
  SINCE JUL 1   4538                      5372   -834     4364

 COOLING
  YESTERDAY        0                         3     -3        0
  MONTH TO DATE   50                        34     16        8
  SINCE MAR 1     69                        51     18       19
  SINCE JAN 1     69                        51     18       19
..................................................................


WIND (MPH)
  HIGHEST WIND SPEED    17   HIGHEST WIND DIRECTION     W (270)
  HIGHEST GUST SPEED    27   HIGHEST GUST DIRECTION     W (270)
  AVERAGE WIND SPEED     9.6


SKY COVER
  AVERAGE SKY COVER 0.2


WEATHER CONDITIONS
 THE FOLLOWING WEATHER WAS RECORDED YESTERDAY.
  NO SIGNIFICANT WEATHER WAS OBSERVED.


RELATIVE HUMIDITY (PERCENT)
 HIGHEST   100           400 AM
 LOWEST     38           300 PM
 AVERAGE    69

..........................................................


THE CONCORDIA KS CLIMATE NORMALS FOR TODAY
                         NORMAL    RECORD    YEAR
 MAXIMUM TEMPERATURE (F)   76        94      1966
 MINIMUM TEMPERATURE (F)   54        35      1963


SUNRISE AND SUNSET
MAY 22 2017...........SUNRISE   611 AM CDT   SUNSET   844 PM CDT
MAY 23 2017...........SUNRISE   610 AM CDT   SUNSET   845 PM CDT


-  INDICATES NEGATIVE NUMBERS.
R  INDICATES RECORD WAS SET OR TIED.
MM INDICATES DATA IS MISSING.
T  INDICATES TRACE AMOUNT.




$$
