000
CDUS43 KTOP 310633
CLICNK


CLIMATE REPORT
NATIONAL WEATHER SERVICE TOPEKA KS
132 AM CDT MON AUG 31 2015


...................................

...THE CONCORDIA KS CLIMATE SUMMARY FOR AUGUST 30 2015...

CLIMATE NORMAL PERIOD 1981 TO 2010
CLIMATE RECORD PERIOD 1885 TO 2015


WEATHER ITEM   OBSERVED TIME   RECORD YEAR NORMAL DEPARTURE LAST
                VALUE   (LST)  VALUE       VALUE  FROM      YEAR
                                                  NORMAL
..................................................................
TEMPERATURE (F)
 YESTERDAY
  MAXIMUM         78    412 PM 104    1947  86     -8       87
                                      1913
  MINIMUM         56    341 AM  43    1915  63     -7       62
  AVERAGE         67                        74     -7       75

PRECIPITATION (IN)
  YESTERDAY        0.00          1.09 1932   0.09  -0.09     0.00
  MONTH TO DATE    4.20                      3.04   1.16     5.76
  SINCE JUN 1     13.88                     11.01   2.87    13.60
  SINCE JAN 1     21.96                     21.00   0.96    19.43

SNOWFALL (IN)
  YESTERDAY        0.0           T    1931   0.0    0.0      0.0
  MONTH TO DATE    0.0                       0.0    0.0      0.0
  SINCE JAN 1      5.6                      13.7   -8.1     16.9
  SINCE JUL 1      0.0                       0.0    0.0      0.0
  SNOW DEPTH       0

DEGREE DAYS
 HEATING
  YESTERDAY        0                         0      0        0
  MONTH TO DATE    2                         0      2        0
  SINCE JUN 1      4                        13     -9        3
  SINCE JUL 1      2                         0      2        2

 COOLING
  YESTERDAY        2                        10     -8       10
  MONTH TO DATE  268                       367    -99      370
  SINCE JUN 1    973                      1068    -95     1019
  SINCE JAN 1   1028                      1157   -129     1194
..................................................................


WIND (MPH)
  HIGHEST WIND SPEED    16   HIGHEST WIND DIRECTION    SE (140)
  HIGHEST GUST SPEED    20   HIGHEST GUST DIRECTION    SE (120)
  AVERAGE WIND SPEED     5.5


SKY COVER
  AVERAGE SKY COVER 0.4


WEATHER CONDITIONS
 THE FOLLOWING WEATHER WAS RECORDED YESTERDAY.
  FOG
  FOG W/VISIBILITY <= 1/4 MILE


RELATIVE HUMIDITY (PERCENT)
 HIGHEST   100           200 AM
 LOWEST     67           300 PM
 AVERAGE    84

..........................................................


THE CONCORDIA KS CLIMATE NORMALS FOR TODAY
                         NORMAL    RECORD    YEAR
 MAXIMUM TEMPERATURE (F)   86       105      1990
 MINIMUM TEMPERATURE (F)   62        44      2009
                                             1893


SUNRISE AND SUNSET
AUGUST 31 2015........SUNRISE   658 AM CDT   SUNSET   803 PM CDT
SEPTEMBER  1 2015.....SUNRISE   659 AM CDT   SUNSET   802 PM CDT


-  INDICATES NEGATIVE NUMBERS.
R  INDICATES RECORD WAS SET OR TIED.
MM INDICATES DATA IS MISSING.
T  INDICATES TRACE AMOUNT.




$$
