000
CDUS43 KTOP 112245
CLICNK


CLIMATE REPORT
NATIONAL WEATHER SERVICE TOPEKA KS
444 PM CST THU JAN 11 2018


...................................

...THE CONCORDIA KS CLIMATE SUMMARY FOR JANUARY 11 2018...
VALID TODAY AS OF 0400 PM LOCAL TIME.

CLIMATE NORMAL PERIOD 1981 TO 2010
CLIMATE RECORD PERIOD 1885 TO 2018


WEATHER ITEM   OBSERVED TIME   RECORD YEAR NORMAL DEPARTURE LAST
                VALUE   (LST)  VALUE       VALUE  FROM      YEAR
                                                  NORMAL
..................................................................
TEMPERATURE (F)
 TODAY
  MAXIMUM         41   1205 AM  63    1986  38      3       48
  MINIMUM         10   1125 AM -20    1918  19     -9       15
  AVERAGE         26                        28     -2       32

PRECIPITATION (IN)
  TODAY            0.17          0.44 1890   0.01   0.16     0.00
  MONTH TO DATE    0.17                      0.16   0.01     0.11
  SINCE DEC 1      0.30                      1.01  -0.71     1.04
  SINCE JAN 1      0.17                      0.16   0.01     0.11

SNOWFALL (IN)
  TODAY            1.7           2.0  1963   0.1    1.6      0.0
  MONTH TO DATE    1.7                       1.8   -0.1      1.0
  SINCE JAN 1      1.7                       1.8   -0.1      1.0
  SINCE JUL 1      3.5                       8.3   -4.8      3.2
  SNOW DEPTH       T

DEGREE DAYS
 HEATING
  TODAY           39                        37      2       33
  MONTH TO DATE  422                       407     15      453
  SINCE DEC 1   1458                      1492    -34     1557
  SINCE JUL 1   2395                      2584   -189     2254

 COOLING
  TODAY            0                         0      0        0
  MONTH TO DATE    0                         0      0        0
  SINCE DEC 1      0                         0      0        0
  SINCE JAN 1      0                         0      0        0
..................................................................


WIND (MPH)
  HIGHEST WIND SPEED    37   HIGHEST WIND DIRECTION     N (350)
  HIGHEST GUST SPEED    46   HIGHEST GUST DIRECTION     N (340)
  AVERAGE WIND SPEED    21.4



WEATHER CONDITIONS
 THE FOLLOWING WEATHER WAS RECORDED TODAY.
  LT FREEZING RAIN
  SNOW
  LIGHT SNOW
  FOG
  BLOWING SNOW


RELATIVE HUMIDITY (PERCENT)
 HIGHEST    88           600 AM
 LOWEST     56           400 PM
 AVERAGE    72

..........................................................


THE CONCORDIA KS CLIMATE NORMALS FOR TOMORROW
                         NORMAL    RECORD    YEAR
 MAXIMUM TEMPERATURE (F)   38        61      1987
                                             1928
 MINIMUM TEMPERATURE (F)   19       -21      1912


SUNRISE AND SUNSET
JANUARY 11 2018.......SUNRISE   751 AM CST   SUNSET   527 PM CST
JANUARY 12 2018.......SUNRISE   750 AM CST   SUNSET   528 PM CST


-  INDICATES NEGATIVE NUMBERS.
R  INDICATES RECORD WAS SET OR TIED.
MM INDICATES DATA IS MISSING.
T  INDICATES TRACE AMOUNT.




$$
