000
CDUS43 KTOP 190631
CLICNK


CLIMATE REPORT
NATIONAL WEATHER SERVICE TOPEKA KS
131 AM CDT SUN MAR 19 2017


...................................

...THE CONCORDIA KS CLIMATE SUMMARY FOR MARCH 18 2017...

CLIMATE NORMAL PERIOD 1981 TO 2010
CLIMATE RECORD PERIOD 1885 TO 2017


WEATHER ITEM   OBSERVED TIME   RECORD YEAR NORMAL DEPARTURE LAST
                VALUE   (LST)  VALUE       VALUE  FROM      YEAR
                                                  NORMAL
..................................................................
TEMPERATURE (F)
 YESTERDAY
  MAXIMUM         66    443 PM  87    1921  56     10       49
  MINIMUM         34    630 AM  -2    1923  32      2       30
  AVERAGE         50                        44      6       40

PRECIPITATION (IN)
  YESTERDAY        0.00          1.54 1952   0.07  -0.07      T
  MONTH TO DATE    0.07                      1.00  -0.93     0.12
  SINCE MAR 1      0.07                      1.00  -0.93     0.12
  SINCE JAN 1      1.92                      2.37  -0.45     1.68

SNOWFALL (IN)
  YESTERDAY        0.0           3.1  1984   0.1   -0.1      0.0
  MONTH TO DATE    0.8                       1.4   -0.6      0.0
  SINCE JAN 1      2.1                      11.8   -9.7     12.3
  SINCE JUL 1      4.3                      18.3  -14.0     13.6
  SNOW DEPTH       0

DEGREE DAYS
 HEATING
  YESTERDAY       15                        21     -6       25
  MONTH TO DATE  378                       437    -59      261
  SINCE MAR 1    378                       437    -59      261
  SINCE JUL 1   3879                      4644   -765     3732

 COOLING
  YESTERDAY        0                         0      0        0
  MONTH TO DATE    0                         0      0        3
  SINCE MAR 1      0                         0      0        3
  SINCE JAN 1      0                         0      0        3
..................................................................


WIND (MPH)
  HIGHEST WIND SPEED    18   HIGHEST WIND DIRECTION    SE (140)
  HIGHEST GUST SPEED    25   HIGHEST GUST DIRECTION    SE (140)
  AVERAGE WIND SPEED     7.9


SKY COVER
  AVERAGE SKY COVER 0.0


WEATHER CONDITIONS
 THE FOLLOWING WEATHER WAS RECORDED YESTERDAY.
  HAZE


RELATIVE HUMIDITY (PERCENT)
 HIGHEST    70           600 AM
 LOWEST     20           100 PM
 AVERAGE    45

..........................................................


THE CONCORDIA KS CLIMATE NORMALS FOR TODAY
                         NORMAL    RECORD    YEAR
 MAXIMUM TEMPERATURE (F)   56        81      1921
 MINIMUM TEMPERATURE (F)   32         0      1923


SUNRISE AND SUNSET
MARCH 19 2017.........SUNRISE   735 AM CDT   SUNSET   742 PM CDT
MARCH 20 2017.........SUNRISE   734 AM CDT   SUNSET   743 PM CDT


-  INDICATES NEGATIVE NUMBERS.
R  INDICATES RECORD WAS SET OR TIED.
MM INDICATES DATA IS MISSING.
T  INDICATES TRACE AMOUNT.




$$
