000
CDUS43 KTOP 150632
CLICNK


CLIMATE REPORT
NATIONAL WEATHER SERVICE TOPEKA KS
1231 AM CST WED NOV 15 2017


...................................

...THE CONCORDIA KS CLIMATE SUMMARY FOR NOVEMBER 14 2017...

CLIMATE NORMAL PERIOD 1981 TO 2010
CLIMATE RECORD PERIOD 1885 TO 2017


WEATHER ITEM   OBSERVED TIME   RECORD YEAR NORMAL DEPARTURE LAST
                VALUE   (LST)  VALUE       VALUE  FROM      YEAR
                                                  NORMAL
..................................................................
TEMPERATURE (F)
 YESTERDAY
  MAXIMUM         58    815 PM  74    1990  53      5       68
  MINIMUM         48    133 AM   0    1940  32     16       38
  AVERAGE         53                        42     11       53

PRECIPITATION (IN)
  YESTERDAY        0.00          0.74 1926   0.04  -0.04     0.00
  MONTH TO DATE    0.07                      0.60  -0.53     0.35
  SINCE SEP 1      8.82                      5.43   3.39     3.35
  SINCE JAN 1     36.27                     26.53   9.74    28.87

SNOWFALL (IN)
  YESTERDAY        0.0           0.3  1978   0.1   -0.1      0.0
  MONTH TO DATE    0.0                       0.7   -0.7      0.0
  SINCE JAN 1      2.1                      14.6  -12.5     12.3
  SINCE JUL 1      T                         0.9   -0.9      0.0
  SNOW DEPTH       0

DEGREE DAYS
 HEATING
  YESTERDAY       12                        23    -11       12
  MONTH TO DATE  331                       267     64      150
  SINCE SEP 1    657                       655      2      362
  SINCE JUL 1    657                       658     -1      363

 COOLING
  YESTERDAY        0                         0      0        0
  MONTH TO DATE    0                         0      0        0
  SINCE SEP 1    232                       182     50      258
  SINCE JAN 1   1370                      1348     22     1540
..................................................................


WIND (MPH)
  HIGHEST WIND SPEED    18   HIGHEST WIND DIRECTION     S (180)
  HIGHEST GUST SPEED    22   HIGHEST GUST DIRECTION     S (190)
  AVERAGE WIND SPEED     8.8


SKY COVER
  AVERAGE SKY COVER 0.9


WEATHER CONDITIONS
 THE FOLLOWING WEATHER WAS RECORDED YESTERDAY.
  NO SIGNIFICANT WEATHER WAS OBSERVED.


RELATIVE HUMIDITY (PERCENT)
 HIGHEST   100           100 AM
 LOWEST     93          1200 AM
 AVERAGE    97

..........................................................


THE CONCORDIA KS CLIMATE NORMALS FOR TODAY
                         NORMAL    RECORD    YEAR
 MAXIMUM TEMPERATURE (F)   53        77      1952
                                             1887
 MINIMUM TEMPERATURE (F)   31         6      1940


SUNRISE AND SUNSET
NOVEMBER 15 2017......SUNRISE   715 AM CST   SUNSET   515 PM CST
NOVEMBER 16 2017......SUNRISE   716 AM CST   SUNSET   514 PM CST


-  INDICATES NEGATIVE NUMBERS.
R  INDICATES RECORD WAS SET OR TIED.
MM INDICATES DATA IS MISSING.
T  INDICATES TRACE AMOUNT.




$$
