000
CDUS43 KTOP 260634
CLICNK


CLIMATE REPORT
NATIONAL WEATHER SERVICE TOPEKA KS
1233 AM CST WED NOV 26 2014


...................................

...THE CONCORDIA KS CLIMATE SUMMARY FOR NOVEMBER 25 2014...

CLIMATE NORMAL PERIOD 1981 TO 2010
CLIMATE RECORD PERIOD 1885 TO 2014


WEATHER ITEM   OBSERVED TIME   RECORD YEAR NORMAL DEPARTURE LAST
                VALUE   (LST)  VALUE       VALUE  FROM      YEAR
                                                  NORMAL
..................................................................
TEMPERATURE (F)
 YESTERDAY
  MAXIMUM         50    323 PM  71    1960  47      3       42
                                      1894
  MINIMUM         20    349 AM   6    1993  27     -7       24
  AVERAGE         35                        36     -1       33

PRECIPITATION (IN)
  YESTERDAY        0.00          0.94 1944   0.03  -0.03     0.00
  MONTH TO DATE    0.11                      0.94  -0.83     1.15
  SINCE SEP 1      5.80                      5.77   0.03     3.08
  SINCE JAN 1     26.46                     26.87  -0.41    26.65

SNOWFALL (IN)
  YESTERDAY        0.0           5.9  1975   0.1   -0.1      0.0
  MONTH TO DATE    1.1                       1.9   -0.8       T
  SINCE JAN 1     18.0                      15.8    2.2     20.3
  SINCE JUL 1      1.1                       2.1   -1.0       T
  SNOW DEPTH       0

DEGREE DAYS
 HEATING
  YESTERDAY       30                        28      2       32
  MONTH TO DATE  697                       550    147      546
  SINCE SEP 1   1026                       938     88      883
  SINCE JUL 1   1028                       941     87      890

 COOLING
  YESTERDAY        0                         0      0        0
  MONTH TO DATE    0                         0      0        0
  SINCE SEP 1    159                       182    -23      274
  SINCE JAN 1   1368                      1348     20     1359
..................................................................


WIND (MPH)
  HIGHEST WIND SPEED    23   HIGHEST WIND DIRECTION     S (180)
  HIGHEST GUST SPEED    31   HIGHEST GUST DIRECTION     S (180)
  AVERAGE WIND SPEED    10.9


SKY COVER
  AVERAGE SKY COVER 0.3


WEATHER CONDITIONS
 THE FOLLOWING WEATHER WAS RECORDED YESTERDAY.
  NO SIGNIFICANT WEATHER WAS OBSERVED.


RELATIVE HUMIDITY (PERCENT)
 HIGHEST    81           800 AM
 LOWEST     34           300 PM
 AVERAGE    58

..........................................................


THE CONCORDIA KS CLIMATE NORMALS FOR TODAY
                         NORMAL    RECORD    YEAR
 MAXIMUM TEMPERATURE (F)   46        71      1909
 MINIMUM TEMPERATURE (F)   26         0      1975


SUNRISE AND SUNSET
NOVEMBER 26 2014......SUNRISE   727 AM CST   SUNSET   509 PM CST
NOVEMBER 27 2014......SUNRISE   728 AM CST   SUNSET   508 PM CST


-  INDICATES NEGATIVE NUMBERS.
R  INDICATES RECORD WAS SET OR TIED.
MM INDICATES DATA IS MISSING.
T  INDICATES TRACE AMOUNT.




$$
