000
CDUS43 KTOP 280634
CLICNK


CLIMATE REPORT
NATIONAL WEATHER SERVICE TOPEKA KS
133 AM CDT FRI AUG 28 2015


...................................

...THE CONCORDIA KS CLIMATE SUMMARY FOR AUGUST 27 2015...

CLIMATE NORMAL PERIOD 1981 TO 2010
CLIMATE RECORD PERIOD 1885 TO 2015


WEATHER ITEM   OBSERVED TIME   RECORD YEAR NORMAL DEPARTURE LAST
                VALUE   (LST)  VALUE       VALUE  FROM      YEAR
                                                  NORMAL
..................................................................
TEMPERATURE (F)
 YESTERDAY
  MAXIMUM         88    200 PM 107    1913  87      1       83
  MINIMUM         69    553 AM  47    1906  64      5       69
  AVERAGE         79                        75      4       76

PRECIPITATION (IN)
  YESTERDAY        0.26          1.86 1968   0.10   0.16     0.13
  MONTH TO DATE    4.02                      2.76   1.26     5.15
  SINCE JUN 1     13.70                     10.73   2.97    12.99
  SINCE JAN 1     21.78                     20.72   1.06    18.82

SNOWFALL (IN)
  YESTERDAY        0.0           0.0    MM   0.0    0.0      0.0
  MONTH TO DATE    0.0                       0.0    0.0      0.0
  SINCE JAN 1      5.6                      13.7   -8.1     16.9
  SINCE JUL 1      0.0                       0.0    0.0      0.0
  SNOW DEPTH       0

DEGREE DAYS
 HEATING
  YESTERDAY        0                         0      0        0
  MONTH TO DATE    2                         0      2        0
  SINCE JUN 1      4                        13     -9        3
  SINCE JUL 1      2                         0      2        2

 COOLING
  YESTERDAY       14                        10      4       11
  MONTH TO DATE  255                       337    -82      340
  SINCE JUN 1    960                      1038    -78      989
  SINCE JAN 1   1015                      1127   -112     1164
..................................................................


WIND (MPH)
  HIGHEST WIND SPEED    35   HIGHEST WIND DIRECTION     S (170)
  HIGHEST GUST SPEED    44   HIGHEST GUST DIRECTION     S (170)
  AVERAGE WIND SPEED    16.1


SKY COVER
  AVERAGE SKY COVER 0.1


WEATHER CONDITIONS
 THE FOLLOWING WEATHER WAS RECORDED YESTERDAY.
  THUNDERSTORM
  HEAVY RAIN
  LIGHT RAIN
  FOG


RELATIVE HUMIDITY (PERCENT)
 HIGHEST    97           500 AM
 LOWEST     48           400 PM
 AVERAGE    73

..........................................................


THE CONCORDIA KS CLIMATE NORMALS FOR TODAY
                         NORMAL    RECORD    YEAR
 MAXIMUM TEMPERATURE (F)   87       107      2000
 MINIMUM TEMPERATURE (F)   63        48      1988
                                             1976
                                             1917


SUNRISE AND SUNSET
AUGUST 28 2015........SUNRISE   655 AM CDT   SUNSET   808 PM CDT
AUGUST 29 2015........SUNRISE   656 AM CDT   SUNSET   807 PM CDT


-  INDICATES NEGATIVE NUMBERS.
R  INDICATES RECORD WAS SET OR TIED.
MM INDICATES DATA IS MISSING.
T  INDICATES TRACE AMOUNT.




$$
