000
CDUS43 KTOP 170642
CLICNK


CLIMATE REPORT
NATIONAL WEATHER SERVICE TOPEKA KS
1241 AM CST WED DEC 17 2014


...................................

...THE CONCORDIA KS CLIMATE SUMMARY FOR DECEMBER 16 2014...

CLIMATE NORMAL PERIOD 1981 TO 2010
CLIMATE RECORD PERIOD 1885 TO 2014


WEATHER ITEM   OBSERVED TIME   RECORD YEAR NORMAL DEPARTURE LAST
                VALUE   (LST)  VALUE       VALUE  FROM      YEAR
                                                  NORMAL
..................................................................
TEMPERATURE (F)
 YESTERDAY
  MAXIMUM         33    248 PM  66    1962  39     -6       60
  MINIMUM         24   1159 PM -10    1989  20      4       31
  AVERAGE         29                        29      0       46

PRECIPITATION (IN)
  YESTERDAY        0.00          0.33 2008   0.03  -0.03     0.00
  MONTH TO DATE    0.19                      0.51  -0.32     0.19
  SINCE DEC 1      0.19                      0.51  -0.32     0.19
  SINCE JAN 1     26.65                     27.55  -0.90    26.84

SNOWFALL (IN)
  YESTERDAY        0.0           4.6  2008   0.1   -0.1      0.0
  MONTH TO DATE    T                         1.9   -1.9      2.6
  SINCE JAN 1     18.0                      18.3   -0.3     22.9
  SINCE JUL 1      1.1                       4.6   -3.5      2.6
  SNOW DEPTH       0

DEGREE DAYS
 HEATING
  YESTERDAY       36                        36      0       19
  MONTH TO DATE  443                       539    -96      634
  SINCE DEC 1    443                       539    -96      634
  SINCE JUL 1   1606                      1631    -25     1690

 COOLING
  YESTERDAY        0                         0      0        0
  MONTH TO DATE    0                         0      0        0
  SINCE DEC 1      0                         0      0        0
  SINCE JAN 1   1368                      1349     19     1359
..................................................................


WIND (MPH)
  HIGHEST WIND SPEED    29   HIGHEST WIND DIRECTION     N (340)
  HIGHEST GUST SPEED    39   HIGHEST GUST DIRECTION    NW (330)
  AVERAGE WIND SPEED    12.4


SKY COVER
  AVERAGE SKY COVER 1.0


WEATHER CONDITIONS
 THE FOLLOWING WEATHER WAS RECORDED YESTERDAY.
  NO SIGNIFICANT WEATHER WAS OBSERVED.


RELATIVE HUMIDITY (PERCENT)
 HIGHEST    81           500 AM
 LOWEST     69           100 PM
 AVERAGE    75

..........................................................


THE CONCORDIA KS CLIMATE NORMALS FOR TODAY
                         NORMAL    RECORD    YEAR
 MAXIMUM TEMPERATURE (F)   39        69      1939
 MINIMUM TEMPERATURE (F)   20        -5      1964


SUNRISE AND SUNSET
DECEMBER 17 2014......SUNRISE   745 AM CST   SUNSET   508 PM CST
DECEMBER 18 2014......SUNRISE   746 AM CST   SUNSET   509 PM CST


-  INDICATES NEGATIVE NUMBERS.
R  INDICATES RECORD WAS SET OR TIED.
MM INDICATES DATA IS MISSING.
T  INDICATES TRACE AMOUNT.




$$
