070
CDUS43 KTOP 210633
CLICNK


CLIMATE REPORT
NATIONAL WEATHER SERVICE TOPEKA KS
132 AM CDT FRI JUL 21 2017


...................................

...THE CONCORDIA KS CLIMATE SUMMARY FOR JULY 20 2017...

CLIMATE NORMAL PERIOD 1981 TO 2010
CLIMATE RECORD PERIOD 1885 TO 2017


WEATHER ITEM   OBSERVED TIME   RECORD YEAR NORMAL DEPARTURE LAST
                VALUE   (LST)  VALUE       VALUE  FROM      YEAR
                                                  NORMAL
..................................................................
TEMPERATURE (F)
 YESTERDAY
  MAXIMUM        103    234 PM 108    1934  91     12       98
  MINIMUM         77    553 AM  55    1971  68      9       77
                                      1903
  AVERAGE         90                        79     11       88

PRECIPITATION (IN)
  YESTERDAY        0.00          2.39 1927   0.11  -0.11     0.00
  MONTH TO DATE    1.71                      2.71  -1.00     3.45
  SINCE JUN 1      5.05                      6.76  -1.71     4.62
  SINCE JAN 1     23.43                     16.75   6.68    16.79

SNOWFALL (IN)
  YESTERDAY        0.0           0.0    MM   0.0    0.0      0.0
  MONTH TO DATE    0.0                       0.0    0.0      0.0
  SINCE JAN 1      2.1                      13.7  -11.6     12.3
  SINCE JUL 1      0.0                       0.0    0.0      0.0
  SNOW DEPTH       0

DEGREE DAYS
 HEATING
  YESTERDAY        0                         0      0        0
  MONTH TO DATE    0                         0      0        1
  SINCE JUN 1      2                        13    -11        1
  SINCE JUL 1      0                         0      0        1

 COOLING
  YESTERDAY       25                        14     11       23
  MONTH TO DATE  338                       276     62      290
  SINCE JUN 1    671                       541    130      711
  SINCE JAN 1    749                       630    119      771
..................................................................


WIND (MPH)
  HIGHEST WIND SPEED    21   HIGHEST WIND DIRECTION     S (170)
  HIGHEST GUST SPEED    25   HIGHEST GUST DIRECTION     S (170)
  AVERAGE WIND SPEED    12.7


SKY COVER
  AVERAGE SKY COVER 0.0


WEATHER CONDITIONS
 THE FOLLOWING WEATHER WAS RECORDED YESTERDAY.
  NO SIGNIFICANT WEATHER WAS OBSERVED.


RELATIVE HUMIDITY (PERCENT)
 HIGHEST    67           300 AM
 LOWEST     29           200 PM
 AVERAGE    48

..........................................................


THE CONCORDIA KS CLIMATE NORMALS FOR TODAY
                         NORMAL    RECORD    YEAR
 MAXIMUM TEMPERATURE (F)   91       107      1974
 MINIMUM TEMPERATURE (F)   68        50      1970


SUNRISE AND SUNSET
JULY 21 2017..........SUNRISE   621 AM CDT   SUNSET   853 PM CDT
JULY 22 2017..........SUNRISE   622 AM CDT   SUNSET   852 PM CDT


-  INDICATES NEGATIVE NUMBERS.
R  INDICATES RECORD WAS SET OR TIED.
MM INDICATES DATA IS MISSING.
T  INDICATES TRACE AMOUNT.




$$
