000
CDUS43 KTOP 150632
CLICNK


CLIMATE REPORT
NATIONAL WEATHER SERVICE TOPEKA KS
131 AM CDT FRI SEP 15 2017


...................................

...THE CONCORDIA KS CLIMATE SUMMARY FOR SEPTEMBER 14 2017...

CLIMATE NORMAL PERIOD 1981 TO 2010
CLIMATE RECORD PERIOD 1885 TO 2017


WEATHER ITEM   OBSERVED TIME   RECORD YEAR NORMAL DEPARTURE LAST
                VALUE   (LST)  VALUE       VALUE  FROM      YEAR
                                                  NORMAL
..................................................................
TEMPERATURE (F)
 YESTERDAY
  MAXIMUM         95    325 PM  98    1895  81     14       65
  MINIMUM         64    550 AM  38    1904  57      7       55
                                      1892
  AVERAGE         80                        69     11       60

PRECIPITATION (IN)
  YESTERDAY        T             1.64 1906   0.09  -0.09     0.00
  MONTH TO DATE    0.03                      1.35  -1.32     1.18
  SINCE SEP 1      0.03                      1.35  -1.32     1.18
  SINCE JAN 1     27.48                     22.45   5.03    26.70

SNOWFALL (IN)
  YESTERDAY        0.0           0.0    MM   0.0    0.0      0.0
  MONTH TO DATE    0.0                       0.0    0.0      0.0
  SINCE JAN 1      2.1                      13.7  -11.6     12.3
  SINCE JUL 1      0.0                       0.0    0.0      0.0
  SNOW DEPTH       0

DEGREE DAYS
 HEATING
  YESTERDAY        0                         2     -2        5
  MONTH TO DATE    7                        14     -7       13
  SINCE SEP 1      7                        14     -7       13
  SINCE JUL 1      7                        17    -10       14

 COOLING
  YESTERDAY       15                         6      9        0
  MONTH TO DATE   92                       104    -12      104
  SINCE SEP 1     92                       104    -12      104
  SINCE JAN 1   1230                      1270    -40     1386
..................................................................


WIND (MPH)
  HIGHEST WIND SPEED    28   HIGHEST WIND DIRECTION     S (190)
  HIGHEST GUST SPEED    36   HIGHEST GUST DIRECTION     S (190)
  AVERAGE WIND SPEED    16.1


SKY COVER
  AVERAGE SKY COVER 0.0


WEATHER CONDITIONS
 THE FOLLOWING WEATHER WAS RECORDED YESTERDAY.
  THUNDERSTORM
  LIGHT RAIN


RELATIVE HUMIDITY (PERCENT)
 HIGHEST    58           500 AM
 LOWEST     24           200 PM
 AVERAGE    41

..........................................................


THE CONCORDIA KS CLIMATE NORMALS FOR TODAY
                         NORMAL    RECORD    YEAR
 MAXIMUM TEMPERATURE (F)   80       100      1895
 MINIMUM TEMPERATURE (F)   56        34      1993


SUNRISE AND SUNSET
SEPTEMBER 15 2017.....SUNRISE   712 AM CDT   SUNSET   739 PM CDT
SEPTEMBER 16 2017.....SUNRISE   713 AM CDT   SUNSET   737 PM CDT


-  INDICATES NEGATIVE NUMBERS.
R  INDICATES RECORD WAS SET OR TIED.
MM INDICATES DATA IS MISSING.
T  INDICATES TRACE AMOUNT.




$$
