000
CDUS43 KTOP 220632
CLICNK


CLIMATE REPORT
NATIONAL WEATHER SERVICE TOPEKA KS
131 AM CDT FRI JUL 22 2016


...................................

...THE CONCORDIA KS CLIMATE SUMMARY FOR JULY 21 2016...

CLIMATE NORMAL PERIOD 1981 TO 2010
CLIMATE RECORD PERIOD 1885 TO 2016


WEATHER ITEM   OBSERVED TIME   RECORD YEAR NORMAL DEPARTURE LAST
                VALUE   (LST)  VALUE       VALUE  FROM      YEAR
                                                  NORMAL
..................................................................
TEMPERATURE (F)
 YESTERDAY
  MAXIMUM        100    428 PM 107    1974  91      9       81
  MINIMUM         78    614 AM  50    1970  68     10       61
  AVERAGE         89                        79     10       71

PRECIPITATION (IN)
  YESTERDAY        0.00          3.11 1978   0.12  -0.12     0.00
  MONTH TO DATE    3.45                      2.83   0.62     3.44
  SINCE JUN 1      4.62                      6.88  -2.26     9.55
  SINCE JAN 1     16.79                     16.87  -0.08    17.63

SNOWFALL (IN)
  YESTERDAY        0.0           T    1951   0.0    0.0      0.0
  MONTH TO DATE    0.0                       0.0    0.0      0.0
  SINCE JAN 1     12.3                      13.7   -1.4      5.6
  SINCE JUL 1      0.0                       0.0    0.0      0.0
  SNOW DEPTH       0

DEGREE DAYS
 HEATING
  YESTERDAY        0                         0      0        0
  MONTH TO DATE    1                         0      1        0
  SINCE JUN 1      1                        13    -12        2
  SINCE JUL 1      1                         0      1        0

 COOLING
  YESTERDAY       24                        14     10        6
  MONTH TO DATE  314                       290     24      258
  SINCE JUN 1    735                       555    180      567
  SINCE JAN 1    795                       644    151      622
..................................................................


WIND (MPH)
  HIGHEST WIND SPEED    22   HIGHEST WIND DIRECTION     S (180)
  HIGHEST GUST SPEED    28   HIGHEST GUST DIRECTION     S (190)
  AVERAGE WIND SPEED    14.1


SKY COVER
  AVERAGE SKY COVER 0.0


WEATHER CONDITIONS
 THE FOLLOWING WEATHER WAS RECORDED YESTERDAY.
  NO SIGNIFICANT WEATHER WAS OBSERVED.


RELATIVE HUMIDITY (PERCENT)
 HIGHEST    71           400 AM
 LOWEST     35           500 PM
 AVERAGE    53

..........................................................


THE CONCORDIA KS CLIMATE NORMALS FOR TODAY
                         NORMAL    RECORD    YEAR
 MAXIMUM TEMPERATURE (F)   91       107      2001
 MINIMUM TEMPERATURE (F)   68        54      1970


SUNRISE AND SUNSET
JULY 22 2016..........SUNRISE   622 AM CDT   SUNSET   852 PM CDT
JULY 23 2016..........SUNRISE   623 AM CDT   SUNSET   851 PM CDT


-  INDICATES NEGATIVE NUMBERS.
R  INDICATES RECORD WAS SET OR TIED.
MM INDICATES DATA IS MISSING.
T  INDICATES TRACE AMOUNT.




$$
