000
CDUS43 KTOP 262134
CLICNK


CLIMATE REPORT
NATIONAL WEATHER SERVICE TOPEKA KS
433 PM CDT FRI SEP 26 2014


...................................

...THE CONCORDIA KS CLIMATE SUMMARY FOR SEPTEMBER 26 2014...
VALID TODAY AS OF 0400 PM LOCAL TIME.

CLIMATE NORMAL PERIOD 1981 TO 2010
CLIMATE RECORD PERIOD 1885 TO 2014


WEATHER ITEM   OBSERVED TIME   RECORD YEAR NORMAL DEPARTURE LAST
                VALUE   (LST)  VALUE       VALUE  FROM      YEAR
                                                  NORMAL
..................................................................
TEMPERATURE (F)
 TODAY
  MAXIMUM         83    247 PM  94    1897  75      8       93
  MINIMUM         59    649 AM  31    1984  51      8       64
  AVERAGE         71                        63      8       79

PRECIPITATION (IN)
  TODAY            0.00          1.56 1973   0.09  -0.09     0.00
  MONTH TO DATE    2.48                      2.55  -0.07     0.56
  SINCE SEP 1      2.48                      2.55  -0.07     0.56
  SINCE JAN 1     23.14                     23.65  -0.51    24.13

SNOWFALL (IN)
  TODAY            0.0           T    1926   0.0    0.0      0.0
  MONTH TO DATE    0.0                       0.0    0.0      0.0
  SINCE JAN 1     16.9                      13.7    3.2     20.3
  SINCE JUL 1      0.0                       0.0    0.0      0.0
  SNOW DEPTH       0

DEGREE DAYS
 HEATING
  TODAY            0                         4     -4        0
  MONTH TO DATE   82                        50     32        9
  SINCE SEP 1     82                        50     32        9
  SINCE JUL 1     84                        53     31       16

 COOLING
  TODAY            6                         3      3       14
  MONTH TO DATE  115                       150    -35      225
  SINCE SEP 1    115                       150    -35      225
  SINCE JAN 1   1324                      1316      8     1310
..................................................................


WIND (MPH)
  HIGHEST WIND SPEED    18   HIGHEST WIND DIRECTION     S (190)
  HIGHEST GUST SPEED    24   HIGHEST GUST DIRECTION     S (160)
  AVERAGE WIND SPEED     9.9



WEATHER CONDITIONS
 THE FOLLOWING WEATHER WAS RECORDED TODAY.
  NO SIGNIFICANT WEATHER WAS OBSERVED.


RELATIVE HUMIDITY (PERCENT)
 HIGHEST    84           500 AM
 LOWEST     37           200 PM
 AVERAGE    61

..........................................................


THE CONCORDIA KS CLIMATE NORMALS FOR TOMORROW
                         NORMAL    RECORD    YEAR
 MAXIMUM TEMPERATURE (F)   75        98      1892
 MINIMUM TEMPERATURE (F)   51        34      1889


SUNRISE AND SUNSET
SEPTEMBER 26 2014.....SUNRISE   722 AM CDT   SUNSET   721 PM CDT
SEPTEMBER 27 2014.....SUNRISE   723 AM CDT   SUNSET   719 PM CDT


-  INDICATES NEGATIVE NUMBERS.
R  INDICATES RECORD WAS SET OR TIED.
MM INDICATES DATA IS MISSING.
T  INDICATES TRACE AMOUNT.




$$
