155
CDUS43 KTOP 152233
CLICNK


CLIMATE REPORT
NATIONAL WEATHER SERVICE TOPEKA KS
433 PM CST WED NOV 15 2017


...................................

...THE CONCORDIA KS CLIMATE SUMMARY FOR NOVEMBER 15 2017...
VALID TODAY AS OF 0400 PM LOCAL TIME.

CLIMATE NORMAL PERIOD 1981 TO 2010
CLIMATE RECORD PERIOD 1885 TO 2017


WEATHER ITEM   OBSERVED TIME   RECORD YEAR NORMAL DEPARTURE LAST
                VALUE   (LST)  VALUE       VALUE  FROM      YEAR
                                                  NORMAL
..................................................................
TEMPERATURE (F)
 TODAY
  MAXIMUM         58    237 PM  77    1952  53      5       74
                                      1887
  MINIMUM         39    726 AM   6    1940  31      8       36
  AVERAGE         49                        42      7       55

PRECIPITATION (IN)
  TODAY            0.00          1.23 1961   0.03  -0.03     0.00
  MONTH TO DATE    0.07                      0.63  -0.56     0.35
  SINCE SEP 1      8.82                      5.46   3.36     3.35
  SINCE JAN 1     36.27                     26.56   9.71    28.87

SNOWFALL (IN)
  TODAY            0.0           1.9  1988   0.1   -0.1      0.0
  MONTH TO DATE    0.0                       0.8   -0.8      0.0
  SINCE JAN 1      2.1                      14.7  -12.6     12.3
  SINCE JUL 1      T                         1.0   -1.0      0.0
  SNOW DEPTH       0

DEGREE DAYS
 HEATING
  TODAY           16                        23     -7       10
  MONTH TO DATE  347                       290     57      160
  SINCE SEP 1    673                       678     -5      372
  SINCE JUL 1    673                       681     -8      373

 COOLING
  TODAY            0                         0      0        0
  MONTH TO DATE    0                         0      0        0
  SINCE SEP 1    232                       182     50      258
  SINCE JAN 1   1370                      1348     22     1540
..................................................................


WIND (MPH)
  HIGHEST WIND SPEED    18   HIGHEST WIND DIRECTION     N (340)
  HIGHEST GUST SPEED    30   HIGHEST GUST DIRECTION     N (340)
  AVERAGE WIND SPEED    11.2



WEATHER CONDITIONS
 THE FOLLOWING WEATHER WAS RECORDED TODAY.
  NO SIGNIFICANT WEATHER WAS OBSERVED.


RELATIVE HUMIDITY (PERCENT)
 HIGHEST   100          1200 AM
 LOWEST     33           300 PM
 AVERAGE    67

..........................................................


THE CONCORDIA KS CLIMATE NORMALS FOR TOMORROW
                         NORMAL    RECORD    YEAR
 MAXIMUM TEMPERATURE (F)   52        80      2016
 MINIMUM TEMPERATURE (F)   31         6      1955


SUNRISE AND SUNSET
NOVEMBER 15 2017......SUNRISE   715 AM CST   SUNSET   515 PM CST
NOVEMBER 16 2017......SUNRISE   716 AM CST   SUNSET   514 PM CST


-  INDICATES NEGATIVE NUMBERS.
R  INDICATES RECORD WAS SET OR TIED.
MM INDICATES DATA IS MISSING.
T  INDICATES TRACE AMOUNT.




$$
