000
CDUS43 KTOP 260642
CLICNK


CLIMATE REPORT
NATIONAL WEATHER SERVICE TOPEKA KS
138 AM CDT TUE MAY 26 2015


...................................

...THE CONCORDIA KS CLIMATE SUMMARY FOR MAY 25 2015...

CLIMATE NORMAL PERIOD 1981 TO 2010
CLIMATE RECORD PERIOD 1885 TO 2015


WEATHER ITEM   OBSERVED TIME   RECORD YEAR NORMAL DEPARTURE LAST
                VALUE   (LST)  VALUE       VALUE  FROM      YEAR
                                                  NORMAL
..................................................................
TEMPERATURE (F)
 YESTERDAY
  MAXIMUM         78    302 PM  97    1967  77      1       81
                                      1953
  MINIMUM         56    613 AM  39    1925  55      1       64
  AVERAGE         67                        66      1       73

PRECIPITATION (IN)
  YESTERDAY        0.30          1.34 2014   0.14   0.16     1.34
  MONTH TO DATE    3.44                      3.30   0.14     3.12
  SINCE MAR 1      5.78                      7.76  -1.98     4.64
  SINCE JAN 1      7.30                      9.13  -1.83     5.83

SNOWFALL (IN)
  YESTERDAY        0.0           T    1951   0.0    0.0      0.0
  MONTH TO DATE    0.0                       0.0    0.0      0.0
  SINCE JAN 1      5.6                      13.7   -8.1     16.9
  SINCE JUL 1     11.7                      20.2   -8.5     23.2
  SNOW DEPTH       0

DEGREE DAYS
 HEATING
  YESTERDAY        0                         2     -2        0
  MONTH TO DATE  127                       119      8      131
  SINCE MAR 1    963                      1176   -213     1276
  SINCE JUL 1   5170                      5383   -213     5758

 COOLING
  YESTERDAY        2                         3     -1        8
  MONTH TO DATE   37                        46     -9       92
  SINCE MAR 1     45                        63    -18      117
  SINCE JAN 1     45                        63    -18      117
..................................................................


WIND (MPH)
  HIGHEST WIND SPEED    28   HIGHEST WIND DIRECTION     S (170)
  HIGHEST GUST SPEED    39   HIGHEST GUST DIRECTION    SE (150)
  AVERAGE WIND SPEED    10.4


SKY COVER
  AVERAGE SKY COVER 0.6


WEATHER CONDITIONS
 THE FOLLOWING WEATHER WAS RECORDED YESTERDAY.
  THUNDERSTORM
  HEAVY RAIN
  LIGHT RAIN
  FOG


RELATIVE HUMIDITY (PERCENT)
 HIGHEST    93           100 AM
 LOWEST     60           300 PM
 AVERAGE    77

..........................................................


THE CONCORDIA KS CLIMATE NORMALS FOR TODAY
                         NORMAL    RECORD    YEAR
 MAXIMUM TEMPERATURE (F)   77        98      2012
 MINIMUM TEMPERATURE (F)   55        40      1940


SUNRISE AND SUNSET
MAY 26 2015...........SUNRISE   608 AM CDT   SUNSET   847 PM CDT
MAY 27 2015...........SUNRISE   608 AM CDT   SUNSET   848 PM CDT


-  INDICATES NEGATIVE NUMBERS.
R  INDICATES RECORD WAS SET OR TIED.
MM INDICATES DATA IS MISSING.
T  INDICATES TRACE AMOUNT.




$$
