000
CDUS43 KTOP 190632
CLICNK


CLIMATE REPORT
NATIONAL WEATHER SERVICE TOPEKA KS
132 AM CDT MON JUN 19 2017


...................................

...THE CONCORDIA KS CLIMATE SUMMARY FOR JUNE 18 2017...

CLIMATE NORMAL PERIOD 1981 TO 2010
CLIMATE RECORD PERIOD 1885 TO 2017


WEATHER ITEM   OBSERVED TIME   RECORD YEAR NORMAL DEPARTURE LAST
                VALUE   (LST)  VALUE       VALUE  FROM      YEAR
                                                  NORMAL
..................................................................
TEMPERATURE (F)
 YESTERDAY
  MAXIMUM         85    512 PM 103    1953  86     -1       91
  MINIMUM         62    524 AM  50    2000  63     -1       70
  AVERAGE         74                        74      0       81

PRECIPITATION (IN)
  YESTERDAY        T             3.40 1946   0.13  -0.13     0.00
  MONTH TO DATE    0.68                      2.39  -1.71     0.06
  SINCE JUN 1      0.68                      2.39  -1.71     0.06
  SINCE JAN 1     19.06                     12.38   6.68    12.23

SNOWFALL (IN)
  YESTERDAY        0.0           T    1968   0.0    0.0      0.0
  MONTH TO DATE    0.0                       0.0    0.0      0.0
  SINCE JAN 1      2.1                      13.7  -11.6     12.3
  SINCE JUL 1      4.3                      20.2  -15.9     13.6
  SNOW DEPTH       0

DEGREE DAYS
 HEATING
  YESTERDAY        0                         0      0        0
  MONTH TO DATE    0                        11    -11        0
  SINCE JUN 1      0                        11    -11        0
  SINCE JUL 1   4564                      5406   -842     4364

 COOLING
  YESTERDAY        9                        10     -1       16
  MONTH TO DATE  209                       129     80      228
  SINCE JUN 1    209                       129     80      228
  SINCE JAN 1    287                       218     69      288
..................................................................


WIND (MPH)
  HIGHEST WIND SPEED    20   HIGHEST WIND DIRECTION    NW (330)
  HIGHEST GUST SPEED    25   HIGHEST GUST DIRECTION    NW (330)
  AVERAGE WIND SPEED     8.8


SKY COVER
  AVERAGE SKY COVER 0.1


WEATHER CONDITIONS
 THE FOLLOWING WEATHER WAS RECORDED YESTERDAY.
  LIGHT RAIN


RELATIVE HUMIDITY (PERCENT)
 HIGHEST    93           500 AM
 LOWEST     24           200 PM
 AVERAGE    59

..........................................................


THE CONCORDIA KS CLIMATE NORMALS FOR TODAY
                         NORMAL    RECORD    YEAR
 MAXIMUM TEMPERATURE (F)   86       108      1936
 MINIMUM TEMPERATURE (F)   63        47      1976


SUNRISE AND SUNSET
JUNE 19 2017..........SUNRISE   603 AM CDT   SUNSET   901 PM CDT
JUNE 20 2017..........SUNRISE   603 AM CDT   SUNSET   901 PM CDT


-  INDICATES NEGATIVE NUMBERS.
R  INDICATES RECORD WAS SET OR TIED.
MM INDICATES DATA IS MISSING.
T  INDICATES TRACE AMOUNT.




$$
