291
CDUS43 KTOP 190635
CLICNK


CLIMATE REPORT
NATIONAL WEATHER SERVICE TOPEKA KS
1235 AM CST FRI JAN 19 2018


...................................

...THE CONCORDIA KS CLIMATE SUMMARY FOR JANUARY 18 2018...

CLIMATE NORMAL PERIOD 1981 TO 2010
CLIMATE RECORD PERIOD 1885 TO 2018


WEATHER ITEM   OBSERVED TIME   RECORD YEAR NORMAL DEPARTURE LAST
                VALUE   (LST)  VALUE       VALUE  FROM      YEAR
                                                  NORMAL
..................................................................
TEMPERATURE (F)
 YESTERDAY
  MAXIMUM         46    257 PM  68    1951  39      7       53
  MINIMUM         16    756 AM -13    1940  19     -3       28
  AVERAGE         31                        29      2       41

PRECIPITATION (IN)
  YESTERDAY        0.00          0.37 1980   0.02  -0.02     0.00
  MONTH TO DATE    0.37                      0.28   0.09     1.63
  SINCE DEC 1      0.50                      1.13  -0.63     2.56
  SINCE JAN 1      0.37                      0.28   0.09     1.63

SNOWFALL (IN)
  YESTERDAY        1.0           1.8  1963   0.2    0.8      0.0
  MONTH TO DATE    4.4                       3.1    1.3      1.0
  SINCE JAN 1      4.4                       3.1    1.3      1.0
  SINCE JUL 1      6.2                       9.6   -3.4      3.2
  SNOW DEPTH       0

DEGREE DAYS
 HEATING
  YESTERDAY       34                        36     -2       24
  MONTH TO DATE  756                       662     94      703
  SINCE DEC 1   1792                      1747     45     1807
  SINCE JUL 1   2729                      2839   -110     2504

 COOLING
  YESTERDAY        0                         0      0        0
  MONTH TO DATE    0                         0      0        0
  SINCE DEC 1      0                         0      0        0
  SINCE JAN 1      0                         0      0        0
..................................................................


WIND (MPH)
  HIGHEST WIND SPEED    21   HIGHEST WIND DIRECTION     S (190)
  HIGHEST GUST SPEED    26   HIGHEST GUST DIRECTION     S (190)
  AVERAGE WIND SPEED    12.6


SKY COVER
  AVERAGE SKY COVER 0.0


WEATHER CONDITIONS
 THE FOLLOWING WEATHER WAS RECORDED YESTERDAY.
  NO SIGNIFICANT WEATHER WAS OBSERVED.


RELATIVE HUMIDITY (PERCENT)
 HIGHEST    67           700 AM
 LOWEST     42           300 PM
 AVERAGE    55

..........................................................


THE CONCORDIA KS CLIMATE NORMALS FOR TODAY
                         NORMAL    RECORD    YEAR
 MAXIMUM TEMPERATURE (F)   39        69      1895
 MINIMUM TEMPERATURE (F)   19       -24      1892


SUNRISE AND SUNSET
JANUARY 19 2018.......SUNRISE   748 AM CST   SUNSET   536 PM CST
JANUARY 20 2018.......SUNRISE   747 AM CST   SUNSET   537 PM CST


-  INDICATES NEGATIVE NUMBERS.
R  INDICATES RECORD WAS SET OR TIED.
MM INDICATES DATA IS MISSING.
T  INDICATES TRACE AMOUNT.




$$
