000
CDUS43 KTOP 160631
CLICNK


CLIMATE REPORT
NATIONAL WEATHER SERVICE TOPEKA KS
131 AM CDT SAT JUL 16 2016


...................................

...THE CONCORDIA KS CLIMATE SUMMARY FOR JULY 15 2016...

CLIMATE NORMAL PERIOD 1981 TO 2010
CLIMATE RECORD PERIOD 1885 TO 2016


WEATHER ITEM   OBSERVED TIME   RECORD YEAR NORMAL DEPARTURE LAST
                VALUE   (LST)  VALUE       VALUE  FROM      YEAR
                                                  NORMAL
..................................................................
TEMPERATURE (F)
 YESTERDAY
  MAXIMUM         77    708 PM 110    1934  91    -14       86
                                      1914
  MINIMUM         65   1159 PM  50    2014  68     -3       69
  AVERAGE         71                        79     -8       78

PRECIPITATION (IN)
  YESTERDAY        0.05          2.40 1946   0.13  -0.08     1.00
  MONTH TO DATE    3.07                      2.09   0.98     1.85
  SINCE JUN 1      4.24                      6.14  -1.90     7.96
  SINCE JAN 1     16.41                     16.13   0.28    16.04

SNOWFALL (IN)
  YESTERDAY        0.0           0.0    MM   0.0    0.0      0.0
  MONTH TO DATE    0.0                       0.0    0.0      0.0
  SINCE JAN 1     12.3                      13.7   -1.4      5.6
  SINCE JUL 1      0.0                       0.0    0.0      0.0
  SNOW DEPTH       0

DEGREE DAYS
 HEATING
  YESTERDAY        0                         0      0        0
  MONTH TO DATE    1                         0      1        0
  SINCE JUN 1      1                        13    -12        2
  SINCE JUL 1      1                         0      1        0

 COOLING
  YESTERDAY        6                        14     -8       13
  MONTH TO DATE  198                       206     -8      176
  SINCE JUN 1    619                       471    148      485
  SINCE JAN 1    679                       560    119      540
..................................................................


WIND (MPH)
  HIGHEST WIND SPEED    25   HIGHEST WIND DIRECTION     N (20)
  HIGHEST GUST SPEED    33   HIGHEST GUST DIRECTION     N (20)
  AVERAGE WIND SPEED     8.4


SKY COVER
  AVERAGE SKY COVER 0.2


WEATHER CONDITIONS
 THE FOLLOWING WEATHER WAS RECORDED YESTERDAY.
  LIGHT RAIN
  FOG


RELATIVE HUMIDITY (PERCENT)
 HIGHEST    93           200 AM
 LOWEST     60           700 PM
 AVERAGE    77

..........................................................


THE CONCORDIA KS CLIMATE NORMALS FOR TODAY
                         NORMAL    RECORD    YEAR
 MAXIMUM TEMPERATURE (F)   91       109      1913
 MINIMUM TEMPERATURE (F)   68        55      2014


SUNRISE AND SUNSET
JULY 16 2016..........SUNRISE   617 AM CDT   SUNSET   856 PM CDT
JULY 17 2016..........SUNRISE   618 AM CDT   SUNSET   856 PM CDT


-  INDICATES NEGATIVE NUMBERS.
R  INDICATES RECORD WAS SET OR TIED.
MM INDICATES DATA IS MISSING.
T  INDICATES TRACE AMOUNT.




$$
