000
CDUS43 KTOP 240638
CLICNK


CLIMATE REPORT
NATIONAL WEATHER SERVICE TOPEKA KS
1237 AM CST MON NOV 24 2014


...................................

...THE CONCORDIA KS CLIMATE SUMMARY FOR NOVEMBER 23 2014...

CLIMATE NORMAL PERIOD 1981 TO 2010
CLIMATE RECORD PERIOD 1885 TO 2014


WEATHER ITEM   OBSERVED TIME   RECORD YEAR NORMAL DEPARTURE LAST
                VALUE   (LST)  VALUE       VALUE  FROM      YEAR
                                                  NORMAL
..................................................................
TEMPERATURE (F)
 YESTERDAY
  MAXIMUM         56   1230 AM  71    1914  48      8       29
  MINIMUM         37    922 PM  -5    1898  27     10       15
  AVERAGE         47                        38      9       22

PRECIPITATION (IN)
  YESTERDAY        0.03          1.39 1905   0.03   0.00     0.00
  MONTH TO DATE    0.11                      0.88  -0.77     1.15
  SINCE SEP 1      5.80                      5.71   0.09     3.08
  SINCE JAN 1     26.46                     26.81  -0.35    26.65

SNOWFALL (IN)
  YESTERDAY        0.0           1.1  2007   0.1   -0.1      0.0
  MONTH TO DATE    1.1                       1.6   -0.5       T
  SINCE JAN 1     18.0                      15.5    2.5     20.3
  SINCE JUL 1      1.1                       1.8   -0.7       T
  SNOW DEPTH       0

DEGREE DAYS
 HEATING
  YESTERDAY       18                        27     -9       43
  MONTH TO DATE  637                       494    143      471
  SINCE SEP 1    966                       882     84      808
  SINCE JUL 1    968                       885     83      815

 COOLING
  YESTERDAY        0                         0      0        0
  MONTH TO DATE    0                         0      0        0
  SINCE SEP 1    159                       182    -23      274
  SINCE JAN 1   1368                      1348     20     1359
..................................................................


WIND (MPH)
  HIGHEST WIND SPEED    31   HIGHEST WIND DIRECTION     N (350)
  HIGHEST GUST SPEED    42   HIGHEST GUST DIRECTION     N (360)
  AVERAGE WIND SPEED    12.7


SKY COVER
  AVERAGE SKY COVER 0.6


WEATHER CONDITIONS
 THE FOLLOWING WEATHER WAS RECORDED YESTERDAY.
  LIGHT RAIN
  FOG


RELATIVE HUMIDITY (PERCENT)
 HIGHEST   100           500 AM
 LOWEST     54          1100 PM
 AVERAGE    77

..........................................................


THE CONCORDIA KS CLIMATE NORMALS FOR TODAY
                         NORMAL    RECORD    YEAR
 MAXIMUM TEMPERATURE (F)   47        73      2011
                                             1990
 MINIMUM TEMPERATURE (F)   27         5      1898


SUNRISE AND SUNSET
NOVEMBER 24 2014......SUNRISE   725 AM CST   SUNSET   510 PM CST
NOVEMBER 25 2014......SUNRISE   726 AM CST   SUNSET   509 PM CST


-  INDICATES NEGATIVE NUMBERS.
R  INDICATES RECORD WAS SET OR TIED.
MM INDICATES DATA IS MISSING.
T  INDICATES TRACE AMOUNT.




$$
