000
CDUS43 KTOP 250640
CLICNK


CLIMATE REPORT
NATIONAL WEATHER SERVICE TOPEKA KS
135 AM CDT TUE AUG 25 2015


...................................

...THE CONCORDIA KS CLIMATE SUMMARY FOR AUGUST 24 2015...

CLIMATE NORMAL PERIOD 1981 TO 2010
CLIMATE RECORD PERIOD 1885 TO 2015


WEATHER ITEM   OBSERVED TIME   RECORD YEAR NORMAL DEPARTURE LAST
                VALUE   (LST)  VALUE       VALUE  FROM      YEAR
                                                  NORMAL
..................................................................
TEMPERATURE (F)
 YESTERDAY
  MAXIMUM         82    332 PM 107    1936  88     -6       95
                                      1922
  MINIMUM         48    528 AM  46    1891  64    -16       68
  AVERAGE         65                        76    -11       82

PRECIPITATION (IN)
  YESTERDAY        0.00          3.61 1972   0.09  -0.09     0.00
  MONTH TO DATE    3.76                      2.47   1.29     4.88
  SINCE JUN 1     13.44                     10.44   3.00    12.72
  SINCE JAN 1     21.52                     20.43   1.09    18.55

SNOWFALL (IN)
  YESTERDAY        0.0           0.0    MM   0.0    0.0      0.0
  MONTH TO DATE    0.0                       0.0    0.0      0.0
  SINCE JAN 1      5.6                      13.7   -8.1     16.9
  SINCE JUL 1      0.0                       0.0    0.0      0.0
  SNOW DEPTH       0

DEGREE DAYS
 HEATING
  YESTERDAY        0                         0      0        0
  MONTH TO DATE    2                         0      2        0
  SINCE JUN 1      4                        13     -9        3
  SINCE JUL 1      2                         0      2        2

 COOLING
  YESTERDAY        0                        11    -11       17
  MONTH TO DATE  233                       305    -72      306
  SINCE JUN 1    938                      1006    -68      955
  SINCE JAN 1    993                      1095   -102     1130
..................................................................


WIND (MPH)
  HIGHEST WIND SPEED    13   HIGHEST WIND DIRECTION     S (190)
  HIGHEST GUST SPEED    17   HIGHEST GUST DIRECTION     S (190)
  AVERAGE WIND SPEED     5.9


SKY COVER
  AVERAGE SKY COVER 0.0


WEATHER CONDITIONS
 THE FOLLOWING WEATHER WAS RECORDED YESTERDAY.
  NO SIGNIFICANT WEATHER WAS OBSERVED.


RELATIVE HUMIDITY (PERCENT)
 HIGHEST    86           500 AM
 LOWEST     26           400 PM
 AVERAGE    56

..........................................................


THE CONCORDIA KS CLIMATE NORMALS FOR TODAY
                         NORMAL    RECORD    YEAR
 MAXIMUM TEMPERATURE (F)   87       110      1936
 MINIMUM TEMPERATURE (F)   64        47      1928


SUNRISE AND SUNSET
AUGUST 25 2015........SUNRISE   652 AM CDT   SUNSET   813 PM CDT
AUGUST 26 2015........SUNRISE   653 AM CDT   SUNSET   811 PM CDT


-  INDICATES NEGATIVE NUMBERS.
R  INDICATES RECORD WAS SET OR TIED.
MM INDICATES DATA IS MISSING.
T  INDICATES TRACE AMOUNT.




$$
