000
CDUS43 KTOP 150634
CLICNK


CLIMATE REPORT
NATIONAL WEATHER SERVICE TOPEKA KS
1232 AM CST SUN JAN 15 2017


...................................

...THE CONCORDIA KS CLIMATE SUMMARY FOR JANUARY 14 2017...

CLIMATE NORMAL PERIOD 1981 TO 2010
CLIMATE RECORD PERIOD 1885 TO 2017


WEATHER ITEM   OBSERVED TIME   RECORD YEAR NORMAL DEPARTURE LAST
                VALUE   (LST)  VALUE       VALUE  FROM      YEAR
                                                  NORMAL
..................................................................
TEMPERATURE (F)
 YESTERDAY
  MAXIMUM         34    354 PM  62    1990  38     -4       57
  MINIMUM         24    211 AM -18    1888  19      5       29
  AVERAGE         29                        28      1       43

PRECIPITATION (IN)
  YESTERDAY        0.00          0.97 1960   0.02  -0.02     0.00
  MONTH TO DATE    0.11                      0.21  -0.10     0.42
  SINCE DEC 1      1.04                      1.06  -0.02     3.06
  SINCE JAN 1      0.11                      0.21  -0.10     0.42

SNOWFALL (IN)
  YESTERDAY        0.0           3.3  1960   0.1   -0.1      0.0
  MONTH TO DATE    1.0                       2.3   -1.3       T
  SINCE JAN 1      1.0                       2.3   -1.3       T
  SINCE JUL 1      3.2                       8.8   -5.6      1.3
  SNOW DEPTH       0

DEGREE DAYS
 HEATING
  YESTERDAY       36                        37     -1       22
  MONTH TO DATE  580                       518     62      491
  SINCE DEC 1   1684                      1603     81     1366
  SINCE JUL 1   2381                      2695   -314     2134

 COOLING
  YESTERDAY        0                         0      0        0
  MONTH TO DATE    0                         0      0        0
  SINCE DEC 1      0                         0      0        0
  SINCE JAN 1      0                         0      0        0
..................................................................


WIND (MPH)
  HIGHEST WIND SPEED     7   HIGHEST WIND DIRECTION    NE (60)
  HIGHEST GUST SPEED     9   HIGHEST GUST DIRECTION     N (360)
  AVERAGE WIND SPEED     2.5


SKY COVER
  AVERAGE SKY COVER 0.9


WEATHER CONDITIONS
 THE FOLLOWING WEATHER WAS RECORDED YESTERDAY.
  NO SIGNIFICANT WEATHER WAS OBSERVED.


RELATIVE HUMIDITY (PERCENT)
 HIGHEST    58          1100 PM
 LOWEST     38           200 PM
 AVERAGE    48

..........................................................


THE CONCORDIA KS CLIMATE NORMALS FOR TODAY
                         NORMAL    RECORD    YEAR
 MAXIMUM TEMPERATURE (F)   39        68      1943
 MINIMUM TEMPERATURE (F)   19       -25      1888


SUNRISE AND SUNSET
JANUARY 15 2017.......SUNRISE   749 AM CST   SUNSET   531 PM CST
JANUARY 16 2017.......SUNRISE   749 AM CST   SUNSET   533 PM CST


-  INDICATES NEGATIVE NUMBERS.
R  INDICATES RECORD WAS SET OR TIED.
MM INDICATES DATA IS MISSING.
T  INDICATES TRACE AMOUNT.




$$
