000
CDUS43 KTOP 140632
CLICNK


CLIMATE REPORT
NATIONAL WEATHER SERVICE TOPEKA KS
132 AM CDT WED JUN 14 2017


...................................

...THE CONCORDIA KS CLIMATE SUMMARY FOR JUNE 13 2017...

CLIMATE NORMAL PERIOD 1981 TO 2010
CLIMATE RECORD PERIOD 1885 TO 2017


WEATHER ITEM   OBSERVED TIME   RECORD YEAR NORMAL DEPARTURE LAST
                VALUE   (LST)  VALUE       VALUE  FROM      YEAR
                                                  NORMAL
..................................................................
TEMPERATURE (F)
 YESTERDAY
  MAXIMUM         95    426 PM 106    1953  84     11       91
  MINIMUM         68   1158 PM  43    1969  61      7       71
  AVERAGE         82                        73      9       81

PRECIPITATION (IN)
  YESTERDAY        T             1.80 1986   0.13  -0.13     0.00
  MONTH TO DATE    0.48                      1.73  -1.25     0.00
  SINCE JUN 1      0.48                      1.73  -1.25     0.00
  SINCE JAN 1     18.86                     11.72   7.14    12.17

SNOWFALL (IN)
  YESTERDAY        0.0           0.0    MM   0.0    0.0      0.0
  MONTH TO DATE    0.0                       0.0    0.0      0.0
  SINCE JAN 1      2.1                      13.7  -11.6     12.3
  SINCE JUL 1      4.3                      20.2  -15.9     13.6
  SNOW DEPTH       0

DEGREE DAYS
 HEATING
  YESTERDAY        0                         0      0        0
  MONTH TO DATE    0                        11    -11        0
  SINCE JUN 1      0                        11    -11        0
  SINCE JUL 1   4564                      5406   -842     4364

 COOLING
  YESTERDAY       17                         8      9       16
  MONTH TO DATE  142                        84     58      136
  SINCE JUN 1    142                        84     58      136
  SINCE JAN 1    220                       173     47      196
..................................................................


WIND (MPH)
  HIGHEST WIND SPEED    40   HIGHEST WIND DIRECTION     S (190)
  HIGHEST GUST SPEED    53   HIGHEST GUST DIRECTION     S (180)
  AVERAGE WIND SPEED    20.7


SKY COVER
  AVERAGE SKY COVER 0.0


WEATHER CONDITIONS
 THE FOLLOWING WEATHER WAS RECORDED YESTERDAY.
  THUNDERSTORM
  LIGHT RAIN


RELATIVE HUMIDITY (PERCENT)
 HIGHEST    79           100 AM
 LOWEST     36           400 PM
 AVERAGE    58

..........................................................


THE CONCORDIA KS CLIMATE NORMALS FOR TODAY
                         NORMAL    RECORD    YEAR
 MAXIMUM TEMPERATURE (F)   85       100      1987
                                             1952
                                             1918
 MINIMUM TEMPERATURE (F)   62        47      1942


SUNRISE AND SUNSET
JUNE 14 2017..........SUNRISE   603 AM CDT   SUNSET   859 PM CDT
JUNE 15 2017..........SUNRISE   603 AM CDT   SUNSET   900 PM CDT


-  INDICATES NEGATIVE NUMBERS.
R  INDICATES RECORD WAS SET OR TIED.
MM INDICATES DATA IS MISSING.
T  INDICATES TRACE AMOUNT.




$$
