000
CDUS43 KTOP 160638
CLICNK


CLIMATE REPORT
NATIONAL WEATHER SERVICE TOPEKA KS
1238 AM CST MON JAN 16 2017


...................................

...THE CONCORDIA KS CLIMATE SUMMARY FOR JANUARY 15 2017...

CLIMATE NORMAL PERIOD 1981 TO 2010
CLIMATE RECORD PERIOD 1885 TO 2017


WEATHER ITEM   OBSERVED TIME   RECORD YEAR NORMAL DEPARTURE LAST
                VALUE   (LST)  VALUE       VALUE  FROM      YEAR
                                                  NORMAL
..................................................................
TEMPERATURE (F)
 YESTERDAY
  MAXIMUM         31   1159 PM  68    1943  39     -8       37
  MINIMUM         27    731 AM -25    1888  19      8       21
  AVERAGE         29                        28      1       29

PRECIPITATION (IN)
  YESTERDAY        0.56          0.96 1889   0.02   0.54     0.00
  MONTH TO DATE    0.67                      0.23   0.44     0.42
  SINCE DEC 1      1.60                      1.08   0.52     3.06
  SINCE JAN 1      0.67                      0.23   0.44     0.42

SNOWFALL (IN)
  YESTERDAY        0.0           1.6  1984   0.2   -0.2      0.0
  MONTH TO DATE    1.0                       2.5   -1.5       T
  SINCE JAN 1      1.0                       2.5   -1.5       T
  SINCE JUL 1      3.2                       9.0   -5.8      1.3
  SNOW DEPTH       0

DEGREE DAYS
 HEATING
  YESTERDAY       36                        36      0       36
  MONTH TO DATE  616                       554     62      527
  SINCE DEC 1   1720                      1639     81     1402
  SINCE JUL 1   2417                      2731   -314     2170

 COOLING
  YESTERDAY        0                         0      0        0
  MONTH TO DATE    0                         0      0        0
  SINCE DEC 1      0                         0      0        0
  SINCE JAN 1      0                         0      0        0
..................................................................


WIND (MPH)
  HIGHEST WIND SPEED     9   HIGHEST WIND DIRECTION     E (80)
  HIGHEST GUST SPEED    13   HIGHEST GUST DIRECTION    NE (60)
  AVERAGE WIND SPEED     5.4


SKY COVER
  AVERAGE SKY COVER 1.0


WEATHER CONDITIONS
 THE FOLLOWING WEATHER WAS RECORDED YESTERDAY.
  FREEZING RAIN
  LT FREEZING RAIN
  FOG


RELATIVE HUMIDITY (PERCENT)
 HIGHEST   100           900 AM
 LOWEST     53          1200 AM
 AVERAGE    77

..........................................................


THE CONCORDIA KS CLIMATE NORMALS FOR TODAY
                         NORMAL    RECORD    YEAR
 MAXIMUM TEMPERATURE (F)   39        72      1894
 MINIMUM TEMPERATURE (F)   19       -18      1888


SUNRISE AND SUNSET
JANUARY 16 2017.......SUNRISE   749 AM CST   SUNSET   533 PM CST
JANUARY 17 2017.......SUNRISE   748 AM CST   SUNSET   534 PM CST


-  INDICATES NEGATIVE NUMBERS.
R  INDICATES RECORD WAS SET OR TIED.
MM INDICATES DATA IS MISSING.
T  INDICATES TRACE AMOUNT.




$$
