000
CDUS43 KTOP 100652
CLICNK


CLIMATE REPORT
NATIONAL WEATHER SERVICE TOPEKA KS
150 AM CDT TUE OCT 10 2017


...................................

...THE CONCORDIA KS CLIMATE SUMMARY FOR OCTOBER 9 2017...

CLIMATE NORMAL PERIOD 1981 TO 2010
CLIMATE RECORD PERIOD 1885 TO 2017


WEATHER ITEM   OBSERVED TIME   RECORD YEAR NORMAL DEPARTURE LAST
                VALUE   (LST)  VALUE       VALUE  FROM      YEAR
                                                  NORMAL
..................................................................
TEMPERATURE (F)
 YESTERDAY
  MAXIMUM         58   1233 PM  91    1921  70    -12       76
  MINIMUM         40   1159 PM  27    1964  46     -6       45
  AVERAGE         49                        58     -9       61

PRECIPITATION (IN)
  YESTERDAY        0.10          1.86 1914   0.06   0.04     0.00
  MONTH TO DATE    3.34                      0.65   2.69     0.84
  SINCE SEP 1      8.59                      3.56   5.03     2.84
  SINCE JAN 1     36.04                     24.66  11.38    28.36

SNOWFALL (IN)
  YESTERDAY       MM             4.6  1970   0.0   MM        0.0
  MONTH TO DATE    0.0                       0.0    0.0      0.0
  SINCE JAN 1      2.1                      13.7  -11.6     12.3
  SINCE JUL 1      0.0                       0.0    0.0      0.0
  SNOW DEPTH       0

DEGREE DAYS
 HEATING
  YESTERDAY       16                         8      8        4
  MONTH TO DATE   25                        62    -37       38
  SINCE SEP 1     52                       132    -80       79
  SINCE JUL 1     52                       135    -83       80

 COOLING
  YESTERDAY        0                         1     -1        0
  MONTH TO DATE   22                        13      9        4
  SINCE SEP 1    230                       173     57      224
  SINCE JAN 1   1368                      1339     29     1506
..................................................................


WIND (MPH)
  HIGHEST WIND SPEED    23   HIGHEST WIND DIRECTION    NE (40)
  HIGHEST GUST SPEED    31   HIGHEST GUST DIRECTION    NE (30)
  AVERAGE WIND SPEED    20.6


SKY COVER
  AVERAGE SKY COVER 0.9


WEATHER CONDITIONS
 THE FOLLOWING WEATHER WAS RECORDED YESTERDAY.
  THUNDERSTORM
  HEAVY RAIN
  LIGHT RAIN
  FOG


RELATIVE HUMIDITY (PERCENT)
 HIGHEST    80          1200 AM
 LOWEST     51           100 PM
 AVERAGE    66

..........................................................


THE CONCORDIA KS CLIMATE NORMALS FOR TODAY
                         NORMAL    RECORD    YEAR
 MAXIMUM TEMPERATURE (F)   70        95      1963
 MINIMUM TEMPERATURE (F)   46        25      1906


SUNRISE AND SUNSET
OCTOBER 10 2017.......SUNRISE   736 AM CDT   SUNSET   658 PM CDT
OCTOBER 11 2017.......SUNRISE   737 AM CDT   SUNSET   657 PM CDT


-  INDICATES NEGATIVE NUMBERS.
R  INDICATES RECORD WAS SET OR TIED.
MM INDICATES DATA IS MISSING.
T  INDICATES TRACE AMOUNT.




$$
