000
CDUS43 KTOP 200634
CLICNK


CLIMATE REPORT
NATIONAL WEATHER SERVICE TOPEKA KS
134 AM CDT WED APR 20 2016


...................................

...THE CONCORDIA KS CLIMATE SUMMARY FOR APRIL 19 2016...

CLIMATE NORMAL PERIOD 1981 TO 2010
CLIMATE RECORD PERIOD 1885 TO 2016


WEATHER ITEM   OBSERVED TIME   RECORD YEAR NORMAL DEPARTURE LAST
                VALUE   (LST)  VALUE       VALUE  FROM      YEAR
                                                  NORMAL
..................................................................
TEMPERATURE (F)
 YESTERDAY
  MAXIMUM         64    147 PM  89    1955  66     -2       57
  MINIMUM         47    628 AM  27    2013  42      5       42
  AVERAGE         56                        54      2       50

PRECIPITATION (IN)
  YESTERDAY        0.22          2.25 1929   0.08   0.14     0.03
  MONTH TO DATE    1.03                      1.44  -0.41     1.07
  SINCE MAR 1      1.48                      3.45  -1.97     1.18
  SINCE JAN 1      3.04                      4.82  -1.78     2.70

SNOWFALL (IN)
  YESTERDAY        0.0           T    1950   0.0    0.0      0.0
  MONTH TO DATE    0.0                       0.5   -0.5      0.0
  SINCE JAN 1     12.3                      13.7   -1.4      5.6
  SINCE JUL 1     13.6                      20.2   -6.6     11.7
  SNOW DEPTH       0

DEGREE DAYS
 HEATING
  YESTERDAY        9                        11     -2       15
  MONTH TO DATE  179                       267    -88      167
  SINCE MAR 1    667                       951   -284      714
  SINCE JUL 1   4138                      5158  -1020     4921

 COOLING
  YESTERDAY        0                         1     -1        0
  MONTH TO DATE    1                         4     -3        4
  SINCE MAR 1      4                         5     -1        8
  SINCE JAN 1      4                         5     -1        8
..................................................................


WIND (MPH)
  HIGHEST WIND SPEED    16   HIGHEST WIND DIRECTION     N (360)
  HIGHEST GUST SPEED    19   HIGHEST GUST DIRECTION     N (360)
  AVERAGE WIND SPEED     6.8


SKY COVER
  AVERAGE SKY COVER 0.8


WEATHER CONDITIONS
 THE FOLLOWING WEATHER WAS RECORDED YESTERDAY.
  RAIN
  LIGHT RAIN
  FOG


RELATIVE HUMIDITY (PERCENT)
 HIGHEST    93           500 AM
 LOWEST     52           300 PM
 AVERAGE    73

..........................................................


THE CONCORDIA KS CLIMATE NORMALS FOR TODAY
                         NORMAL    RECORD    YEAR
 MAXIMUM TEMPERATURE (F)   66       100      1902
 MINIMUM TEMPERATURE (F)   43        25      1953


SUNRISE AND SUNSET
APRIL 20 2016.........SUNRISE   645 AM CDT   SUNSET   814 PM CDT
APRIL 21 2016.........SUNRISE   644 AM CDT   SUNSET   815 PM CDT


-  INDICATES NEGATIVE NUMBERS.
R  INDICATES RECORD WAS SET OR TIED.
MM INDICATES DATA IS MISSING.
T  INDICATES TRACE AMOUNT.




$$
