387
CDUS43 KTOP 130635
CLICNK


CLIMATE REPORT
NATIONAL WEATHER SERVICE TOPEKA KS
1234 AM CST WED DEC 13 2017


...................................

...THE CONCORDIA KS CLIMATE SUMMARY FOR DECEMBER 12 2017...

CLIMATE NORMAL PERIOD 1981 TO 2010
CLIMATE RECORD PERIOD 1885 TO 2017


WEATHER ITEM   OBSERVED TIME   RECORD YEAR NORMAL DEPARTURE LAST
                VALUE   (LST)  VALUE       VALUE  FROM      YEAR
                                                  NORMAL
..................................................................
TEMPERATURE (F)
 YESTERDAY
  MAXIMUM         49    412 PM  70    1921  40      9       38
  MINIMUM         25    609 AM -11    1932  21      4       13
  AVERAGE         37                        30      7       26

PRECIPITATION (IN)
  YESTERDAY        0.00          0.49 2015   0.04  -0.04     0.00
  MONTH TO DATE    T                         0.40  -0.40     0.48
  SINCE DEC 1      T                         0.40  -0.40     0.48
  SINCE JAN 1     36.34                     27.44   8.90    29.57

SNOWFALL (IN)
  YESTERDAY        0.0           3.2  1972   0.1   -0.1      0.0
  MONTH TO DATE    T                         1.5   -1.5      0.4
  SINCE JAN 1      2.1                      17.9  -15.8     12.7
  SINCE JUL 1      T                         4.2   -4.2      0.4
  SNOW DEPTH       0

DEGREE DAYS
 HEATING
  YESTERDAY       28                        35     -7       39
  MONTH TO DATE  303                       398    -95      434
  SINCE DEC 1    303                       398    -95      434
  SINCE JUL 1   1240                      1490   -250     1131

 COOLING
  YESTERDAY        0                         0      0        0
  MONTH TO DATE    0                         0      0        0
  SINCE DEC 1      0                         0      0        0
  SINCE JAN 1   1370                      1349     21     1540
..................................................................


WIND (MPH)
  HIGHEST WIND SPEED    18   HIGHEST WIND DIRECTION     N (350)
  HIGHEST GUST SPEED    25   HIGHEST GUST DIRECTION     N (350)
  AVERAGE WIND SPEED     9.0


SKY COVER
  AVERAGE SKY COVER 0.1


WEATHER CONDITIONS
 THE FOLLOWING WEATHER WAS RECORDED YESTERDAY.
  HAZE


RELATIVE HUMIDITY (PERCENT)
 HIGHEST    88           600 AM
 LOWEST     39           400 PM
 AVERAGE    64

..........................................................


THE CONCORDIA KS CLIMATE NORMALS FOR TODAY
                         NORMAL    RECORD    YEAR
 MAXIMUM TEMPERATURE (F)   39        75      1921
 MINIMUM TEMPERATURE (F)   21        -8      1985
                                             1917


SUNRISE AND SUNSET
DECEMBER 13 2017......SUNRISE   743 AM CST   SUNSET   507 PM CST
DECEMBER 14 2017......SUNRISE   743 AM CST   SUNSET   507 PM CST


-  INDICATES NEGATIVE NUMBERS.
R  INDICATES RECORD WAS SET OR TIED.
MM INDICATES DATA IS MISSING.
T  INDICATES TRACE AMOUNT.




$$
