001
CDUS43 KTOP 240636
CLICNK


CLIMATE REPORT
NATIONAL WEATHER SERVICE TOPEKA KS
136 AM CDT TUE MAY 24 2016


...................................

...THE CONCORDIA KS CLIMATE SUMMARY FOR MAY 23 2016...

CLIMATE NORMAL PERIOD 1981 TO 2010
CLIMATE RECORD PERIOD 1885 TO 2016


WEATHER ITEM   OBSERVED TIME   RECORD YEAR NORMAL DEPARTURE LAST
                VALUE   (LST)  VALUE       VALUE  FROM      YEAR
                                                  NORMAL
..................................................................
TEMPERATURE (F)
 YESTERDAY
  MAXIMUM         75    254 PM  96    2012  76     -1       61
  MINIMUM         65    923 AM  38    1893  54     11       53
  AVERAGE         70                        65      5       57

PRECIPITATION (IN)
  YESTERDAY        0.02          2.52 2008   0.15  -0.13     0.25
  MONTH TO DATE    4.79                      3.02   1.77     3.13
  SINCE MAR 1      7.14                      7.48  -0.34     5.47
  SINCE JAN 1      8.70                      8.85  -0.15     6.99

SNOWFALL (IN)
  YESTERDAY        0.0           T    1946   0.0    0.0      0.0
  MONTH TO DATE    0.0                       0.0    0.0      0.0
  SINCE JAN 1     12.3                      13.7   -1.4      5.6
  SINCE JUL 1     13.6                      20.2   -6.6     11.7
  SNOW DEPTH       0

DEGREE DAYS
 HEATING
  YESTERDAY        0                         3     -3        8
  MONTH TO DATE  139                       114     25      126
  SINCE MAR 1    893                      1171   -278      962
  SINCE JUL 1   4364                      5378  -1014     5169

 COOLING
  YESTERDAY        5                         3      2        0
  MONTH TO DATE   18                        40    -22       35
  SINCE MAR 1     29                        57    -28       43
  SINCE JAN 1     29                        57    -28       43
..................................................................


WIND (MPH)
  HIGHEST WIND SPEED    24   HIGHEST WIND DIRECTION     S (170)
  HIGHEST GUST SPEED    31   HIGHEST GUST DIRECTION     S (170)
  AVERAGE WIND SPEED    13.5


SKY COVER
  AVERAGE SKY COVER 0.4


WEATHER CONDITIONS
 THE FOLLOWING WEATHER WAS RECORDED YESTERDAY.
  THUNDERSTORM
  LIGHT RAIN
  FOG


RELATIVE HUMIDITY (PERCENT)
 HIGHEST    87           300 AM
 LOWEST     64           200 PM
 AVERAGE    76

..........................................................


THE CONCORDIA KS CLIMATE NORMALS FOR TODAY
                         NORMAL    RECORD    YEAR
 MAXIMUM TEMPERATURE (F)   77        99      1967
 MINIMUM TEMPERATURE (F)   55        36      1924


SUNRISE AND SUNSET
MAY 24 2016...........SUNRISE   609 AM CDT   SUNSET   846 PM CDT
MAY 25 2016...........SUNRISE   608 AM CDT   SUNSET   847 PM CDT


-  INDICATES NEGATIVE NUMBERS.
R  INDICATES RECORD WAS SET OR TIED.
MM INDICATES DATA IS MISSING.
T  INDICATES TRACE AMOUNT.




$$
