000
CDUS43 KTOP 102237
CLICNK


CLIMATE REPORT
NATIONAL WEATHER SERVICE TOPEKA KS
436 PM CST SUN DEC 10 2017


...................................

...THE CONCORDIA KS CLIMATE SUMMARY FOR DECEMBER 10 2017...
VALID TODAY AS OF 430 PM LOCAL TIME.

CLIMATE NORMAL PERIOD 1981 TO 2010
CLIMATE RECORD PERIOD 1885 TO 2017


WEATHER ITEM   OBSERVED TIME   RECORD YEAR NORMAL DEPARTURE LAST
                VALUE   (LST)  VALUE       VALUE  FROM      YEAR
                                                  NORMAL
..................................................................
TEMPERATURE (F)
 TODAY
  MAXIMUM         65    348 PM  71    1890  40     25       39
  MINIMUM         34    514 AM -14    1919  21     13       17
  AVERAGE         50                        31     19       28

PRECIPITATION (IN)
  TODAY            0.00          1.02 1943   0.03  -0.03     0.00
  MONTH TO DATE    T                         0.33  -0.33     0.48
  SINCE DEC 1      T                         0.33  -0.33     0.48
  SINCE JAN 1     36.34                     27.37   8.97    29.57

SNOWFALL (IN)
  TODAY           MM             2.9  1955   0.1   MM        0.0
  MONTH TO DATE    T                         1.2   -1.2      0.4
  SINCE JAN 1      2.1                      17.6  -15.5     12.7
  SINCE JUL 1      T                         3.9   -3.9      0.4
  SNOW DEPTH      MM

DEGREE DAYS
 HEATING
  TODAY           15                        34    -19       37
  MONTH TO DATE  256                       328    -72      355
  SINCE DEC 1    256                       328    -72      355
  SINCE JUL 1   1193                      1420   -227     1052

 COOLING
  TODAY            0                         0      0        0
  MONTH TO DATE    0                         0      0        0
  SINCE DEC 1      0                         0      0        0
  SINCE JAN 1   1370                      1349     21     1540
..................................................................


WIND (MPH)
  HIGHEST WIND SPEED    18   HIGHEST WIND DIRECTION    NW (320)
  HIGHEST GUST SPEED    24   HIGHEST GUST DIRECTION    NW (320)
  AVERAGE WIND SPEED    13.5



WEATHER CONDITIONS
 THE FOLLOWING WEATHER WAS RECORDED TODAY.
  NO SIGNIFICANT WEATHER WAS OBSERVED.


RELATIVE HUMIDITY (PERCENT)
 HIGHEST    51           500 AM
 LOWEST     13           400 PM
 AVERAGE    32

..........................................................


THE CONCORDIA KS CLIMATE NORMALS FOR TOMORROW
                         NORMAL    RECORD    YEAR
 MAXIMUM TEMPERATURE (F)   40        72      1939
 MINIMUM TEMPERATURE (F)   21        -6      1932


SUNRISE AND SUNSET
DECEMBER 10 2017......SUNRISE   740 AM CST   SUNSET   507 PM CST
DECEMBER 11 2017......SUNRISE   741 AM CST   SUNSET   507 PM CST


-  INDICATES NEGATIVE NUMBERS.
R  INDICATES RECORD WAS SET OR TIED.
MM INDICATES DATA IS MISSING.
T  INDICATES TRACE AMOUNT.




$$
