000
CDUS43 KTOP 280633
CLICNK


CLIMATE REPORT
NATIONAL WEATHER SERVICE TOPEKA KS
132 AM CDT WED JUN 28 2017


...................................

...THE CONCORDIA KS CLIMATE SUMMARY FOR JUNE 27 2017...

CLIMATE NORMAL PERIOD 1981 TO 2010
CLIMATE RECORD PERIOD 1885 TO 2017


WEATHER ITEM   OBSERVED TIME   RECORD YEAR NORMAL DEPARTURE LAST
                VALUE   (LST)  VALUE       VALUE  FROM      YEAR
                                                  NORMAL
..................................................................
TEMPERATURE (F)
 YESTERDAY
  MAXIMUM         89    529 PM 107    2012  89      0       95
  MINIMUM         57    515 AM  47    1968  65     -8       66
  AVERAGE         73                        77     -4       81

PRECIPITATION (IN)
  YESTERDAY        0.00          3.45 1949   0.14  -0.14      T
  MONTH TO DATE    0.72                      3.64  -2.92     0.22
  SINCE JUN 1      0.72                      3.64  -2.92     0.22
  SINCE JAN 1     19.10                     13.63   5.47    12.39

SNOWFALL (IN)
  YESTERDAY        0.0           T    1953   0.0    0.0      0.0
  MONTH TO DATE    0.0                       0.0    0.0      0.0
  SINCE JAN 1      2.1                      13.7  -11.6     12.3
  SINCE JUL 1      4.3                      20.2  -15.9     13.6
  SNOW DEPTH       0

DEGREE DAYS
 HEATING
  YESTERDAY        0                         0      0        0
  MONTH TO DATE    2                        11     -9        0
  SINCE JUN 1      2                        11     -9        0
  SINCE JUL 1   4566                      5406   -840     4364

 COOLING
  YESTERDAY        8                        12     -4       16
  MONTH TO DATE  302                       229     73      380
  SINCE JUN 1    302                       229     73      380
  SINCE JAN 1    380                       318     62      440
..................................................................


WIND (MPH)
  HIGHEST WIND SPEED    28   HIGHEST WIND DIRECTION     S (160)
  HIGHEST GUST SPEED    39   HIGHEST GUST DIRECTION     S (170)
  AVERAGE WIND SPEED    16.4


SKY COVER
  AVERAGE SKY COVER 0.4


WEATHER CONDITIONS
 THE FOLLOWING WEATHER WAS RECORDED YESTERDAY.
  FOG


RELATIVE HUMIDITY (PERCENT)
 HIGHEST   100          1200 AM
 LOWEST     56           500 PM
 AVERAGE    78

..........................................................


THE CONCORDIA KS CLIMATE NORMALS FOR TODAY
                         NORMAL    RECORD    YEAR
 MAXIMUM TEMPERATURE (F)   89       104      2012
                                             1990
 MINIMUM TEMPERATURE (F)   66        52      1985


SUNRISE AND SUNSET
JUNE 28 2017..........SUNRISE   606 AM CDT   SUNSET   902 PM CDT
JUNE 29 2017..........SUNRISE   606 AM CDT   SUNSET   902 PM CDT


-  INDICATES NEGATIVE NUMBERS.
R  INDICATES RECORD WAS SET OR TIED.
MM INDICATES DATA IS MISSING.
T  INDICATES TRACE AMOUNT.




$$
