000
CDUS43 KTOP 210631
CLICNK


CLIMATE REPORT
NATIONAL WEATHER SERVICE TOPEKA KS
131 AM CDT TUE MAR 21 2017


...................................

...THE CONCORDIA KS CLIMATE SUMMARY FOR MARCH 20 2017...

CLIMATE NORMAL PERIOD 1981 TO 2010
CLIMATE RECORD PERIOD 1885 TO 2017


WEATHER ITEM   OBSERVED TIME   RECORD YEAR NORMAL DEPARTURE LAST
                VALUE   (LST)  VALUE       VALUE  FROM      YEAR
                                                  NORMAL
..................................................................
TEMPERATURE (F)
 YESTERDAY
  MAXIMUM         72    245 PM  83    2011  56     16       48
                                      1934
                                      1916
  MINIMUM         47    647 AM   6    1906  33     14       22
  AVERAGE         60                        44     16       35

PRECIPITATION (IN)
  YESTERDAY        0.00          0.89 1962   0.07  -0.07     0.00
  MONTH TO DATE    0.07                      1.15  -1.08     0.12
  SINCE MAR 1      0.07                      1.15  -1.08     0.12
  SINCE JAN 1      1.92                      2.52  -0.60     1.68

SNOWFALL (IN)
  YESTERDAY        0.0           5.5  2006   0.1   -0.1      0.0
  MONTH TO DATE    0.8                       1.6   -0.8      0.0
  SINCE JAN 1      2.1                      12.0   -9.9     12.3
  SINCE JUL 1      4.3                      18.5  -14.2     13.6
  SNOW DEPTH       0

DEGREE DAYS
 HEATING
  YESTERDAY        5                        21    -16       30
  MONTH TO DATE  383                       479    -96      324
  SINCE MAR 1    383                       479    -96      324
  SINCE JUL 1   3884                      4686   -802     3795

 COOLING
  YESTERDAY        0                         0      0        0
  MONTH TO DATE    4                         0      4        3
  SINCE MAR 1      4                         0      4        3
  SINCE JAN 1      4                         0      4        3
..................................................................


WIND (MPH)
  HIGHEST WIND SPEED    21   HIGHEST WIND DIRECTION    NE (40)
  HIGHEST GUST SPEED    26   HIGHEST GUST DIRECTION    NE (40)
  AVERAGE WIND SPEED    11.5


SKY COVER
  AVERAGE SKY COVER 0.0


WEATHER CONDITIONS
 THE FOLLOWING WEATHER WAS RECORDED YESTERDAY.
  NO SIGNIFICANT WEATHER WAS OBSERVED.


RELATIVE HUMIDITY (PERCENT)
 HIGHEST    80           600 AM
 LOWEST     40           400 PM
 AVERAGE    60

..........................................................


THE CONCORDIA KS CLIMATE NORMALS FOR TODAY
                         NORMAL    RECORD    YEAR
 MAXIMUM TEMPERATURE (F)   57        97      1907
 MINIMUM TEMPERATURE (F)   33        10      1913


SUNRISE AND SUNSET
MARCH 21 2017.........SUNRISE   732 AM CDT   SUNSET   744 PM CDT
MARCH 22 2017.........SUNRISE   730 AM CDT   SUNSET   745 PM CDT


-  INDICATES NEGATIVE NUMBERS.
R  INDICATES RECORD WAS SET OR TIED.
MM INDICATES DATA IS MISSING.
T  INDICATES TRACE AMOUNT.




$$
