000
CDUS43 KTOP 160633
CLICNK


CLIMATE REPORT
NATIONAL WEATHER SERVICE TOPEKA KS
132 AM CDT MON MAY 16 2016


...................................

...THE CONCORDIA KS CLIMATE SUMMARY FOR MAY 15 2016...

CLIMATE NORMAL PERIOD 1981 TO 2010
CLIMATE RECORD PERIOD 1885 TO 2016


WEATHER ITEM   OBSERVED TIME   RECORD YEAR NORMAL DEPARTURE LAST
                VALUE   (LST)  VALUE       VALUE  FROM      YEAR
                                                  NORMAL
..................................................................
TEMPERATURE (F)
 YESTERDAY
  MAXIMUM         61   1203 PM  91    2012  74    -13       77
                                      1944
  MINIMUM         42    143 AM  26    1907  52    -10       59
  AVERAGE         52                        63    -11       68

PRECIPITATION (IN)
  YESTERDAY        0.23          1.78 1943   0.13   0.10     0.08
  MONTH TO DATE    2.74                      1.87   0.87     2.04
  SINCE MAR 1      5.09                      6.33  -1.24     4.38
  SINCE JAN 1      6.65                      7.70  -1.05     5.90

SNOWFALL (IN)
  YESTERDAY        0.0           T    1990   0.0    0.0      0.0
  MONTH TO DATE    0.0                       0.0    0.0      0.0
  SINCE JAN 1     12.3                      13.7   -1.4      5.6
  SINCE JUL 1     13.6                      20.2   -6.6     11.7
  SNOW DEPTH       0

DEGREE DAYS
 HEATING
  YESTERDAY       13                         4      9        0
  MONTH TO DATE   85                        87     -2       53
  SINCE MAR 1    839                      1144   -305      889
  SINCE JUL 1   4310                      5351  -1041     5096

 COOLING
  YESTERDAY        0                         2     -2        3
  MONTH TO DATE    8                        20    -12       32
  SINCE MAR 1     19                        37    -18       40
  SINCE JAN 1     19                        37    -18       40
..................................................................


WIND (MPH)
  HIGHEST WIND SPEED    14   HIGHEST WIND DIRECTION    NE (60)
  HIGHEST GUST SPEED    18   HIGHEST GUST DIRECTION    NE (50)
  AVERAGE WIND SPEED     7.1


SKY COVER
  AVERAGE SKY COVER 0.6


WEATHER CONDITIONS
 THE FOLLOWING WEATHER WAS RECORDED YESTERDAY.
  LIGHT RAIN
  FOG


RELATIVE HUMIDITY (PERCENT)
 HIGHEST    93          1000 PM
 LOWEST     32          1100 AM
 AVERAGE    63

..........................................................


THE CONCORDIA KS CLIMATE NORMALS FOR TODAY
                         NORMAL    RECORD    YEAR
 MAXIMUM TEMPERATURE (F)   74        92      2001
 MINIMUM TEMPERATURE (F)   52        33      2014


SUNRISE AND SUNSET
MAY 16 2016...........SUNRISE   615 AM CDT   SUNSET   839 PM CDT
MAY 17 2016...........SUNRISE   614 AM CDT   SUNSET   840 PM CDT


-  INDICATES NEGATIVE NUMBERS.
R  INDICATES RECORD WAS SET OR TIED.
MM INDICATES DATA IS MISSING.
T  INDICATES TRACE AMOUNT.




$$
