000
CDUS43 KTOP 130634
CLICNK


CLIMATE REPORT
NATIONAL WEATHER SERVICE TOPEKA KS
1234 AM CST SAT JAN 13 2018


...................................

...THE CONCORDIA KS CLIMATE SUMMARY FOR JANUARY 12 2018...

CLIMATE NORMAL PERIOD 1981 TO 2010
CLIMATE RECORD PERIOD 1885 TO 2018


WEATHER ITEM   OBSERVED TIME   RECORD YEAR NORMAL DEPARTURE LAST
                VALUE   (LST)  VALUE       VALUE  FROM      YEAR
                                                  NORMAL
..................................................................
TEMPERATURE (F)
 YESTERDAY
  MAXIMUM         16    309 PM  61    1987  38    -22       25
                                      1928
  MINIMUM          2    758 AM -21    1912  19    -17        9
  AVERAGE          9                        28    -19       17

PRECIPITATION (IN)
  YESTERDAY        T             0.72 1890   0.02  -0.02     0.00
  MONTH TO DATE    0.17                      0.18  -0.01     0.11
  SINCE DEC 1      0.30                      1.03  -0.73     1.04
  SINCE JAN 1      0.17                      0.18  -0.01     0.11

SNOWFALL (IN)
  YESTERDAY        T             6.9  1979   0.2   -0.2      0.0
  MONTH TO DATE    1.7                       2.0   -0.3      1.0
  SINCE JAN 1      1.7                       2.0   -0.3      1.0
  SINCE JUL 1      3.5                       8.5   -5.0      3.2
  SNOW DEPTH       T

DEGREE DAYS
 HEATING
  YESTERDAY       56                        37     19       48
  MONTH TO DATE  480                       444     36      501
  SINCE DEC 1   1516                      1529    -13     1605
  SINCE JUL 1   2453                      2621   -168     2302

 COOLING
  YESTERDAY        0                         0      0        0
  MONTH TO DATE    0                         0      0        0
  SINCE DEC 1      0                         0      0        0
  SINCE JAN 1      0                         0      0        0
..................................................................


WIND (MPH)
  HIGHEST WIND SPEED    15   HIGHEST WIND DIRECTION    NW (330)
  HIGHEST GUST SPEED    19   HIGHEST GUST DIRECTION    NW (320)
  AVERAGE WIND SPEED     8.9


SKY COVER
  AVERAGE SKY COVER 0.4


WEATHER CONDITIONS
 THE FOLLOWING WEATHER WAS RECORDED YESTERDAY.
  NO SIGNIFICANT WEATHER WAS OBSERVED.


RELATIVE HUMIDITY (PERCENT)
 HIGHEST    79           400 AM
 LOWEST     53           300 PM
 AVERAGE    66

..........................................................


THE CONCORDIA KS CLIMATE NORMALS FOR TODAY
                         NORMAL    RECORD    YEAR
 MAXIMUM TEMPERATURE (F)   38        67      1996
 MINIMUM TEMPERATURE (F)   19       -16      1916


SUNRISE AND SUNSET
JANUARY 13 2018.......SUNRISE   750 AM CST   SUNSET   529 PM CST
JANUARY 14 2018.......SUNRISE   750 AM CST   SUNSET   530 PM CST


-  INDICATES NEGATIVE NUMBERS.
R  INDICATES RECORD WAS SET OR TIED.
MM INDICATES DATA IS MISSING.
T  INDICATES TRACE AMOUNT.




$$
