000
CDUS43 KTOP 080633
CLICNK


CLIMATE REPORT
NATIONAL WEATHER SERVICE TOPEKA KS
1231 AM CST WED NOV 8 2017


...................................

...THE CONCORDIA KS CLIMATE SUMMARY FOR NOVEMBER 7 2017...

CLIMATE NORMAL PERIOD 1981 TO 2010
CLIMATE RECORD PERIOD 1885 TO 2017


WEATHER ITEM   OBSERVED TIME   RECORD YEAR NORMAL DEPARTURE LAST
                VALUE   (LST)  VALUE       VALUE  FROM      YEAR
                                                  NORMAL
..................................................................
TEMPERATURE (F)
 YESTERDAY
  MAXIMUM         46    310 PM  82    1915  57    -11       56
  MINIMUM         29   1159 PM   7    1991  35     -6       51
  AVERAGE         38                        46     -8       54

PRECIPITATION (IN)
  YESTERDAY        0.00          0.67 1925   0.04  -0.04     0.34
  MONTH TO DATE    0.00                      0.32  -0.32     0.35
  SINCE SEP 1      8.75                      5.15   3.60     3.35
  SINCE JAN 1     36.20                     26.25   9.95    28.87

SNOWFALL (IN)
  YESTERDAY        0.0           1.3  1953   0.1   -0.1      0.0
  MONTH TO DATE    0.0                       0.3   -0.3      0.0
  SINCE JAN 1      2.1                      14.2  -12.1     12.3
  SINCE JUL 1      T                         0.5   -0.5      0.0
  SNOW DEPTH       0

DEGREE DAYS
 HEATING
  YESTERDAY       27                        19      8       11
  MONTH TO DATE  164                       121     43       42
  SINCE SEP 1    490                       509    -19      254
  SINCE JUL 1    490                       512    -22      255

 COOLING
  YESTERDAY        0                         0      0        0
  MONTH TO DATE    0                         0      0        0
  SINCE SEP 1    232                       182     50      258
  SINCE JAN 1   1370                      1348     22     1540
..................................................................


WIND (MPH)
  HIGHEST WIND SPEED    21   HIGHEST WIND DIRECTION    NE (30)
  HIGHEST GUST SPEED    26   HIGHEST GUST DIRECTION     N (20)
  AVERAGE WIND SPEED     9.9


SKY COVER
  AVERAGE SKY COVER 0.6


WEATHER CONDITIONS
 THE FOLLOWING WEATHER WAS RECORDED YESTERDAY.
  NO SIGNIFICANT WEATHER WAS OBSERVED.


RELATIVE HUMIDITY (PERCENT)
 HIGHEST    72           700 AM
 LOWEST     37           300 PM
 AVERAGE    55

..........................................................


THE CONCORDIA KS CLIMATE NORMALS FOR TODAY
                         NORMAL    RECORD    YEAR
 MAXIMUM TEMPERATURE (F)   57        85      2006
 MINIMUM TEMPERATURE (F)   35        12      1991
                                             1925


SUNRISE AND SUNSET
NOVEMBER  8 2017......SUNRISE   707 AM CST   SUNSET   521 PM CST
NOVEMBER  9 2017......SUNRISE   708 AM CST   SUNSET   520 PM CST


-  INDICATES NEGATIVE NUMBERS.
R  INDICATES RECORD WAS SET OR TIED.
MM INDICATES DATA IS MISSING.
T  INDICATES TRACE AMOUNT.




$$
