719
CDUS43 KTOP 190634
CLICNK


CLIMATE REPORT
NATIONAL WEATHER SERVICE TOPEKA KS
134 AM CDT TUE SEP 19 2017


...................................

...THE CONCORDIA KS CLIMATE SUMMARY FOR SEPTEMBER 18 2017...

CLIMATE NORMAL PERIOD 1981 TO 2010
CLIMATE RECORD PERIOD 1885 TO 2017


WEATHER ITEM   OBSERVED TIME   RECORD YEAR NORMAL DEPARTURE LAST
                VALUE   (LST)  VALUE       VALUE  FROM      YEAR
                                                  NORMAL
..................................................................
TEMPERATURE (F)
 YESTERDAY
  MAXIMUM         81    347 PM 100    1931  79      2       84
                                      1895
  MINIMUM         64    636 AM  36    1901  55      9       58
  AVERAGE         73                        67      6       71

PRECIPITATION (IN)
  YESTERDAY        1.30          1.61 1919   0.10   1.20     0.01
  MONTH TO DATE    2.35                      1.76   0.59     1.73
  SINCE SEP 1      2.35                      1.76   0.59     1.73
  SINCE JAN 1     29.80                     22.86   6.94    27.25

SNOWFALL (IN)
  YESTERDAY        0.0           T    1932   0.0    0.0      0.0
  MONTH TO DATE    0.0                       0.0    0.0      0.0
  SINCE JAN 1      2.1                      13.7  -11.6     12.3
  SINCE JUL 1      0.0                       0.0    0.0      0.0
  SNOW DEPTH       0

DEGREE DAYS
 HEATING
  YESTERDAY        0                         2     -2        0
  MONTH TO DATE   11                        22    -11       13
  SINCE SEP 1     11                        22    -11       13
  SINCE JUL 1     11                        25    -14       14

 COOLING
  YESTERDAY        8                         4      4        6
  MONTH TO DATE  121                       123     -2      130
  SINCE SEP 1    121                       123     -2      130
  SINCE JAN 1   1259                      1289    -30     1412
..................................................................


WIND (MPH)
  HIGHEST WIND SPEED    16   HIGHEST WIND DIRECTION    SE (140)
  HIGHEST GUST SPEED    20   HIGHEST GUST DIRECTION     S (180)
  AVERAGE WIND SPEED     8.5


SKY COVER
  AVERAGE SKY COVER 0.3


WEATHER CONDITIONS
 THE FOLLOWING WEATHER WAS RECORDED YESTERDAY.
  THUNDERSTORM
  HEAVY RAIN
  RAIN
  LIGHT RAIN
  FOG


RELATIVE HUMIDITY (PERCENT)
 HIGHEST   100           700 AM
 LOWEST     71           400 PM
 AVERAGE    86

..........................................................


THE CONCORDIA KS CLIMATE NORMALS FOR TODAY
                         NORMAL    RECORD    YEAR
 MAXIMUM TEMPERATURE (F)   79        98      1931
 MINIMUM TEMPERATURE (F)   55        33      1991


SUNRISE AND SUNSET
SEPTEMBER 19 2017.....SUNRISE   716 AM CDT   SUNSET   732 PM CDT
SEPTEMBER 20 2017.....SUNRISE   717 AM CDT   SUNSET   730 PM CDT


-  INDICATES NEGATIVE NUMBERS.
R  INDICATES RECORD WAS SET OR TIED.
MM INDICATES DATA IS MISSING.
T  INDICATES TRACE AMOUNT.




$$
