000
CDUS43 KTOP 192137
CLICNK


CLIMATE REPORT
NATIONAL WEATHER SERVICE TOPEKA KS
434 PM CDT SAT JUL 19 2014


...................................

...THE CONCORDIA KS CLIMATE SUMMARY FOR JULY 19 2014...
VALID TODAY AS OF 0400 PM LOCAL TIME.

CLIMATE NORMAL PERIOD 1981 TO 2010
CLIMATE RECORD PERIOD 1885 TO 2014


WEATHER ITEM   OBSERVED TIME   RECORD YEAR NORMAL DEPARTURE LAST
                VALUE   (LST)  VALUE       VALUE  FROM      YEAR
                                                  NORMAL
..................................................................
TEMPERATURE (F)
 TODAY
  MAXIMUM         84    259 PM 109    2006  91     -7       96
  MINIMUM         60    545 AM  55    2009  68     -8       72
  AVERAGE         72                        79     -7       84

PRECIPITATION (IN)
  TODAY            0.00          1.97 1908   0.12  -0.12     0.29
  MONTH TO DATE    0.91                      2.60  -1.69     0.83
  SINCE JUN 1      7.61                      6.65   0.96     2.11
  SINCE JAN 1     13.44                     16.64  -3.20    13.50

SNOWFALL (IN)
  TODAY            0.0           T    1900   0.0    0.0      0.0
  MONTH TO DATE    0.0                       0.0    0.0      0.0
  SINCE JAN 1     16.9                      13.7    3.2     20.3
  SINCE JUL 1      0.0                       0.0    0.0      0.0
  SNOW DEPTH       0

DEGREE DAYS
 HEATING
  TODAY            0                         0      0        0
  MONTH TO DATE    2                         0      2        0
  SINCE JUN 1      3                        13    -10       15
  SINCE JUL 1      2                         0      2        0

 COOLING
  TODAY            7                        14     -7       19
  MONTH TO DATE  188                       262    -74      273
  SINCE JUN 1    475                       527    -52      569
  SINCE JAN 1    650                       616     34      672
..................................................................


WIND (MPH)
  HIGHEST WIND SPEED    18   HIGHEST WIND DIRECTION     S (160)
  HIGHEST GUST SPEED    23   HIGHEST GUST DIRECTION    SE (150)
  AVERAGE WIND SPEED    10.6



WEATHER CONDITIONS
 THE FOLLOWING WEATHER WAS RECORDED TODAY.
  NO SIGNIFICANT WEATHER WAS OBSERVED.


RELATIVE HUMIDITY (PERCENT)
 HIGHEST    97           400 AM
 LOWEST     51           300 PM
 AVERAGE    74

..........................................................


THE CONCORDIA KS CLIMATE NORMALS FOR TOMORROW
                         NORMAL    RECORD    YEAR
 MAXIMUM TEMPERATURE (F)   91       108      1934
 MINIMUM TEMPERATURE (F)   68        55      1971
                                             1903


SUNRISE AND SUNSET
JULY 19 2014..........SUNRISE   619 AM CDT   SUNSET   855 PM CDT
JULY 20 2014..........SUNRISE   620 AM CDT   SUNSET   854 PM CDT


-  INDICATES NEGATIVE NUMBERS.
R  INDICATES RECORD WAS SET OR TIED.
MM INDICATES DATA IS MISSING.
T  INDICATES TRACE AMOUNT.




$$
