000
CDUS43 KTOP 250633
CLICNK


CLIMATE REPORT
NATIONAL WEATHER SERVICE TOPEKA KS
131 AM CDT THU SEP 25 2014


...................................

...THE CONCORDIA KS CLIMATE SUMMARY FOR SEPTEMBER 24 2014...

CLIMATE NORMAL PERIOD 1981 TO 2010
CLIMATE RECORD PERIOD 1885 TO 2014


WEATHER ITEM   OBSERVED TIME   RECORD YEAR NORMAL DEPARTURE LAST
                VALUE   (LST)  VALUE       VALUE  FROM      YEAR
                                                  NORMAL
..................................................................
TEMPERATURE (F)
 YESTERDAY
  MAXIMUM         76    410 PM  95    1920  76      0       74
  MINIMUM         59    547 AM  34    1965  52      7       56
  AVERAGE         68                        64      4       65

PRECIPITATION (IN)
  YESTERDAY        0.00          1.47 1931   0.09  -0.09     0.00
  MONTH TO DATE    2.48                      2.36   0.12     0.56
  SINCE SEP 1      2.48                      2.36   0.12     0.56
  SINCE JAN 1     23.14                     23.46  -0.32    24.13

SNOWFALL (IN)
  YESTERDAY        0.0           T    1951   0.0    0.0      0.0
  MONTH TO DATE    0.0                       0.0    0.0      0.0
  SINCE JAN 1     16.9                      13.7    3.2     20.3
  SINCE JUL 1      0.0                       0.0    0.0      0.0
  SNOW DEPTH       0

DEGREE DAYS
 HEATING
  YESTERDAY        0                         4     -4        0
  MONTH TO DATE   82                        42     40        8
  SINCE SEP 1     82                        42     40        8
  SINCE JUL 1     84                        45     39       15

 COOLING
  YESTERDAY        3                         3      0        0
  MONTH TO DATE  105                       144    -39      211
  SINCE SEP 1    105                       144    -39      211
  SINCE JAN 1   1314                      1310      4     1296
..................................................................


WIND (MPH)
  HIGHEST WIND SPEED    17   HIGHEST WIND DIRECTION    SE (150)
  HIGHEST GUST SPEED    23   HIGHEST GUST DIRECTION    SE (150)
  AVERAGE WIND SPEED     7.7


SKY COVER
  AVERAGE SKY COVER 0.2


WEATHER CONDITIONS
 THE FOLLOWING WEATHER WAS RECORDED YESTERDAY.
  NO SIGNIFICANT WEATHER WAS OBSERVED.


RELATIVE HUMIDITY (PERCENT)
 HIGHEST   100          1000 PM
 LOWEST     61          1100 AM
 AVERAGE    81

..........................................................


THE CONCORDIA KS CLIMATE NORMALS FOR TODAY
                         NORMAL    RECORD    YEAR
 MAXIMUM TEMPERATURE (F)   76        94      1998
 MINIMUM TEMPERATURE (F)   52        33      1926


SUNRISE AND SUNSET
SEPTEMBER 25 2014.....SUNRISE   721 AM CDT   SUNSET   723 PM CDT
SEPTEMBER 26 2014.....SUNRISE   722 AM CDT   SUNSET   721 PM CDT


-  INDICATES NEGATIVE NUMBERS.
R  INDICATES RECORD WAS SET OR TIED.
MM INDICATES DATA IS MISSING.
T  INDICATES TRACE AMOUNT.




$$
