928
CDUS43 KTOP 170633
CLICNK


CLIMATE REPORT
NATIONAL WEATHER SERVICE TOPEKA KS
1231 AM CST WED JAN 17 2018


...................................

...THE CONCORDIA KS CLIMATE SUMMARY FOR JANUARY 16 2018...

CLIMATE NORMAL PERIOD 1981 TO 2010
CLIMATE RECORD PERIOD 1885 TO 2018


WEATHER ITEM   OBSERVED TIME   RECORD YEAR NORMAL DEPARTURE LAST
                VALUE   (LST)  VALUE       VALUE  FROM      YEAR
                                                  NORMAL
..................................................................
TEMPERATURE (F)
 YESTERDAY
  MAXIMUM         14    449 PM  72    1894  39    -25       33
  MINIMUM         -3    807 AM -18    1888  19    -22       31
  AVERAGE          6                        28    -22       32

PRECIPITATION (IN)
  YESTERDAY        0.00          0.96 2017   0.01  -0.01     0.96
  MONTH TO DATE    0.37                      0.24   0.13     1.63
  SINCE DEC 1      0.50                      1.09  -0.59     2.56
  SINCE JAN 1      0.37                      0.24   0.13     1.63

SNOWFALL (IN)
  YESTERDAY        0.0           5.0  2008   0.2   -0.2      0.0
  MONTH TO DATE    3.4                       2.7    0.7      1.0
  SINCE JAN 1      3.4                       2.7    0.7      1.0
  SINCE JUL 1      5.2                       9.2   -4.0      3.2
  SNOW DEPTH       1

DEGREE DAYS
 HEATING
  YESTERDAY       59                        36     23       33
  MONTH TO DATE  674                       590     84      649
  SINCE DEC 1   1710                      1675     35     1753
  SINCE JUL 1   2647                      2767   -120     2450

 COOLING
  YESTERDAY        0                         0      0        0
  MONTH TO DATE    0                         0      0        0
  SINCE DEC 1      0                         0      0        0
  SINCE JAN 1      0                         0      0        0
..................................................................


WIND (MPH)
  HIGHEST WIND SPEED    18   HIGHEST WIND DIRECTION    NW (330)
  HIGHEST GUST SPEED    23   HIGHEST GUST DIRECTION     N (340)
  AVERAGE WIND SPEED     7.9


SKY COVER
  AVERAGE SKY COVER 0.1


WEATHER CONDITIONS
 THE FOLLOWING WEATHER WAS RECORDED YESTERDAY.
  NO SIGNIFICANT WEATHER WAS OBSERVED.


RELATIVE HUMIDITY (PERCENT)
 HIGHEST    86          1000 PM
 LOWEST     64           400 PM
 AVERAGE    75

..........................................................


THE CONCORDIA KS CLIMATE NORMALS FOR TODAY
                         NORMAL    RECORD    YEAR
 MAXIMUM TEMPERATURE (F)   39        67      1986
 MINIMUM TEMPERATURE (F)   19       -14      1978


SUNRISE AND SUNSET
JANUARY 17 2018.......SUNRISE   748 AM CST   SUNSET   533 PM CST
JANUARY 18 2018.......SUNRISE   748 AM CST   SUNSET   534 PM CST


-  INDICATES NEGATIVE NUMBERS.
R  INDICATES RECORD WAS SET OR TIED.
MM INDICATES DATA IS MISSING.
T  INDICATES TRACE AMOUNT.




$$
