000
CDUS43 KTOP 100631
CLICNK


CLIMATE REPORT
NATIONAL WEATHER SERVICE TOPEKA KS
131 AM CDT SUN SEP 10 2017


...................................

...THE CONCORDIA KS CLIMATE SUMMARY FOR SEPTEMBER 9 2017...

CLIMATE NORMAL PERIOD 1981 TO 2010
CLIMATE RECORD PERIOD 1885 TO 2017


WEATHER ITEM   OBSERVED TIME   RECORD YEAR NORMAL DEPARTURE LAST
                VALUE   (LST)  VALUE       VALUE  FROM      YEAR
                                                  NORMAL
..................................................................
TEMPERATURE (F)
 YESTERDAY
  MAXIMUM         86    330 PM 100    1919  83      3       85
                                      1904
  MINIMUM         62    619 AM  43    2008  59      3       61
                                      1943
                                      1902
  AVERAGE         74                        71      3       73

PRECIPITATION (IN)
  YESTERDAY        0.01          2.75 1914   0.10  -0.09      T
  MONTH TO DATE    0.03                      0.87  -0.84     0.98
  SINCE SEP 1      0.03                      0.87  -0.84     0.98
  SINCE JAN 1     27.48                     21.97   5.51    26.50

SNOWFALL (IN)
  YESTERDAY        0.0           T    1987   0.0    0.0      0.0
  MONTH TO DATE    0.0                       0.0    0.0      0.0
  SINCE JAN 1      2.1                      13.7  -11.6     12.3
  SINCE JUL 1      0.0                       0.0    0.0      0.0
  SNOW DEPTH       0

DEGREE DAYS
 HEATING
  YESTERDAY        0                         1     -1        0
  MONTH TO DATE    7                         7      0        0
  SINCE SEP 1      7                         7      0        0
  SINCE JUL 1      7                        10     -3        1

 COOLING
  YESTERDAY        9                         7      2        8
  MONTH TO DATE   49                        73    -24       88
  SINCE SEP 1     49                        73    -24       88
  SINCE JAN 1   1187                      1239    -52     1370
..................................................................


WIND (MPH)
  HIGHEST WIND SPEED    23   HIGHEST WIND DIRECTION     S (190)
  HIGHEST GUST SPEED    29   HIGHEST GUST DIRECTION     S (200)
  AVERAGE WIND SPEED    14.1


SKY COVER
  AVERAGE SKY COVER 0.1


WEATHER CONDITIONS
 THE FOLLOWING WEATHER WAS RECORDED YESTERDAY.
  THUNDERSTORM
  LIGHT RAIN


RELATIVE HUMIDITY (PERCENT)
 HIGHEST    73           700 AM
 LOWEST     34           200 PM
 AVERAGE    54

..........................................................


THE CONCORDIA KS CLIMATE NORMALS FOR TODAY
                         NORMAL    RECORD    YEAR
 MAXIMUM TEMPERATURE (F)   83       100      2000
                                             1936
 MINIMUM TEMPERATURE (F)   59        42      1962
                                             1898


SUNRISE AND SUNSET
SEPTEMBER 10 2017.....SUNRISE   707 AM CDT   SUNSET   747 PM CDT
SEPTEMBER 11 2017.....SUNRISE   708 AM CDT   SUNSET   745 PM CDT


-  INDICATES NEGATIVE NUMBERS.
R  INDICATES RECORD WAS SET OR TIED.
MM INDICATES DATA IS MISSING.
T  INDICATES TRACE AMOUNT.




$$
