000
CDUS43 KTOP 220634
CLICNK


CLIMATE REPORT
NATIONAL WEATHER SERVICE TOPEKA KS
134 AM CDT SAT AUG 22 2015


...................................

...THE CONCORDIA KS CLIMATE SUMMARY FOR AUGUST 21 2015...

CLIMATE NORMAL PERIOD 1981 TO 2010
CLIMATE RECORD PERIOD 1885 TO 2015


WEATHER ITEM   OBSERVED TIME   RECORD YEAR NORMAL DEPARTURE LAST
                VALUE   (LST)  VALUE       VALUE  FROM      YEAR
                                                  NORMAL
..................................................................
TEMPERATURE (F)
 YESTERDAY
  MAXIMUM         84    351 PM 104    2001  88     -4       96
  MINIMUM         61    524 AM  51    2004  65     -4       70
                                      1890
  AVERAGE         73                        77     -4       83

PRECIPITATION (IN)
  YESTERDAY        0.00          1.44 1984   0.09  -0.09     1.36
  MONTH TO DATE    3.76                      2.19   1.57     4.30
  SINCE JUN 1     13.44                     10.16   3.28    12.14
  SINCE JAN 1     21.52                     20.15   1.37    17.97

SNOWFALL (IN)
  YESTERDAY        0.0           0.0    MM   0.0    0.0      0.0
  MONTH TO DATE    0.0                       0.0    0.0      0.0
  SINCE JAN 1      5.6                      13.7   -8.1     16.9
  SINCE JUL 1      0.0                       0.0    0.0      0.0
  SNOW DEPTH       0

DEGREE DAYS
 HEATING
  YESTERDAY        0                         0      0        0
  MONTH TO DATE    1                         0      1        0
  SINCE JUN 1      3                        13    -10        3
  SINCE JUL 1      1                         0      1        2

 COOLING
  YESTERDAY        8                        12     -4       18
  MONTH TO DATE  220                       272    -52      254
  SINCE JUN 1    925                       973    -48      903
  SINCE JAN 1    980                      1062    -82     1078
..................................................................


WIND (MPH)
  HIGHEST WIND SPEED    23   HIGHEST WIND DIRECTION     S (160)
  HIGHEST GUST SPEED    29   HIGHEST GUST DIRECTION     S (180)
  AVERAGE WIND SPEED    16.2


SKY COVER
  AVERAGE SKY COVER 0.1


WEATHER CONDITIONS
 THE FOLLOWING WEATHER WAS RECORDED YESTERDAY.
  NO SIGNIFICANT WEATHER WAS OBSERVED.


RELATIVE HUMIDITY (PERCENT)
 HIGHEST    84          1000 PM
 LOWEST     51           200 PM
 AVERAGE    68

..........................................................


THE CONCORDIA KS CLIMATE NORMALS FOR TODAY
                         NORMAL    RECORD    YEAR
 MAXIMUM TEMPERATURE (F)   88       103      1921
 MINIMUM TEMPERATURE (F)   65        49      2009
                                             1891


SUNRISE AND SUNSET
AUGUST 22 2015........SUNRISE   649 AM CDT   SUNSET   817 PM CDT
AUGUST 23 2015........SUNRISE   650 AM CDT   SUNSET   816 PM CDT


-  INDICATES NEGATIVE NUMBERS.
R  INDICATES RECORD WAS SET OR TIED.
MM INDICATES DATA IS MISSING.
T  INDICATES TRACE AMOUNT.




$$
