000
CDUS43 KTOP 150637
CLICNK


CLIMATE REPORT
NATIONAL WEATHER SERVICE TOPEKA KS
136 AM CDT WED OCT 15 2014


...................................

...THE CONCORDIA KS CLIMATE SUMMARY FOR OCTOBER 14 2014...

CLIMATE NORMAL PERIOD 1981 TO 2010
CLIMATE RECORD PERIOD 1885 TO 2014


WEATHER ITEM   OBSERVED TIME   RECORD YEAR NORMAL DEPARTURE LAST
                VALUE   (LST)  VALUE       VALUE  FROM      YEAR
                                                  NORMAL
..................................................................
TEMPERATURE (F)
 YESTERDAY
  MAXIMUM         68    322 PM  90    1897  68      0       63
  MINIMUM         43   1155 PM  28    1885  45     -2       49
  AVERAGE         56                        56      0       56

PRECIPITATION (IN)
  YESTERDAY        0.00          1.44 2008   0.06  -0.06     0.69
  MONTH TO DATE    2.25                      0.96   1.29     0.75
  SINCE SEP 1      5.50                      3.87   1.63     1.88
  SINCE JAN 1     26.16                     24.97   1.19    25.45

SNOWFALL (IN)
  YESTERDAY        0.0           0.0    MM   0.0    0.0      0.0
  MONTH TO DATE    0.0                       0.0    0.0      0.0
  SINCE JAN 1     16.9                      13.7    3.2     20.3
  SINCE JUL 1      0.0                       0.0    0.0      0.0
  SNOW DEPTH       0

DEGREE DAYS
 HEATING
  YESTERDAY        9                         9      0        9
  MONTH TO DATE  124                       106     18       56
  SINCE SEP 1    206                       176     30       70
  SINCE JUL 1    208                       179     29       77

 COOLING
  YESTERDAY        0                         1     -1        0
  MONTH TO DATE    8                        18    -10       32
  SINCE SEP 1    143                       178    -35      274
  SINCE JAN 1   1352                      1344      8     1359
..................................................................


WIND (MPH)
  HIGHEST WIND SPEED    25   HIGHEST WIND DIRECTION     N (340)
  HIGHEST GUST SPEED    32   HIGHEST GUST DIRECTION     N (350)
  AVERAGE WIND SPEED    11.7


SKY COVER
  AVERAGE SKY COVER 0.0


WEATHER CONDITIONS
 THE FOLLOWING WEATHER WAS RECORDED YESTERDAY.
  NO SIGNIFICANT WEATHER WAS OBSERVED.


RELATIVE HUMIDITY (PERCENT)
 HIGHEST    76           500 AM
 LOWEST     30           300 PM
 AVERAGE    53

..........................................................


THE CONCORDIA KS CLIMATE NORMALS FOR TODAY
                         NORMAL    RECORD    YEAR
 MAXIMUM TEMPERATURE (F)   68        91      1938
 MINIMUM TEMPERATURE (F)   44        28      1943


SUNRISE AND SUNSET
OCTOBER 15 2014.......SUNRISE   741 AM CDT   SUNSET   651 PM CDT
OCTOBER 16 2014.......SUNRISE   742 AM CDT   SUNSET   650 PM CDT


-  INDICATES NEGATIVE NUMBERS.
R  INDICATES RECORD WAS SET OR TIED.
MM INDICATES DATA IS MISSING.
T  INDICATES TRACE AMOUNT.




$$
