000
CDUS43 KTOP 240634
CLICNK


CLIMATE REPORT
NATIONAL WEATHER SERVICE TOPEKA KS
133 AM CDT WED SEP 24 2014


...................................

...THE CONCORDIA KS CLIMATE SUMMARY FOR SEPTEMBER 23 2014...

CLIMATE NORMAL PERIOD 1981 TO 2010
CLIMATE RECORD PERIOD 1885 TO 2014


WEATHER ITEM   OBSERVED TIME   RECORD YEAR NORMAL DEPARTURE LAST
                VALUE   (LST)  VALUE       VALUE  FROM      YEAR
                                                  NORMAL
..................................................................
TEMPERATURE (F)
 YESTERDAY
  MAXIMUM         66    607 PM  95    1892  77    -11       80
  MINIMUM         57    618 AM  33    1983  53      4       55
  AVERAGE         62                        65     -3       68

PRECIPITATION (IN)
  YESTERDAY        0.55          2.26 1997   0.10   0.45      T
  MONTH TO DATE    2.48                      2.27   0.21     0.56
  SINCE SEP 1      2.48                      2.27   0.21     0.56
  SINCE JAN 1     23.14                     23.37  -0.23    24.13

SNOWFALL (IN)
  YESTERDAY        0.0           0.0    MM   0.0    0.0      0.0
  MONTH TO DATE    0.0                       0.0    0.0      0.0
  SINCE JAN 1     16.9                      13.7    3.2     20.3
  SINCE JUL 1      0.0                       0.0    0.0      0.0
  SNOW DEPTH       0

DEGREE DAYS
 HEATING
  YESTERDAY        3                         4     -1        0
  MONTH TO DATE   82                        38     44        8
  SINCE SEP 1     82                        38     44        8
  SINCE JUL 1     84                        41     43       15

 COOLING
  YESTERDAY        0                         3     -3        3
  MONTH TO DATE  102                       141    -39      211
  SINCE SEP 1    102                       141    -39      211
  SINCE JAN 1   1311                      1307      4     1296
..................................................................


WIND (MPH)
  HIGHEST WIND SPEED    25   HIGHEST WIND DIRECTION     S (160)
  HIGHEST GUST SPEED    35   HIGHEST GUST DIRECTION     S (160)
  AVERAGE WIND SPEED    12.7


SKY COVER
  AVERAGE SKY COVER 0.6


WEATHER CONDITIONS
 THE FOLLOWING WEATHER WAS RECORDED YESTERDAY.
  THUNDERSTORM
  HEAVY RAIN
  RAIN
  LIGHT RAIN
  FOG


RELATIVE HUMIDITY (PERCENT)
 HIGHEST   100           200 PM
 LOWEST     67          1200 AM
 AVERAGE    84

..........................................................


THE CONCORDIA KS CLIMATE NORMALS FOR TODAY
                         NORMAL    RECORD    YEAR
 MAXIMUM TEMPERATURE (F)   76        95      1920
 MINIMUM TEMPERATURE (F)   52        34      1965


SUNRISE AND SUNSET
SEPTEMBER 24 2014.....SUNRISE   720 AM CDT   SUNSET   724 PM CDT
SEPTEMBER 25 2014.....SUNRISE   721 AM CDT   SUNSET   723 PM CDT


-  INDICATES NEGATIVE NUMBERS.
R  INDICATES RECORD WAS SET OR TIED.
MM INDICATES DATA IS MISSING.
T  INDICATES TRACE AMOUNT.




$$
