000
CDUS43 KTOP 220644
CLICNK


CLIMATE REPORT
NATIONAL WEATHER SERVICE TOPEKA KS
1243 AM CST THU JAN 22 2015


...................................

...THE CONCORDIA KS CLIMATE SUMMARY FOR JANUARY 21 2015...

CLIMATE NORMAL PERIOD 1981 TO 2010
CLIMATE RECORD PERIOD 1885 TO 2015


WEATHER ITEM   OBSERVED TIME   RECORD YEAR NORMAL DEPARTURE LAST
                VALUE   (LST)  VALUE       VALUE  FROM      YEAR
                                                  NORMAL
..................................................................
TEMPERATURE (F)
 YESTERDAY
  MAXIMUM         49    317 PM  63    1964  39     10       28
  MINIMUM         24    715 AM -17    1888  19      5        3
  AVERAGE         37                        29      8       16

PRECIPITATION (IN)
  YESTERDAY        0.00          0.26 1945   0.02  -0.02     0.00
  MONTH TO DATE    0.11                      0.34  -0.23     0.21
  SINCE DEC 1      0.85                      1.19  -0.34     0.75
  SINCE JAN 1      0.11                      0.34  -0.23     0.21

SNOWFALL (IN)
  YESTERDAY        0.0           6.0  1959   0.2   -0.2      0.0
  MONTH TO DATE    1.3                       3.7   -2.4      2.0
  SINCE JAN 1      1.3                       3.7   -2.4      2.0
  SINCE JUL 1      7.4                      10.2   -2.8      8.3
  SNOW DEPTH       0

DEGREE DAYS
 HEATING
  YESTERDAY       28                        36     -8       49
  MONTH TO DATE  781                       770     11      783
  SINCE DEC 1   1756                      1855    -99     1954
  SINCE JUL 1   2919                      2947    -28     3010

 COOLING
  YESTERDAY        0                         0      0        0
  MONTH TO DATE    0                         0      0        0
  SINCE DEC 1      0                         0      0        0
  SINCE JAN 1      0                         0      0        0
..................................................................


WIND (MPH)
  HIGHEST WIND SPEED    21   HIGHEST WIND DIRECTION    NW (330)
  HIGHEST GUST SPEED    25   HIGHEST GUST DIRECTION    NW (330)
  AVERAGE WIND SPEED     9.7


SKY COVER
  AVERAGE SKY COVER 0.1


WEATHER CONDITIONS
 THE FOLLOWING WEATHER WAS RECORDED YESTERDAY.
  HAZE


RELATIVE HUMIDITY (PERCENT)
 HIGHEST    85           900 AM
 LOWEST     31           300 PM
 AVERAGE    58

..........................................................


THE CONCORDIA KS CLIMATE NORMALS FOR TODAY
                         NORMAL    RECORD    YEAR
 MAXIMUM TEMPERATURE (F)   39        64      2002
 MINIMUM TEMPERATURE (F)   19       -12      1888
                                             1886


SUNRISE AND SUNSET
JANUARY 22 2015.......SUNRISE   746 AM CST   SUNSET   539 PM CST
JANUARY 23 2015.......SUNRISE   745 AM CST   SUNSET   540 PM CST


-  INDICATES NEGATIVE NUMBERS.
R  INDICATES RECORD WAS SET OR TIED.
MM INDICATES DATA IS MISSING.
T  INDICATES TRACE AMOUNT.




$$
