000
CDUS43 KTOP 142135
CLICNK


CLIMATE REPORT
NATIONAL WEATHER SERVICE TOPEKA KS
433 PM CDT FRI APR 14 2017


...................................

...THE CONCORDIA KS CLIMATE SUMMARY FOR APRIL 14 2017...
VALID TODAY AS OF 0400 PM LOCAL TIME.

CLIMATE NORMAL PERIOD 1981 TO 2010
CLIMATE RECORD PERIOD 1885 TO 2017


WEATHER ITEM   OBSERVED TIME   RECORD YEAR NORMAL DEPARTURE LAST
                VALUE   (LST)  VALUE       VALUE  FROM      YEAR
                                                  NORMAL
..................................................................
TEMPERATURE (F)
 TODAY
  MAXIMUM         75    246 PM  90    2002  65     10       74
  MINIMUM         58    335 AM  22    1928  41     17       46
  AVERAGE         67                        53     14       60

PRECIPITATION (IN)
  TODAY            0.00          2.30 1999   0.08  -0.08     0.00
  MONTH TO DATE    1.79                      1.06   0.73     0.03
  SINCE MAR 1      4.98                      3.07   1.91     0.48
  SINCE JAN 1      6.83                      4.44   2.39     2.04

SNOWFALL (IN)
  TODAY            0.0           T    1983   0.0    0.0      0.0
  MONTH TO DATE    0.0                       0.4   -0.4      0.0
  SINCE JAN 1      2.1                      13.6  -11.5     12.3
  SINCE JUL 1      4.3                      20.1  -15.8     13.6
  SNOW DEPTH       0

DEGREE DAYS
 HEATING
  TODAY            0                        13    -13        5
  MONTH TO DATE  158                       207    -49      154
  SINCE MAR 1    727                       891   -164      642
  SINCE JUL 1   4228                      5098   -870     4113

 COOLING
  TODAY            2                         0      2        0
  MONTH TO DATE    4                         0      4        0
  SINCE MAR 1      8                         1      7        3
  SINCE JAN 1      8                         1      7        3
..................................................................


WIND (MPH)
  HIGHEST WIND SPEED    32   HIGHEST WIND DIRECTION     S (190)
  HIGHEST GUST SPEED    44   HIGHEST GUST DIRECTION     S (180)
  AVERAGE WIND SPEED    17.3



WEATHER CONDITIONS
 THE FOLLOWING WEATHER WAS RECORDED TODAY.
  FOG


RELATIVE HUMIDITY (PERCENT)
 HIGHEST   100           300 AM
 LOWEST     68           300 PM
 AVERAGE    84

..........................................................


THE CONCORDIA KS CLIMATE NORMALS FOR TOMORROW
                         NORMAL    RECORD    YEAR
 MAXIMUM TEMPERATURE (F)   65        91      1896
 MINIMUM TEMPERATURE (F)   41        22      2014


SUNRISE AND SUNSET
APRIL 14 2017.........SUNRISE   654 AM CDT   SUNSET   808 PM CDT
APRIL 15 2017.........SUNRISE   653 AM CDT   SUNSET   809 PM CDT


-  INDICATES NEGATIVE NUMBERS.
R  INDICATES RECORD WAS SET OR TIED.
MM INDICATES DATA IS MISSING.
T  INDICATES TRACE AMOUNT.

$$
