000
CDUS43 KTOP 030639
CLICNK


CLIMATE REPORT
NATIONAL WEATHER SERVICE TOPEKA KS
138 AM CDT THU AUG 3 2017


...................................

...THE CONCORDIA KS CLIMATE SUMMARY FOR AUGUST 2 2017...

CLIMATE NORMAL PERIOD 1981 TO 2010
CLIMATE RECORD PERIOD 1885 TO 2017


WEATHER ITEM   OBSERVED TIME   RECORD YEAR NORMAL DEPARTURE LAST
                VALUE   (LST)  VALUE       VALUE  FROM      YEAR
                                                  NORMAL
..................................................................
TEMPERATURE (F)
 YESTERDAY
  MAXIMUM         89    202 PM 107    2010  90     -1       86
                                      1930
  MINIMUM         63    538 AM  54    1927  67     -4       72
  AVERAGE         76                        79     -3       79

PRECIPITATION (IN)
  YESTERDAY        0.00          4.42 2013   0.11  -0.11     0.04
  MONTH TO DATE    0.00                      0.22  -0.22     0.04
  SINCE JUN 1      5.68                      8.19  -2.51     7.38
  SINCE JAN 1     24.06                     18.18   5.88    19.55

SNOWFALL (IN)
  YESTERDAY        0.0           0.0    MM   0.0    0.0      0.0
  MONTH TO DATE    0.0                       0.0    0.0      0.0
  SINCE JAN 1      2.1                      13.7  -11.6     12.3
  SINCE JUL 1      0.0                       0.0    0.0      0.0
  SNOW DEPTH       0

DEGREE DAYS
 HEATING
  YESTERDAY        0                         0      0        0
  MONTH TO DATE    0                         0      0        0
  SINCE JUN 1      2                        13    -11        1
  SINCE JUL 1      0                         0      0        1

 COOLING
  YESTERDAY       11                        14     -3       14
  MONTH TO DATE   18                        28    -10       32
  SINCE JUN 1    848                       729    119      899
  SINCE JAN 1    926                       818    108      959
..................................................................


WIND (MPH)
  HIGHEST WIND SPEED    13   HIGHEST WIND DIRECTION     S (180)
  HIGHEST GUST SPEED    15   HIGHEST GUST DIRECTION     S (180)
  AVERAGE WIND SPEED     3.7


SKY COVER
  AVERAGE SKY COVER 0.1


WEATHER CONDITIONS
 THE FOLLOWING WEATHER WAS RECORDED YESTERDAY.
  HAZE


RELATIVE HUMIDITY (PERCENT)
 HIGHEST   100           500 AM
 LOWEST     46           200 PM
 AVERAGE    73

..........................................................


THE CONCORDIA KS CLIMATE NORMALS FOR TODAY
                         NORMAL    RECORD    YEAR
 MAXIMUM TEMPERATURE (F)   90       110      1918
 MINIMUM TEMPERATURE (F)   67        50      1974


SUNRISE AND SUNSET
AUGUST  3 2017........SUNRISE   632 AM CDT   SUNSET   841 PM CDT
AUGUST  4 2017........SUNRISE   633 AM CDT   SUNSET   840 PM CDT


-  INDICATES NEGATIVE NUMBERS.
R  INDICATES RECORD WAS SET OR TIED.
MM INDICATES DATA IS MISSING.
T  INDICATES TRACE AMOUNT.




$$
