300
CDUS43 KTOP 132133
CLICNK


CLIMATE REPORT
NATIONAL WEATHER SERVICE TOPEKA KS
432 PM CDT FRI OCT 13 2017


...................................

...THE CONCORDIA KS CLIMATE SUMMARY FOR OCTOBER 13 2017...
VALID TODAY AS OF 0400 PM LOCAL TIME.

CLIMATE NORMAL PERIOD 1981 TO 2010
CLIMATE RECORD PERIOD 1885 TO 2017


WEATHER ITEM   OBSERVED TIME   RECORD YEAR NORMAL DEPARTURE LAST
                VALUE   (LST)  VALUE       VALUE  FROM      YEAR
                                                  NORMAL
..................................................................
TEMPERATURE (F)
 TODAY
  MAXIMUM         63    245 PM  90    1975  68     -5       59
  MINIMUM         54    602 AM  29    2016  45      9       29
  AVERAGE         59                        57      2       44

PRECIPITATION (IN)
  TODAY            0.00          2.48 2012   0.06  -0.06     0.00
  MONTH TO DATE    3.45                      0.90   2.55     0.94
  SINCE SEP 1      8.70                      3.81   4.89     2.94
  SINCE JAN 1     36.15                     24.91  11.24    28.46

SNOWFALL (IN)
  TODAY            0.0           0.0    MM   0.0    0.0      0.0
  MONTH TO DATE    0.0                       0.0    0.0      0.0
  SINCE JAN 1      2.1                      13.7  -11.6     12.3
  SINCE JUL 1      0.0                       0.0    0.0      0.0
  SNOW DEPTH       0

DEGREE DAYS
 HEATING
  TODAY            6                         9     -3       21
  MONTH TO DATE   70                        97    -27       83
  SINCE SEP 1     97                       167    -70      124
  SINCE JUL 1     97                       170    -73      125

 COOLING
  TODAY            0                         1     -1        0
  MONTH TO DATE   22                        17      5        4
  SINCE SEP 1    230                       177     53      224
  SINCE JAN 1   1368                      1343     25     1506
..................................................................


WIND (MPH)
  HIGHEST WIND SPEED    15   HIGHEST WIND DIRECTION     N (20)
  HIGHEST GUST SPEED    20   HIGHEST GUST DIRECTION    NE (30)
  AVERAGE WIND SPEED     8.1



WEATHER CONDITIONS
 THE FOLLOWING WEATHER WAS RECORDED TODAY.
  NO SIGNIFICANT WEATHER WAS OBSERVED.


RELATIVE HUMIDITY (PERCENT)
 HIGHEST   100           200 AM
 LOWEST     78          1200 PM
 AVERAGE    89

..........................................................


THE CONCORDIA KS CLIMATE NORMALS FOR TOMORROW
                         NORMAL    RECORD    YEAR
 MAXIMUM TEMPERATURE (F)   68        90      1897
 MINIMUM TEMPERATURE (F)   45        28      1885


SUNRISE AND SUNSET
OCTOBER 13 2017.......SUNRISE   739 AM CDT   SUNSET   654 PM CDT
OCTOBER 14 2017.......SUNRISE   740 AM CDT   SUNSET   652 PM CDT


-  INDICATES NEGATIVE NUMBERS.
R  INDICATES RECORD WAS SET OR TIED.
MM INDICATES DATA IS MISSING.
T  INDICATES TRACE AMOUNT.




$$
