000
CDUS43 KTOP 010633
CLICNK


CLIMATE REPORT
NATIONAL WEATHER SERVICE TOPEKA KS
132 AM CDT WED OCT 1 2014


...................................

...THE CONCORDIA KS CLIMATE SUMMARY FOR SEPTEMBER 30 2014...

CLIMATE NORMAL PERIOD 1981 TO 2010
CLIMATE RECORD PERIOD 1885 TO 2014


WEATHER ITEM   OBSERVED TIME   RECORD YEAR NORMAL DEPARTURE LAST
                VALUE   (LST)  VALUE       VALUE  FROM      YEAR
                                                  NORMAL
..................................................................
TEMPERATURE (F)
 YESTERDAY
  MAXIMUM         71    343 PM  95    1994  74     -3       82
  MINIMUM         63    957 AM  29    1895  50     13       52
  AVERAGE         67                        62      5       67

PRECIPITATION (IN)
  YESTERDAY        0.77          3.16 1907   0.09   0.68     0.00
  MONTH TO DATE    3.25                      2.91   0.34     1.13
  SINCE SEP 1      3.25                      2.91   0.34     1.13
  SINCE JAN 1     23.91                     24.01  -0.10    24.70

SNOWFALL (IN)
  YESTERDAY        0.0           T    1911   0.0    0.0      0.0
  MONTH TO DATE    0.0                       0.0    0.0      0.0
  SINCE JAN 1     16.9                      13.7    3.2     20.3
  SINCE JUL 1      0.0                       0.0    0.0      0.0
  SNOW DEPTH       0

DEGREE DAYS
 HEATING
  YESTERDAY        0                         5     -5        0
  MONTH TO DATE   82                        70     12       14
  SINCE SEP 1     82                        70     12       14
  SINCE JUL 1     84                        73     11       21

 COOLING
  YESTERDAY        2                         2      0        2
  MONTH TO DATE  135                       160    -25      242
  SINCE SEP 1    135                       160    -25      242
  SINCE JAN 1   1344                      1326     18     1327
..................................................................


WIND (MPH)
  HIGHEST WIND SPEED    20   HIGHEST WIND DIRECTION     S (180)
  HIGHEST GUST SPEED    25   HIGHEST GUST DIRECTION     S (180)
  AVERAGE WIND SPEED     9.1


SKY COVER
  AVERAGE SKY COVER 0.7


WEATHER CONDITIONS
 THE FOLLOWING WEATHER WAS RECORDED YESTERDAY.
  THUNDERSTORM
  HEAVY RAIN
  RAIN
  LIGHT RAIN
  FOG


RELATIVE HUMIDITY (PERCENT)
 HIGHEST   100           900 AM
 LOWEST     68           500 AM
 AVERAGE    84

..........................................................


THE CONCORDIA KS CLIMATE NORMALS FOR TODAY
                         NORMAL    RECORD    YEAR
 MAXIMUM TEMPERATURE (F)   73        94      2002
                                             2000
 MINIMUM TEMPERATURE (F)   49        33      1985
                                             1920


SUNRISE AND SUNSET
OCTOBER  1 2014.......SUNRISE   727 AM CDT   SUNSET   713 PM CDT
OCTOBER  2 2014.......SUNRISE   728 AM CDT   SUNSET   711 PM CDT


-  INDICATES NEGATIVE NUMBERS.
R  INDICATES RECORD WAS SET OR TIED.
MM INDICATES DATA IS MISSING.
T  INDICATES TRACE AMOUNT.




$$
