000
CDUS43 KTOP 040639
CLICNK


CLIMATE REPORT
NATIONAL WEATHER SERVICE TOPEKA KS
1237 AM CST MON DEC 4 2017


...................................

...THE CONCORDIA KS CLIMATE SUMMARY FOR DECEMBER 3 2017...

CLIMATE NORMAL PERIOD 1981 TO 2010
CLIMATE RECORD PERIOD 1885 TO 2017


WEATHER ITEM   OBSERVED TIME   RECORD YEAR NORMAL DEPARTURE LAST
                VALUE   (LST)  VALUE       VALUE  FROM      YEAR
                                                  NORMAL
..................................................................
TEMPERATURE (F)
 YESTERDAY
  MAXIMUM         68R   225 PM  67    1998  43     25       37
                                      1959
                                      1956
  MINIMUM         31    208 AM  -4    1919  23      8       27
  AVERAGE         50                        33     17       32

PRECIPITATION (IN)
  YESTERDAY        0.00          1.27 2011   0.03  -0.03     0.43
  MONTH TO DATE    0.00                      0.10  -0.10     0.43
  SINCE DEC 1      0.00                      0.10  -0.10     0.43
  SINCE JAN 1     36.34                     27.14   9.20    29.52

SNOWFALL (IN)
  YESTERDAY        0.0           3.6  1971   0.1   -0.1       T
  MONTH TO DATE    0.0                       0.3   -0.3       T
  SINCE JAN 1      2.1                      16.7  -14.6     12.3
  SINCE JUL 1      T                         3.0   -3.0       T
  SNOW DEPTH       0

DEGREE DAYS
 HEATING
  YESTERDAY       15                        32    -17       33
  MONTH TO DATE   54                        95    -41       98
  SINCE DEC 1     54                        95    -41       98
  SINCE JUL 1    991                      1187   -196      795

 COOLING
  YESTERDAY        0                         0      0        0
  MONTH TO DATE    0                         0      0        0
  SINCE DEC 1      0                         0      0        0
  SINCE JAN 1   1370                      1349     21     1540
..................................................................


WIND (MPH)
  HIGHEST WIND SPEED    31   HIGHEST WIND DIRECTION     S (180)
  HIGHEST GUST SPEED    39   HIGHEST GUST DIRECTION     S (190)
  AVERAGE WIND SPEED    11.5


SKY COVER
  AVERAGE SKY COVER 0.0


WEATHER CONDITIONS
 THE FOLLOWING WEATHER WAS RECORDED YESTERDAY.
  FOG


RELATIVE HUMIDITY (PERCENT)
 HIGHEST   100           800 AM
 LOWEST     52           400 PM
 AVERAGE    76

..........................................................


THE CONCORDIA KS CLIMATE NORMALS FOR TODAY
                         NORMAL    RECORD    YEAR
 MAXIMUM TEMPERATURE (F)   42        69      1979
                                             1965
                                             1916
 MINIMUM TEMPERATURE (F)   23        -2      1886


SUNRISE AND SUNSET
DECEMBER  4 2017......SUNRISE   735 AM CST   SUNSET   507 PM CST
DECEMBER  5 2017......SUNRISE   736 AM CST   SUNSET   507 PM CST


-  INDICATES NEGATIVE NUMBERS.
R  INDICATES RECORD WAS SET OR TIED.
MM INDICATES DATA IS MISSING.
T  INDICATES TRACE AMOUNT.




$$
