000
CDUS43 KTOP 130633
CLICNK


CLIMATE REPORT
NATIONAL WEATHER SERVICE TOPEKA KS
133 AM CDT TUE JUN 13 2017


...................................

...THE CONCORDIA KS CLIMATE SUMMARY FOR JUNE 12 2017...

CLIMATE NORMAL PERIOD 1981 TO 2010
CLIMATE RECORD PERIOD 1885 TO 2017


WEATHER ITEM   OBSERVED TIME   RECORD YEAR NORMAL DEPARTURE LAST
                VALUE   (LST)  VALUE       VALUE  FROM      YEAR
                                                  NORMAL
..................................................................
TEMPERATURE (F)
 YESTERDAY
  MAXIMUM         94    431 PM 101    1885  84     10       94
  MINIMUM         70    617 AM  46    1903  61      9       72
  AVERAGE         82                        72     10       83

PRECIPITATION (IN)
  YESTERDAY        T             1.86 1944   0.13  -0.13     0.00
  MONTH TO DATE    0.48                      1.60  -1.12     0.00
  SINCE JUN 1      0.48                      1.60  -1.12     0.00
  SINCE JAN 1     18.86                     11.59   7.27    12.17

SNOWFALL (IN)
  YESTERDAY        0.0           T    1971   0.0    0.0      0.0
  MONTH TO DATE    0.0                       0.0    0.0      0.0
  SINCE JAN 1      2.1                      13.7  -11.6     12.3
  SINCE JUL 1      4.3                      20.2  -15.9     13.6
  SNOW DEPTH       0

DEGREE DAYS
 HEATING
  YESTERDAY        0                         0      0        0
  MONTH TO DATE    0                        11    -11        0
  SINCE JUN 1      0                        11    -11        0
  SINCE JUL 1   4564                      5406   -842     4364

 COOLING
  YESTERDAY       17                         8      9       18
  MONTH TO DATE  125                        76     49      120
  SINCE JUN 1    125                        76     49      120
  SINCE JAN 1    203                       165     38      180
..................................................................


WIND (MPH)
  HIGHEST WIND SPEED    28   HIGHEST WIND DIRECTION     S (160)
  HIGHEST GUST SPEED    37   HIGHEST GUST DIRECTION     S (160)
  AVERAGE WIND SPEED    15.7


SKY COVER
  AVERAGE SKY COVER 0.0


WEATHER CONDITIONS
 THE FOLLOWING WEATHER WAS RECORDED YESTERDAY.
  THUNDERSTORM
  LIGHT RAIN


RELATIVE HUMIDITY (PERCENT)
 HIGHEST    84           100 AM
 LOWEST     44           400 PM
 AVERAGE    64

..........................................................


THE CONCORDIA KS CLIMATE NORMALS FOR TODAY
                         NORMAL    RECORD    YEAR
 MAXIMUM TEMPERATURE (F)   84       106      1953
 MINIMUM TEMPERATURE (F)   61        43      1969


SUNRISE AND SUNSET
JUNE 13 2017..........SUNRISE   603 AM CDT   SUNSET   859 PM CDT
JUNE 14 2017..........SUNRISE   603 AM CDT   SUNSET   859 PM CDT


-  INDICATES NEGATIVE NUMBERS.
R  INDICATES RECORD WAS SET OR TIED.
MM INDICATES DATA IS MISSING.
T  INDICATES TRACE AMOUNT.




$$
