000
CDUS43 KTOP 190634
CLICNK


CLIMATE REPORT
NATIONAL WEATHER SERVICE TOPEKA KS
1233 AM CST THU FEB 19 2015


...................................

...THE CONCORDIA KS CLIMATE SUMMARY FOR FEBRUARY 18 2015...

CLIMATE NORMAL PERIOD 1981 TO 2010
CLIMATE RECORD PERIOD 1885 TO 2015


WEATHER ITEM   OBSERVED TIME   RECORD YEAR NORMAL DEPARTURE LAST
                VALUE   (LST)  VALUE       VALUE  FROM      YEAR
                                                  NORMAL
..................................................................
TEMPERATURE (F)
 YESTERDAY
  MAXIMUM         24    406 PM  75    1930  44    -20       72
  MINIMUM         11    742 AM -10    1978  23    -12       37
  AVERAGE         18                        34    -16       55

PRECIPITATION (IN)
  YESTERDAY        0.00          0.55 1926   0.03  -0.03     0.00
  MONTH TO DATE    0.27                      0.47  -0.20     0.55
  SINCE DEC 1      2.18                      1.90   0.28     1.52
  SINCE JAN 1      1.44                      1.05   0.39     0.98

SNOWFALL (IN)
  YESTERDAY        0.0           0.3  1967   0.2   -0.2      0.0
  MONTH TO DATE    1.7                       3.7   -2.0      6.4
  SINCE JAN 1      4.0                       9.4   -5.4     12.0
  SINCE JUL 1     10.1                      15.9   -5.8     18.3
  SNOW DEPTH       T

DEGREE DAYS
 HEATING
  YESTERDAY       47                        31     16       10
  MONTH TO DATE  617                       606     11      753
  SINCE DEC 1   2619                      2818   -199     3102
  SINCE JUL 1   3782                      3910   -128     4158

 COOLING
  YESTERDAY        0                         0      0        0
  MONTH TO DATE    0                         0      0        0
  SINCE DEC 1      0                         0      0        0
  SINCE JAN 1      0                         0      0        0
..................................................................


WIND (MPH)
  HIGHEST WIND SPEED    21   HIGHEST WIND DIRECTION    NW (310)
  HIGHEST GUST SPEED    26   HIGHEST GUST DIRECTION    NW (320)
  AVERAGE WIND SPEED    10.1


SKY COVER
  AVERAGE SKY COVER 0.1


WEATHER CONDITIONS
 THE FOLLOWING WEATHER WAS RECORDED YESTERDAY.
  NO SIGNIFICANT WEATHER WAS OBSERVED.


RELATIVE HUMIDITY (PERCENT)
 HIGHEST    76           900 PM
 LOWEST     49          1200 PM
 AVERAGE    63

..........................................................


THE CONCORDIA KS CLIMATE NORMALS FOR TODAY
                         NORMAL    RECORD    YEAR
 MAXIMUM TEMPERATURE (F)   45        77      1930
 MINIMUM TEMPERATURE (F)   23        -3      1978
                                             1889


SUNRISE AND SUNSET
FEBRUARY 19 2015......SUNRISE   718 AM CST   SUNSET   612 PM CST
FEBRUARY 20 2015......SUNRISE   717 AM CST   SUNSET   613 PM CST


-  INDICATES NEGATIVE NUMBERS.
R  INDICATES RECORD WAS SET OR TIED.
MM INDICATES DATA IS MISSING.
T  INDICATES TRACE AMOUNT.




$$
