000
CDUS43 KTOP 132132
CLICNK


CLIMATE REPORT
NATIONAL WEATHER SERVICE TOPEKA KS
431 PM CDT MON OCT 13 2014


...................................

...THE CONCORDIA KS CLIMATE SUMMARY FOR OCTOBER 13 2014...
VALID TODAY AS OF 0400 PM LOCAL TIME.

CLIMATE NORMAL PERIOD 1981 TO 2010
CLIMATE RECORD PERIOD 1885 TO 2014


WEATHER ITEM   OBSERVED TIME   RECORD YEAR NORMAL DEPARTURE LAST
                VALUE   (LST)  VALUE       VALUE  FROM      YEAR
                                                  NORMAL
..................................................................
TEMPERATURE (F)
 TODAY
  MAXIMUM         63    259 PM  90    1975  68     -5       71
  MINIMUM         50    919 AM  30    1907  45      5       40
  AVERAGE         57                        57      0       56

PRECIPITATION (IN)
  TODAY            0.31          2.48 2012   0.06   0.25     0.00
  MONTH TO DATE    2.25                      0.90   1.35     0.06
  SINCE SEP 1      5.50                      3.81   1.69     1.19
  SINCE JAN 1     26.16                     24.91   1.25    24.76

SNOWFALL (IN)
  TODAY            0.0           0.0    MM   0.0    0.0      0.0
  MONTH TO DATE    0.0                       0.0    0.0      0.0
  SINCE JAN 1     16.9                      13.7    3.2     20.3
  SINCE JUL 1      0.0                       0.0    0.0      0.0
  SNOW DEPTH       0

DEGREE DAYS
 HEATING
  TODAY            8                         9     -1        9
  MONTH TO DATE  115                        97     18       47
  SINCE SEP 1    197                       167     30       61
  SINCE JUL 1    199                       170     29       68

 COOLING
  TODAY            0                         1     -1        0
  MONTH TO DATE    8                        17     -9       32
  SINCE SEP 1    143                       177    -34      274
  SINCE JAN 1   1352                      1343      9     1359
..................................................................


WIND (MPH)
  HIGHEST WIND SPEED    32   HIGHEST WIND DIRECTION     N (340)
  HIGHEST GUST SPEED    46   HIGHEST GUST DIRECTION     N (360)
  AVERAGE WIND SPEED    16.0



WEATHER CONDITIONS
 THE FOLLOWING WEATHER WAS RECORDED TODAY.
  RAIN
  LIGHT RAIN
  FOG


RELATIVE HUMIDITY (PERCENT)
 HIGHEST   100          1200 AM
 LOWEST     46           300 PM
 AVERAGE    73

..........................................................


THE CONCORDIA KS CLIMATE NORMALS FOR TOMORROW
                         NORMAL    RECORD    YEAR
 MAXIMUM TEMPERATURE (F)   68        90      1897
 MINIMUM TEMPERATURE (F)   45        28      1885


SUNRISE AND SUNSET
OCTOBER 13 2014.......SUNRISE   739 AM CDT   SUNSET   654 PM CDT
OCTOBER 14 2014.......SUNRISE   740 AM CDT   SUNSET   653 PM CDT


-  INDICATES NEGATIVE NUMBERS.
R  INDICATES RECORD WAS SET OR TIED.
MM INDICATES DATA IS MISSING.
T  INDICATES TRACE AMOUNT.




$$
