000
CDUS43 KTOP 220633
CLICNK


CLIMATE REPORT
NATIONAL WEATHER SERVICE TOPEKA KS
131 AM CDT WED JUL 22 2015


...................................

...THE CONCORDIA KS CLIMATE SUMMARY FOR JULY 21 2015...

CLIMATE NORMAL PERIOD 1981 TO 2010
CLIMATE RECORD PERIOD 1885 TO 2015


WEATHER ITEM   OBSERVED TIME   RECORD YEAR NORMAL DEPARTURE LAST
                VALUE   (LST)  VALUE       VALUE  FROM      YEAR
                                                  NORMAL
..................................................................
TEMPERATURE (F)
 YESTERDAY
  MAXIMUM         81    329 PM 107    1974  91    -10      102
  MINIMUM         61    552 AM  50    1970  68     -7       74
  AVERAGE         71                        79     -8       88

PRECIPITATION (IN)
  YESTERDAY        0.00          3.11 1978   0.12  -0.12     0.00
  MONTH TO DATE    3.44                      2.83   0.61     0.91
  SINCE JUN 1      9.55                      6.88   2.67     7.61
  SINCE JAN 1     17.63                     16.87   0.76    13.44

SNOWFALL (IN)
  YESTERDAY        0.0           T    1951   0.0    0.0      0.0
  MONTH TO DATE    0.0                       0.0    0.0      0.0
  SINCE JAN 1      5.6                      13.7   -8.1     16.9
  SINCE JUL 1      0.0                       0.0    0.0      0.0
  SNOW DEPTH       0

DEGREE DAYS
 HEATING
  YESTERDAY        0                         0      0        0
  MONTH TO DATE    0                         0      0        2
  SINCE JUN 1      2                        13    -11        3
  SINCE JUL 1      0                         0      0        2

 COOLING
  YESTERDAY        6                        14     -8       23
  MONTH TO DATE  258                       290    -32      227
  SINCE JUN 1    567                       555     12      514
  SINCE JAN 1    622                       644    -22      689
..................................................................


WIND (MPH)
  HIGHEST WIND SPEED    13   HIGHEST WIND DIRECTION     E (70)
  HIGHEST GUST SPEED    17   HIGHEST GUST DIRECTION     E (80)
  AVERAGE WIND SPEED     4.8


SKY COVER
  AVERAGE SKY COVER 0.0


WEATHER CONDITIONS
 THE FOLLOWING WEATHER WAS RECORDED YESTERDAY.
  HAZE


RELATIVE HUMIDITY (PERCENT)
 HIGHEST    97           400 AM
 LOWEST     51           100 PM
 AVERAGE    74

..........................................................


THE CONCORDIA KS CLIMATE NORMALS FOR TODAY
                         NORMAL    RECORD    YEAR
 MAXIMUM TEMPERATURE (F)   91       107      2001
 MINIMUM TEMPERATURE (F)   68        54      1970


SUNRISE AND SUNSET
JULY 22 2015..........SUNRISE   621 AM CDT   SUNSET   853 PM CDT
JULY 23 2015..........SUNRISE   622 AM CDT   SUNSET   852 PM CDT


-  INDICATES NEGATIVE NUMBERS.
R  INDICATES RECORD WAS SET OR TIED.
MM INDICATES DATA IS MISSING.
T  INDICATES TRACE AMOUNT.




$$
