000
CDUS43 KTOP 142131
CLICNK


CLIMATE REPORT
NATIONAL WEATHER SERVICE TOPEKA KS
431 PM CDT THU APR 14 2016


...................................

...THE CONCORDIA KS CLIMATE SUMMARY FOR APRIL 14 2016...
VALID TODAY AS OF 430 PM LOCAL TIME.

CLIMATE NORMAL PERIOD 1981 TO 2010
CLIMATE RECORD PERIOD 1885 TO 2016


WEATHER ITEM   OBSERVED TIME   RECORD YEAR NORMAL DEPARTURE LAST
                VALUE   (LST)  VALUE       VALUE  FROM      YEAR
                                                  NORMAL
..................................................................
TEMPERATURE (F)
 TODAY
  MAXIMUM         74    259 PM  90    2002  65      9       67
  MINIMUM         46    625 AM  22    1928  41      5       42
  AVERAGE         60                        53      7       55

PRECIPITATION (IN)
  TODAY            0.00          2.30 1999   0.08  -0.08     0.00
  MONTH TO DATE    0.03                      1.06  -1.03     0.70
  SINCE MAR 1      0.48                      3.07  -2.59     0.81
  SINCE JAN 1      2.04                      4.44  -2.40     2.33

SNOWFALL (IN)
  TODAY            0.0           T    1983   0.0    0.0      0.0
  MONTH TO DATE    0.0                       0.4   -0.4      0.0
  SINCE JAN 1     12.3                      13.6   -1.3      5.6
  SINCE JUL 1     13.6                      20.1   -6.5     11.7
  SNOW DEPTH       0

DEGREE DAYS
 HEATING
  TODAY            5                        13     -8       10
  MONTH TO DATE  154                       207    -53      140
  SINCE MAR 1    642                       891   -249      687
  SINCE JUL 1   4113                      5098   -985     4894

 COOLING
  TODAY            0                         0      0        0
  MONTH TO DATE    0                         0      0        4
  SINCE MAR 1      3                         1      2        8
  SINCE JAN 1      3                         1      2        8
..................................................................


WIND (MPH)
  HIGHEST WIND SPEED    23   HIGHEST WIND DIRECTION    SE (150)
  HIGHEST GUST SPEED    28   HIGHEST GUST DIRECTION     S (190)
  AVERAGE WIND SPEED    14.1



WEATHER CONDITIONS
 THE FOLLOWING WEATHER WAS RECORDED TODAY.
  FOG
  HAZE


RELATIVE HUMIDITY (PERCENT)
 HIGHEST    93           200 AM
 LOWEST     38           300 PM
 AVERAGE    66

..........................................................


THE CONCORDIA KS CLIMATE NORMALS FOR TOMORROW
                         NORMAL    RECORD    YEAR
 MAXIMUM TEMPERATURE (F)   65        91      1896
 MINIMUM TEMPERATURE (F)   41        22      2014


SUNRISE AND SUNSET
APRIL 14 2016.........SUNRISE   654 AM CDT   SUNSET   808 PM CDT
APRIL 15 2016.........SUNRISE   653 AM CDT   SUNSET   809 PM CDT


-  INDICATES NEGATIVE NUMBERS.
R  INDICATES RECORD WAS SET OR TIED.
MM INDICATES DATA IS MISSING.
T  INDICATES TRACE AMOUNT.




$$
