000
CDUS43 KTOP 120631
CLICNK


CLIMATE REPORT
NATIONAL WEATHER SERVICE TOPEKA KS
130 AM CDT TUE AUG 12 2014


...................................

...THE CONCORDIA KS CLIMATE SUMMARY FOR AUGUST 11 2014...

CLIMATE NORMAL PERIOD 1981 TO 2010
CLIMATE RECORD PERIOD 1885 TO 2014


WEATHER ITEM   OBSERVED TIME   RECORD YEAR NORMAL DEPARTURE LAST
                VALUE   (LST)  VALUE       VALUE  FROM      YEAR
                                                  NORMAL
..................................................................
TEMPERATURE (F)
 YESTERDAY
  MAXIMUM         81    227 PM 109    1936  89     -8       84
  MINIMUM         62   1159 PM  47    1902  67     -5       66
  AVERAGE         72                        78     -6       75

PRECIPITATION (IN)
  YESTERDAY        0.00          1.51 1952   0.11  -0.11     0.00
  MONTH TO DATE    1.86                      1.18   0.68     5.37
  SINCE JUN 1      9.70                      9.15   0.55    10.97
  SINCE JAN 1     15.53                     19.14  -3.61    22.36

SNOWFALL (IN)
  YESTERDAY        0.0           T    1920   0.0    0.0      0.0
  MONTH TO DATE    0.0                       0.0    0.0      0.0
  SINCE JAN 1     16.9                      13.7    3.2     20.3
  SINCE JUL 1      0.0                       0.0    0.0      0.0
  SNOW DEPTH       0

DEGREE DAYS
 HEATING
  YESTERDAY        0                         0      0        0
  MONTH TO DATE    0                         0      0        0
  SINCE JUN 1      3                        13    -10       22
  SINCE JUL 1      2                         0      2        7

 COOLING
  YESTERDAY        7                        13     -6       10
  MONTH TO DATE  143                       148     -5      101
  SINCE JUN 1    792                       849    -57      750
  SINCE JAN 1    967                       938     29      853
..................................................................


WIND (MPH)
  HIGHEST WIND SPEED    21   HIGHEST WIND DIRECTION     N (350)
  HIGHEST GUST SPEED    24   HIGHEST GUST DIRECTION    NW (330)
  AVERAGE WIND SPEED     9.7


SKY COVER
  AVERAGE SKY COVER 0.1


WEATHER CONDITIONS
 THE FOLLOWING WEATHER WAS RECORDED YESTERDAY.
  NO SIGNIFICANT WEATHER WAS OBSERVED.


RELATIVE HUMIDITY (PERCENT)
 HIGHEST   100           200 AM
 LOWEST     42           400 PM
 AVERAGE    71

..........................................................


THE CONCORDIA KS CLIMATE NORMALS FOR TODAY
                         NORMAL    RECORD    YEAR
 MAXIMUM TEMPERATURE (F)   89       116      1936
 MINIMUM TEMPERATURE (F)   66        45      1964


SUNRISE AND SUNSET
AUGUST 12 2014........SUNRISE   640 AM CDT   SUNSET   830 PM CDT
AUGUST 13 2014........SUNRISE   641 AM CDT   SUNSET   829 PM CDT


-  INDICATES NEGATIVE NUMBERS.
R  INDICATES RECORD WAS SET OR TIED.
MM INDICATES DATA IS MISSING.
T  INDICATES TRACE AMOUNT.




$$
