000
CDUS43 KTOP 202144
CLICNK


CLIMATE REPORT
NATIONAL WEATHER SERVICE TOPEKA KS
443 PM CDT FRI MAR 20 2015


...................................

...THE CONCORDIA KS CLIMATE SUMMARY FOR MARCH 20 2015...
VALID TODAY AS OF 430 PM LOCAL TIME.

CLIMATE NORMAL PERIOD 1981 TO 2010
CLIMATE RECORD PERIOD 1885 TO 2015


WEATHER ITEM   OBSERVED TIME   RECORD YEAR NORMAL DEPARTURE LAST
                VALUE   (LST)  VALUE       VALUE  FROM      YEAR
                                                  NORMAL
..................................................................
TEMPERATURE (F)
 TODAY
  MAXIMUM         72    342 PM  83    2011  56     16       72
                                      1934
                                      1916
  MINIMUM         32    600 AM   6    1906  33     -1       31
  AVERAGE         52                        44      8       52

PRECIPITATION (IN)
  TODAY            0.00          0.89 1962   0.07  -0.07     0.00
  MONTH TO DATE    T                         1.15  -1.15     0.10
  SINCE MAR 1      T                         1.15  -1.15     0.10
  SINCE JAN 1      1.52                      2.52  -1.00     1.29

SNOWFALL (IN)
  TODAY           MM             5.5  2006   0.1   MM        0.0
  MONTH TO DATE    0.0                       1.6   -1.6      0.7
  SINCE JAN 1      5.6                      12.0   -6.4     15.4
  SINCE JUL 1     11.7                      18.5   -6.8     21.7
  SNOW DEPTH      MM

DEGREE DAYS
 HEATING
  TODAY           13                        21     -8       13
  MONTH TO DATE  379                       479   -100      544
  SINCE MAR 1    379                       479   -100      544
  SINCE JUL 1   4586                      4686   -100     5026

 COOLING
  TODAY            0                         0      0        0
  MONTH TO DATE    4                         0      4        0
  SINCE MAR 1      4                         0      4        0
  SINCE JAN 1      4                         0      4        0
..................................................................


WIND (MPH)
  HIGHEST WIND SPEED    17   HIGHEST WIND DIRECTION    SW (240)
  HIGHEST GUST SPEED    23   HIGHEST GUST DIRECTION    SW (240)
  AVERAGE WIND SPEED     6.2



WEATHER CONDITIONS
 THE FOLLOWING WEATHER WAS RECORDED TODAY.
  FOG


RELATIVE HUMIDITY (PERCENT)
 HIGHEST   100           300 AM
 LOWEST     20           300 PM
 AVERAGE    60

..........................................................


THE CONCORDIA KS CLIMATE NORMALS FOR TOMORROW
                         NORMAL    RECORD    YEAR
 MAXIMUM TEMPERATURE (F)   57        97      1907
 MINIMUM TEMPERATURE (F)   33        10      1913


SUNRISE AND SUNSET
MARCH 20 2015.........SUNRISE   734 AM CDT   SUNSET   742 PM CDT
MARCH 21 2015.........SUNRISE   733 AM CDT   SUNSET   743 PM CDT


-  INDICATES NEGATIVE NUMBERS.
R  INDICATES RECORD WAS SET OR TIED.
MM INDICATES DATA IS MISSING.
T  INDICATES TRACE AMOUNT.




$$
