000
CDUS43 KTOP 160638
CLICNK


CLIMATE REPORT
NATIONAL WEATHER SERVICE TOPEKA KS
137 AM CDT SAT MAY 16 2015


...................................

...THE CONCORDIA KS CLIMATE SUMMARY FOR MAY 15 2015...

CLIMATE NORMAL PERIOD 1981 TO 2010
CLIMATE RECORD PERIOD 1885 TO 2015


WEATHER ITEM   OBSERVED TIME   RECORD YEAR NORMAL DEPARTURE LAST
                VALUE   (LST)  VALUE       VALUE  FROM      YEAR
                                                  NORMAL
..................................................................
TEMPERATURE (F)
 YESTERDAY
  MAXIMUM         77    318 PM  91    2012  74      3       64
                                      1944
  MINIMUM         59    334 AM  26    1907  52      7       36
  AVERAGE         68                        63      5       50

PRECIPITATION (IN)
  YESTERDAY        0.08          1.78 1943   0.13  -0.05     0.00
  MONTH TO DATE    2.04                      1.87   0.17     0.07
  SINCE MAR 1      4.38                      6.33  -1.95     1.59
  SINCE JAN 1      5.90                      7.70  -1.80     2.78

SNOWFALL (IN)
  YESTERDAY        0.0           T    1990   0.0    0.0      0.0
  MONTH TO DATE    0.0                       0.0    0.0      0.0
  SINCE JAN 1      5.6                      13.7   -8.1     16.9
  SINCE JUL 1     11.7                      20.2   -8.5     23.2
  SNOW DEPTH       0

DEGREE DAYS
 HEATING
  YESTERDAY        0                         4     -4       15
  MONTH TO DATE   53                        87    -34       91
  SINCE MAR 1    889                      1144   -255     1236
  SINCE JUL 1   5096                      5351   -255     5718

 COOLING
  YESTERDAY        3                         2      1        0
  MONTH TO DATE   32                        20     12       39
  SINCE MAR 1     40                        37      3       64
  SINCE JAN 1     40                        37      3       64
..................................................................


WIND (MPH)
  HIGHEST WIND SPEED    22   HIGHEST WIND DIRECTION    SE (150)
  HIGHEST GUST SPEED    27   HIGHEST GUST DIRECTION    SE (150)
  AVERAGE WIND SPEED     9.6


SKY COVER
  AVERAGE SKY COVER 0.4


WEATHER CONDITIONS
 THE FOLLOWING WEATHER WAS RECORDED YESTERDAY.
  THUNDERSTORM
  RAIN
  LIGHT RAIN
  FOG


RELATIVE HUMIDITY (PERCENT)
 HIGHEST    93           900 AM
 LOWEST     60           300 PM
 AVERAGE    77

..........................................................


THE CONCORDIA KS CLIMATE NORMALS FOR TODAY
                         NORMAL    RECORD    YEAR
 MAXIMUM TEMPERATURE (F)   74        92      2001
 MINIMUM TEMPERATURE (F)   52        33      2014


SUNRISE AND SUNSET
MAY 16 2015...........SUNRISE   616 AM CDT   SUNSET   839 PM CDT
MAY 17 2015...........SUNRISE   615 AM CDT   SUNSET   840 PM CDT


-  INDICATES NEGATIVE NUMBERS.
R  INDICATES RECORD WAS SET OR TIED.
MM INDICATES DATA IS MISSING.
T  INDICATES TRACE AMOUNT.




$$
