000
CDUS43 KTOP 160634
CLICNK


CLIMATE REPORT
NATIONAL WEATHER SERVICE TOPEKA KS
134 AM CDT SAT APR 16 2016


...................................

...THE CONCORDIA KS CLIMATE SUMMARY FOR APRIL 15 2016...

CLIMATE NORMAL PERIOD 1981 TO 2010
CLIMATE RECORD PERIOD 1885 TO 2016


WEATHER ITEM   OBSERVED TIME   RECORD YEAR NORMAL DEPARTURE LAST
                VALUE   (LST)  VALUE       VALUE  FROM      YEAR
                                                  NORMAL
..................................................................
TEMPERATURE (F)
 YESTERDAY
  MAXIMUM         77    409 PM  91    1896  65     12       66
  MINIMUM         52    553 AM  22    2014  41     11       47
  AVERAGE         65                        53     12       57

PRECIPITATION (IN)
  YESTERDAY        0.00          1.74 1945   0.07  -0.07     0.00
  MONTH TO DATE    0.03                      1.13  -1.10     0.70
  SINCE MAR 1      0.48                      3.14  -2.66     0.81
  SINCE JAN 1      2.04                      4.51  -2.47     2.33

SNOWFALL (IN)
  YESTERDAY        0.0           T    2011   0.0    0.0      0.0
                                      1982
  MONTH TO DATE    0.0                       0.4   -0.4      0.0
  SINCE JAN 1     12.3                      13.6   -1.3      5.6
  SINCE JUL 1     13.6                      20.1   -6.5     11.7
  SNOW DEPTH       0

DEGREE DAYS
 HEATING
  YESTERDAY        0                        13    -13        8
  MONTH TO DATE  154                       220    -66      148
  SINCE MAR 1    642                       904   -262      695
  SINCE JUL 1   4113                      5111   -998     4902

 COOLING
  YESTERDAY        0                         0      0        0
  MONTH TO DATE    0                         0      0        4
  SINCE MAR 1      3                         1      2        8
  SINCE JAN 1      3                         1      2        8
..................................................................


WIND (MPH)
  HIGHEST WIND SPEED    35   HIGHEST WIND DIRECTION    SE (140)
  HIGHEST GUST SPEED    42   HIGHEST GUST DIRECTION     S (160)
  AVERAGE WIND SPEED    18.8


SKY COVER
  AVERAGE SKY COVER 0.0


WEATHER CONDITIONS
 THE FOLLOWING WEATHER WAS RECORDED YESTERDAY.
  HAZE


RELATIVE HUMIDITY (PERCENT)
 HIGHEST    83           700 AM
 LOWEST     35           400 PM
 AVERAGE    59

..........................................................


THE CONCORDIA KS CLIMATE NORMALS FOR TODAY
                         NORMAL    RECORD    YEAR
 MAXIMUM TEMPERATURE (F)   65        91      1964
 MINIMUM TEMPERATURE (F)   41        25      1953


SUNRISE AND SUNSET
APRIL 16 2016.........SUNRISE   651 AM CDT   SUNSET   810 PM CDT
APRIL 17 2016.........SUNRISE   650 AM CDT   SUNSET   811 PM CDT


-  INDICATES NEGATIVE NUMBERS.
R  INDICATES RECORD WAS SET OR TIED.
MM INDICATES DATA IS MISSING.
T  INDICATES TRACE AMOUNT.




$$
