000
CDUS43 KTOP 010632
CLICNK


CLIMATE REPORT
NATIONAL WEATHER SERVICE TOPEKA KS
1231 AM CST SUN JAN 1 2017


...................................

...THE CONCORDIA KS CLIMATE SUMMARY FOR DECEMBER 31 2016...

CLIMATE NORMAL PERIOD 1981 TO 2010
CLIMATE RECORD PERIOD 1885 TO 2016


WEATHER ITEM   OBSERVED TIME   RECORD YEAR NORMAL DEPARTURE LAST
                VALUE   (LST)  VALUE       VALUE  FROM      YEAR
                                                  NORMAL
..................................................................
TEMPERATURE (F)
 YESTERDAY
  MAXIMUM         40    400 PM  61    2011  38      2       37
  MINIMUM         25   1152 PM -11    1968  19      6       18
  AVERAGE         33                        28      5       28

PRECIPITATION (IN)
  YESTERDAY        0.00          0.48 2012   0.02  -0.02     0.00
  MONTH TO DATE    0.93                      0.85   0.08     2.64
  SINCE DEC 1      0.93                      0.85   0.08     2.64
  SINCE JAN 1     30.02                     27.89   2.13    29.35

SNOWFALL (IN)
  YESTERDAY        0.0           7.5  2012   0.1   -0.1      0.0
  MONTH TO DATE    2.2                       3.8   -1.6       T
  SINCE JAN 1     14.5                      20.2   -5.7      6.9
  SINCE JUL 1      2.2                       6.5   -4.3      1.3
  SNOW DEPTH       0

DEGREE DAYS
 HEATING
  YESTERDAY       32                        37     -5       37
  MONTH TO DATE 1104                      1085     19      875
  SINCE DEC 1   1104                      1085     19      875
  SINCE JUL 1   1801                      2177   -376     1643

 COOLING
  YESTERDAY        0                         0      0        0
  MONTH TO DATE    0                         0      0        0
  SINCE DEC 1      0                         0      0        0
  SINCE JAN 1   1540                      1349    191     1375
..................................................................


WIND (MPH)
  HIGHEST WIND SPEED    17   HIGHEST WIND DIRECTION     N (350)
  HIGHEST GUST SPEED    22   HIGHEST GUST DIRECTION     N (350)
  AVERAGE WIND SPEED     7.4


SKY COVER
  AVERAGE SKY COVER 0.0


WEATHER CONDITIONS
 THE FOLLOWING WEATHER WAS RECORDED YESTERDAY.
  NO SIGNIFICANT WEATHER WAS OBSERVED.


RELATIVE HUMIDITY (PERCENT)
 HIGHEST    85           900 AM
 LOWEST     40           300 PM
 AVERAGE    63

..........................................................


THE CONCORDIA KS CLIMATE NORMALS FOR TODAY
                         NORMAL    RECORD    YEAR
 MAXIMUM TEMPERATURE (F)   38        66      2005
 MINIMUM TEMPERATURE (F)   19       -14      1974


SUNRISE AND SUNSET
JANUARY  1 2017.......SUNRISE   751 AM CST   SUNSET   518 PM CST
JANUARY  2 2017.......SUNRISE   751 AM CST   SUNSET   519 PM CST


-  INDICATES NEGATIVE NUMBERS.
R  INDICATES RECORD WAS SET OR TIED.
MM INDICATES DATA IS MISSING.
T  INDICATES TRACE AMOUNT.




$$
