000
CDUS43 KTOP 092131
CLICNK


CLIMATE REPORT
NATIONAL WEATHER SERVICE TOPEKA KS
431 PM CDT SUN JUL 9 2017


...................................

...THE CONCORDIA KS CLIMATE SUMMARY FOR JULY 9 2017...
VALID TODAY AS OF 0400 PM LOCAL TIME.

CLIMATE NORMAL PERIOD 1981 TO 2010
CLIMATE RECORD PERIOD 1885 TO 2017


WEATHER ITEM   OBSERVED TIME   RECORD YEAR NORMAL DEPARTURE LAST
                VALUE   (LST)  VALUE       VALUE  FROM      YEAR
                                                  NORMAL
..................................................................
TEMPERATURE (F)
 TODAY
  MAXIMUM         99    259 PM 107    1980  91      8       94
  MINIMUM         71    550 AM  46    1895  67      4       69
  AVERAGE         85                        79      6       82

PRECIPITATION (IN)
  TODAY            0.00          3.50 1950   0.13  -0.13     0.00
  MONTH TO DATE    0.03                      1.26  -1.23     1.92
  SINCE JUN 1      3.37                      5.31  -1.94     3.09
  SINCE JAN 1     21.75                     15.30   6.45    15.26

SNOWFALL (IN)
  TODAY            0.0           T    1948   0.0    0.0      0.0
  MONTH TO DATE    0.0                       0.0    0.0      0.0
  SINCE JAN 1      2.1                      13.7  -11.6     12.3
  SINCE JUL 1      0.0                       0.0    0.0      0.0
  SNOW DEPTH       0

DEGREE DAYS
 HEATING
  TODAY            0                         0      0        0
  MONTH TO DATE    0                         0      0        1
  SINCE JUN 1      2                        13    -11        1
  SINCE JUL 1      0                         0      0        1

 COOLING
  TODAY           20                        14      6       17
  MONTH TO DATE  119                       122     -3      112
  SINCE JUN 1    452                       387     65      533
  SINCE JAN 1    530                       476     54      593
..................................................................


WIND (MPH)
  HIGHEST WIND SPEED    22   HIGHEST WIND DIRECTION     S (190)
  HIGHEST GUST SPEED    28   HIGHEST GUST DIRECTION     S (190)
  AVERAGE WIND SPEED    13.4



WEATHER CONDITIONS
 THE FOLLOWING WEATHER WAS RECORDED TODAY.
  NO SIGNIFICANT WEATHER WAS OBSERVED.


RELATIVE HUMIDITY (PERCENT)
 HIGHEST    84           400 AM
 LOWEST     31           300 PM
 AVERAGE    58

..........................................................


THE CONCORDIA KS CLIMATE NORMALS FOR TOMORROW
                         NORMAL    RECORD    YEAR
 MAXIMUM TEMPERATURE (F)   91       108      1980
 MINIMUM TEMPERATURE (F)   67        51      1905


SUNRISE AND SUNSET
JULY  9 2017..........SUNRISE   612 AM CDT   SUNSET   900 PM CDT
JULY 10 2017..........SUNRISE   612 AM CDT   SUNSET   859 PM CDT


-  INDICATES NEGATIVE NUMBERS.
R  INDICATES RECORD WAS SET OR TIED.
MM INDICATES DATA IS MISSING.
T  INDICATES TRACE AMOUNT.




$$
