000
CDUS43 KTOP 020635
CLICNK


CLIMATE REPORT
NATIONAL WEATHER SERVICE TOPEKA KS
134 AM CDT WED JUL 2 2014


...................................

...THE CONCORDIA KS CLIMATE SUMMARY FOR JULY 1 2014...

CLIMATE NORMAL PERIOD 1981 TO 2010
CLIMATE RECORD PERIOD 1885 TO 2014


WEATHER ITEM   OBSERVED TIME   RECORD YEAR NORMAL DEPARTURE LAST
                VALUE   (LST)  VALUE       VALUE  FROM      YEAR
                                                  NORMAL
..................................................................
TEMPERATURE (F)
 YESTERDAY
  MAXIMUM         88    236 PM 110    1933  90     -2       83
  MINIMUM         61   1158 PM  52    2013  66     -5       52
                                      1885
  AVERAGE         75                        78     -3       68

PRECIPITATION (IN)
  YESTERDAY        0.00          2.42 1982   0.14  -0.14     0.00
  MONTH TO DATE    0.00                      0.14  -0.14     0.00
  SINCE JUN 1      6.70                      4.19   2.51     1.28
  SINCE JAN 1     12.53                     14.18  -1.65    12.67

SNOWFALL (IN)
  YESTERDAY        0.0           T    1994   0.0    0.0      0.0
  MONTH TO DATE    0.0                       0.0    0.0      0.0
  SINCE JAN 1     16.9                      13.7    3.2     20.3
  SINCE JUL 1      0.0                       0.0    0.0      0.0
  SNOW DEPTH       0

DEGREE DAYS
 HEATING
  YESTERDAY        0                         0      0        0
  MONTH TO DATE    0                         0      0        0
  SINCE JUN 1      1                        13    -12       15
  SINCE JUL 1      0                         0      0        0

 COOLING
  YESTERDAY       10                        13     -3        3
  MONTH TO DATE   10                        13     -3        3
  SINCE JUN 1    297                       278     19      299
  SINCE JAN 1    472                       367    105      402
..................................................................


WIND (MPH)
  HIGHEST WIND SPEED    24   HIGHEST WIND DIRECTION    NW (330)
  HIGHEST GUST SPEED    29   HIGHEST GUST DIRECTION    NW (330)
  AVERAGE WIND SPEED    10.4


SKY COVER
  AVERAGE SKY COVER 0.0


WEATHER CONDITIONS
 THE FOLLOWING WEATHER WAS RECORDED YESTERDAY.
  HAZE


RELATIVE HUMIDITY (PERCENT)
 HIGHEST    81          1200 AM
 LOWEST     32           100 PM
 AVERAGE    57

..........................................................


THE CONCORDIA KS CLIMATE NORMALS FOR TODAY
                         NORMAL    RECORD    YEAR
 MAXIMUM TEMPERATURE (F)   90       108      1990
 MINIMUM TEMPERATURE (F)   66        51      1924


SUNRISE AND SUNSET
JULY  2 2014..........SUNRISE   607 AM CDT   SUNSET   902 PM CDT
JULY  3 2014..........SUNRISE   608 AM CDT   SUNSET   902 PM CDT


-  INDICATES NEGATIVE NUMBERS.
R  INDICATES RECORD WAS SET OR TIED.
MM INDICATES DATA IS MISSING.
T  INDICATES TRACE AMOUNT.




$$
