000
CDUS43 KTOP 020636
CLICNK


CLIMATE REPORT
NATIONAL WEATHER SERVICE TOPEKA KS
1234 AM CST THU FEB 2 2017


...................................

...THE CONCORDIA KS CLIMATE SUMMARY FOR FEBRUARY 1 2017...

CLIMATE NORMAL PERIOD 1981 TO 2010
CLIMATE RECORD PERIOD 1885 TO 2017


WEATHER ITEM   OBSERVED TIME   RECORD YEAR NORMAL DEPARTURE LAST
                VALUE   (LST)  VALUE       VALUE  FROM      YEAR
                                                  NORMAL
..................................................................
TEMPERATURE (F)
 YESTERDAY
  MAXIMUM         37   1201 AM  72    1992  40     -3       44
  MINIMUM         21   1159 PM -15    1979  19      2       33
                                      1917
  AVERAGE         29                        30     -1       39

PRECIPITATION (IN)
  YESTERDAY        0.00          0.51 1919   0.03  -0.03     T
  MONTH TO DATE    0.00                      0.03  -0.03     T
  SINCE DEC 1      2.68                      1.46   1.22     3.69
  SINCE JAN 1      1.75                      0.61   1.14     1.05

SNOWFALL (IN)
  YESTERDAY        0.0           6.4  1983   0.2   -0.2      0.0
  MONTH TO DATE    0.0                       0.2   -0.2      0.0
  SINCE JAN 1      1.0                       5.9   -4.9      7.6
  SINCE JUL 1      3.2                      12.4   -9.2      8.9
  SNOW DEPTH       0

DEGREE DAYS
 HEATING
  YESTERDAY       36                        35      1       26
  MONTH TO DATE   36                        35      1       26
  SINCE DEC 1   2182                      2247    -65     1990
  SINCE JUL 1   2879                      3339   -460     2758

 COOLING
  YESTERDAY        0                         0      0        0
  MONTH TO DATE    0                         0      0        0
  SINCE DEC 1      0                         0      0        0
  SINCE JAN 1      0                         0      0        0
..................................................................


WIND (MPH)
  HIGHEST WIND SPEED    21   HIGHEST WIND DIRECTION     N (10)
  HIGHEST GUST SPEED    24   HIGHEST GUST DIRECTION     N (10)
  AVERAGE WIND SPEED    13.0


SKY COVER
  AVERAGE SKY COVER 0.1


WEATHER CONDITIONS
 THE FOLLOWING WEATHER WAS RECORDED YESTERDAY.
  NO SIGNIFICANT WEATHER WAS OBSERVED.


RELATIVE HUMIDITY (PERCENT)
 HIGHEST    85           600 AM
 LOWEST     51           200 PM
 AVERAGE    68

..........................................................


THE CONCORDIA KS CLIMATE NORMALS FOR TODAY
                         NORMAL    RECORD    YEAR
 MAXIMUM TEMPERATURE (F)   40        70      1992
                                             1935
 MINIMUM TEMPERATURE (F)   19       -14      1996
                                             1917


SUNRISE AND SUNSET
FEBRUARY  2 2017......SUNRISE   737 AM CST   SUNSET   552 PM CST
FEBRUARY  3 2017......SUNRISE   736 AM CST   SUNSET   553 PM CST


-  INDICATES NEGATIVE NUMBERS.
R  INDICATES RECORD WAS SET OR TIED.
MM INDICATES DATA IS MISSING.
T  INDICATES TRACE AMOUNT.




$$
