000
CDUS43 KTOP 200639
CLICNK


CLIMATE REPORT
NATIONAL WEATHER SERVICE TOPEKA KS
1238 AM CST THU NOV 20 2014


...................................

...THE CONCORDIA KS CLIMATE SUMMARY FOR NOVEMBER 19 2014...

CLIMATE NORMAL PERIOD 1981 TO 2010
CLIMATE RECORD PERIOD 1885 TO 2014


WEATHER ITEM   OBSERVED TIME   RECORD YEAR NORMAL DEPARTURE LAST
                VALUE   (LST)  VALUE       VALUE  FROM      YEAR
                                                  NORMAL
..................................................................
TEMPERATURE (F)
 YESTERDAY
  MAXIMUM         40    323 PM  78    1942  50    -10       63
  MINIMUM         19   1126 PM   7    1914  29    -10       38
  AVERAGE         30                        40    -10       51

PRECIPITATION (IN)
  YESTERDAY        0.00          2.00 1930   0.03  -0.03     0.00
  MONTH TO DATE    0.08                      0.76  -0.68     1.09
  SINCE SEP 1      5.77                      5.59   0.18     3.02
  SINCE JAN 1     26.43                     26.69  -0.26    26.59

SNOWFALL (IN)
  YESTERDAY        0.0           1.7  1948   0.1   -0.1      0.0
  MONTH TO DATE    1.1                       1.2   -0.1      0.0
  SINCE JAN 1     18.0                      15.1    2.9     20.3
  SINCE JUL 1      1.1                       1.4   -0.3      0.0
  SNOW DEPTH       0

DEGREE DAYS
 HEATING
  YESTERDAY       35                        25     10       14
  MONTH TO DATE  534                       388    146      347
  SINCE SEP 1    863                       776     87      684
  SINCE JUL 1    865                       779     86      691

 COOLING
  YESTERDAY        0                         0      0        0
  MONTH TO DATE    0                         0      0        0
  SINCE SEP 1    159                       182    -23      274
  SINCE JAN 1   1368                      1348     20     1359
..................................................................


WIND (MPH)
  HIGHEST WIND SPEED    22   HIGHEST WIND DIRECTION     N (340)
  HIGHEST GUST SPEED    26   HIGHEST GUST DIRECTION    NW (330)
  AVERAGE WIND SPEED     8.4


SKY COVER
  AVERAGE SKY COVER 0.1


WEATHER CONDITIONS
 THE FOLLOWING WEATHER WAS RECORDED YESTERDAY.
  NO SIGNIFICANT WEATHER WAS OBSERVED.


RELATIVE HUMIDITY (PERCENT)
 HIGHEST    77          1000 PM
 LOWEST     37           200 PM
 AVERAGE    57

..........................................................


THE CONCORDIA KS CLIMATE NORMALS FOR TODAY
                         NORMAL    RECORD    YEAR
 MAXIMUM TEMPERATURE (F)   50        79      1897
 MINIMUM TEMPERATURE (F)   29         8      1985


SUNRISE AND SUNSET
NOVEMBER 20 2014......SUNRISE   720 AM CST   SUNSET   512 PM CST
NOVEMBER 21 2014......SUNRISE   721 AM CST   SUNSET   511 PM CST


-  INDICATES NEGATIVE NUMBERS.
R  INDICATES RECORD WAS SET OR TIED.
MM INDICATES DATA IS MISSING.
T  INDICATES TRACE AMOUNT.




$$
