000
CDUS43 KTOP 130638
CLICNK


CLIMATE REPORT
NATIONAL WEATHER SERVICE TOPEKA KS
137 AM CDT THU APR 13 2017


...................................

...THE CONCORDIA KS CLIMATE SUMMARY FOR APRIL 12 2017...

CLIMATE NORMAL PERIOD 1981 TO 2010
CLIMATE RECORD PERIOD 1885 TO 2017


WEATHER ITEM   OBSERVED TIME   RECORD YEAR NORMAL DEPARTURE LAST
                VALUE   (LST)  VALUE       VALUE  FROM      YEAR
                                                  NORMAL
..................................................................
TEMPERATURE (F)
 YESTERDAY
  MAXIMUM         66    151 PM  87    1899  64      2       66
  MINIMUM         49    610 AM  19    1940  40      9       30
  AVERAGE         58                        52      6       48

PRECIPITATION (IN)
  YESTERDAY        0.98          1.55 1901   0.07   0.91     0.00
  MONTH TO DATE    1.79                      0.90   0.89     0.03
  SINCE MAR 1      4.98                      2.91   2.07     0.48
  SINCE JAN 1      6.83                      4.28   2.55     2.04

SNOWFALL (IN)
  YESTERDAY        0.0           0.4  1970   0.0    0.0      0.0
  MONTH TO DATE    0.0                       0.4   -0.4      0.0
  SINCE JAN 1      2.1                      13.6  -11.5     12.3
  SINCE JUL 1      4.3                      20.1  -15.8     13.6
  SNOW DEPTH       0

DEGREE DAYS
 HEATING
  YESTERDAY        7                        13     -6       17
  MONTH TO DATE  158                       181    -23      143
  SINCE MAR 1    727                       865   -138      631
  SINCE JUL 1   4228                      5072   -844     4102

 COOLING
  YESTERDAY        0                         0      0        0
  MONTH TO DATE    1                         0      1        0
  SINCE MAR 1      5                         1      4        3
  SINCE JAN 1      5                         1      4        3
..................................................................


WIND (MPH)
  HIGHEST WIND SPEED    23   HIGHEST WIND DIRECTION    SE (140)
  HIGHEST GUST SPEED    29   HIGHEST GUST DIRECTION     S (190)
  AVERAGE WIND SPEED    14.4


SKY COVER
  AVERAGE SKY COVER 0.3


WEATHER CONDITIONS
 THE FOLLOWING WEATHER WAS RECORDED YESTERDAY.
  THUNDERSTORM
  HEAVY RAIN
  RAIN
  LIGHT RAIN
  FOG
  HAZE


RELATIVE HUMIDITY (PERCENT)
 HIGHEST    97           300 PM
 LOWEST     63           100 PM
 AVERAGE    80

..........................................................


THE CONCORDIA KS CLIMATE NORMALS FOR TODAY
                         NORMAL    RECORD    YEAR
 MAXIMUM TEMPERATURE (F)   64        89      1936
 MINIMUM TEMPERATURE (F)   40        19      1950


SUNRISE AND SUNSET
APRIL 13 2017.........SUNRISE   656 AM CDT   SUNSET   807 PM CDT
APRIL 14 2017.........SUNRISE   654 AM CDT   SUNSET   808 PM CDT


-  INDICATES NEGATIVE NUMBERS.
R  INDICATES RECORD WAS SET OR TIED.
MM INDICATES DATA IS MISSING.
T  INDICATES TRACE AMOUNT.




$$
