000
CDUS43 KTOP 180633
CLICNK


CLIMATE REPORT
NATIONAL WEATHER SERVICE TOPEKA KS
132 AM CDT MON MAY 18 2015


...................................

...THE CONCORDIA KS CLIMATE SUMMARY FOR MAY 17 2015...

CLIMATE NORMAL PERIOD 1981 TO 2010
CLIMATE RECORD PERIOD 1885 TO 2015


WEATHER ITEM   OBSERVED TIME   RECORD YEAR NORMAL DEPARTURE LAST
                VALUE   (LST)  VALUE       VALUE  FROM      YEAR
                                                  NORMAL
..................................................................
TEMPERATURE (F)
 YESTERDAY
  MAXIMUM         81    430 PM  96    1996  74      7       63
  MINIMUM         55   1233 AM  33    2014  52      3       33
  AVERAGE         68                        63      5       48

PRECIPITATION (IN)
  YESTERDAY        0.00          2.22 1892   0.14  -0.14     0.00
  MONTH TO DATE    2.48                      2.15   0.33     0.07
  SINCE MAR 1      4.82                      6.61  -1.79     1.59
  SINCE JAN 1      6.34                      7.98  -1.64     2.78

SNOWFALL (IN)
  YESTERDAY        0.0           T    1996   0.0    0.0      0.0
  MONTH TO DATE    0.0                       0.0    0.0      0.0
  SINCE JAN 1      5.6                      13.7   -8.1     16.9
  SINCE JUL 1     11.7                      20.2   -8.5     23.2
  SNOW DEPTH       0

DEGREE DAYS
 HEATING
  YESTERDAY        0                         4     -4       17
  MONTH TO DATE   55                        95    -40      128
  SINCE MAR 1    891                      1152   -261     1273
  SINCE JUL 1   5098                      5359   -261     5755

 COOLING
  YESTERDAY        3                         2      1        0
  MONTH TO DATE   35                        24     11       39
  SINCE MAR 1     43                        41      2       64
  SINCE JAN 1     43                        41      2       64
..................................................................


WIND (MPH)
  HIGHEST WIND SPEED    23   HIGHEST WIND DIRECTION     W (260)
  HIGHEST GUST SPEED    29   HIGHEST GUST DIRECTION     W (260)
  AVERAGE WIND SPEED    12.9


SKY COVER
  AVERAGE SKY COVER 0.4


WEATHER CONDITIONS
 THE FOLLOWING WEATHER WAS RECORDED YESTERDAY.
  NO SIGNIFICANT WEATHER WAS OBSERVED.


RELATIVE HUMIDITY (PERCENT)
 HIGHEST   100           200 AM
 LOWEST     33           500 PM
 AVERAGE    67

..........................................................


THE CONCORDIA KS CLIMATE NORMALS FOR TODAY
                         NORMAL    RECORD    YEAR
 MAXIMUM TEMPERATURE (F)   75        94      1988
                                             1967
 MINIMUM TEMPERATURE (F)   53        38      1915


SUNRISE AND SUNSET
MAY 18 2015...........SUNRISE   614 AM CDT   SUNSET   840 PM CDT
MAY 19 2015...........SUNRISE   613 AM CDT   SUNSET   841 PM CDT


-  INDICATES NEGATIVE NUMBERS.
R  INDICATES RECORD WAS SET OR TIED.
MM INDICATES DATA IS MISSING.
T  INDICATES TRACE AMOUNT.




$$
