000
CDUS43 KTOP 150633
CLICNK


CLIMATE REPORT
NATIONAL WEATHER SERVICE TOPEKA KS
132 AM CDT WED MAR 15 2017


...................................

...THE CONCORDIA KS CLIMATE SUMMARY FOR MARCH 14 2017...

CLIMATE NORMAL PERIOD 1981 TO 2010
CLIMATE RECORD PERIOD 1885 TO 2017


WEATHER ITEM   OBSERVED TIME   RECORD YEAR NORMAL DEPARTURE LAST
                VALUE   (LST)  VALUE       VALUE  FROM      YEAR
                                                  NORMAL
..................................................................
TEMPERATURE (F)
 YESTERDAY
  MAXIMUM         35    345 PM  83    1935  54    -19       77
  MINIMUM         21   1051 PM  -2    1975  31    -10       49
                                      1895
  AVERAGE         28                        42    -14       63

PRECIPITATION (IN)
  YESTERDAY        T             0.70 1945   0.06  -0.06     0.00
  MONTH TO DATE    0.07                      0.72  -0.65     0.12
  SINCE MAR 1      0.07                      0.72  -0.65     0.12
  SINCE JAN 1      1.92                      2.09  -0.17     1.68

SNOWFALL (IN)
  YESTERDAY        T             6.4  1960   0.1   -0.1      0.0
  MONTH TO DATE    0.8                       1.0   -0.2      0.0
  SINCE JAN 1      2.1                      11.4   -9.3     12.3
  SINCE JUL 1      4.3                      17.9  -13.6     13.6
  SNOW DEPTH       0

DEGREE DAYS
 HEATING
  YESTERDAY       37                        23     14        2
  MONTH TO DATE  318                       350    -32      181
  SINCE MAR 1    318                       350    -32      181
  SINCE JUL 1   3819                      4557   -738     3652

 COOLING
  YESTERDAY        0                         0      0        0
  MONTH TO DATE    0                         0      0        3
  SINCE MAR 1      0                         0      0        3
  SINCE JAN 1      0                         0      0        3
..................................................................


WIND (MPH)
  HIGHEST WIND SPEED    14   HIGHEST WIND DIRECTION     E (70)
  HIGHEST GUST SPEED    17   HIGHEST GUST DIRECTION     E (70)
  AVERAGE WIND SPEED     7.8


SKY COVER
  AVERAGE SKY COVER 0.9


WEATHER CONDITIONS
 THE FOLLOWING WEATHER WAS RECORDED YESTERDAY.
  NO SIGNIFICANT WEATHER WAS OBSERVED.


RELATIVE HUMIDITY (PERCENT)
 HIGHEST    84           300 AM
 LOWEST     59           600 PM
 AVERAGE    72

..........................................................


THE CONCORDIA KS CLIMATE NORMALS FOR TODAY
                         NORMAL    RECORD    YEAR
 MAXIMUM TEMPERATURE (F)   54        85      2003
 MINIMUM TEMPERATURE (F)   31         3      1912


SUNRISE AND SUNSET
MARCH 15 2017.........SUNRISE   742 AM CDT   SUNSET   738 PM CDT
MARCH 16 2017.........SUNRISE   740 AM CDT   SUNSET   739 PM CDT


-  INDICATES NEGATIVE NUMBERS.
R  INDICATES RECORD WAS SET OR TIED.
MM INDICATES DATA IS MISSING.
T  INDICATES TRACE AMOUNT.




$$
