000
CDUS43 KTOP 072132
CLICNK


CLIMATE REPORT
NATIONAL WEATHER SERVICE TOPEKA KS
432 PM CDT THU JUL 7 2016


...................................

...THE CONCORDIA KS CLIMATE SUMMARY FOR JULY 7 2016...
VALID TODAY AS OF 430 PM LOCAL TIME.

CLIMATE NORMAL PERIOD 1981 TO 2010
CLIMATE RECORD PERIOD 1885 TO 2016


WEATHER ITEM   OBSERVED TIME   RECORD YEAR NORMAL DEPARTURE LAST
                VALUE   (LST)  VALUE       VALUE  FROM      YEAR
                                                  NORMAL
..................................................................
TEMPERATURE (F)
 TODAY
  MAXIMUM         92    259 PM 105    2001  91      1       74
                                      1913
  MINIMUM         67    647 AM  49    1908  67      0       58
  AVERAGE         80                        79      1       66

PRECIPITATION (IN)
  TODAY            1.09          2.67 1993   0.14   0.95     0.00
  MONTH TO DATE    1.92                      0.98   0.94     0.52
  SINCE JUN 1      3.09                      5.03  -1.94     6.63
  SINCE JAN 1     15.26                     15.02   0.24    14.71

SNOWFALL (IN)
  TODAY            0.0           T    1944   0.0    0.0      0.0
  MONTH TO DATE    0.0                       0.0    0.0      0.0
  SINCE JAN 1     12.3                      13.7   -1.4      5.6
  SINCE JUL 1      0.0                       0.0    0.0      0.0
  SNOW DEPTH       0

DEGREE DAYS
 HEATING
  TODAY            0                         0      0        0
  MONTH TO DATE    1                         0      1        0
  SINCE JUN 1      1                        13    -12        2
  SINCE JUL 1      1                         0      1        0

 COOLING
  TODAY           15                        14      1        1
  MONTH TO DATE   80                        94    -14       71
  SINCE JUN 1    501                       359    142      380
  SINCE JAN 1    561                       448    113      435
..................................................................


WIND (MPH)
  HIGHEST WIND SPEED    35   HIGHEST WIND DIRECTION     N (340)
  HIGHEST GUST SPEED    46   HIGHEST GUST DIRECTION     N (340)
  AVERAGE WIND SPEED    14.6



WEATHER CONDITIONS
 THE FOLLOWING WEATHER WAS RECORDED TODAY.
  THUNDERSTORM
  HEAVY RAIN
  RAIN
  LIGHT RAIN
  FOG


RELATIVE HUMIDITY (PERCENT)
 HIGHEST    87           700 AM
 LOWEST     44           300 PM
 AVERAGE    66

..........................................................


THE CONCORDIA KS CLIMATE NORMALS FOR TOMORROW
                         NORMAL    RECORD    YEAR
 MAXIMUM TEMPERATURE (F)   91       106      1984
 MINIMUM TEMPERATURE (F)   67        49      1891


SUNRISE AND SUNSET
JULY  7 2016..........SUNRISE   611 AM CDT   SUNSET   900 PM CDT
JULY  8 2016..........SUNRISE   611 AM CDT   SUNSET   900 PM CDT


-  INDICATES NEGATIVE NUMBERS.
R  INDICATES RECORD WAS SET OR TIED.
MM INDICATES DATA IS MISSING.
T  INDICATES TRACE AMOUNT.




$$
