000
CDUS43 KTOP 250635
CLICNK


CLIMATE REPORT
NATIONAL WEATHER SERVICE TOPEKA KS
134 AM CDT MON AUG 25 2014


...................................

...THE CONCORDIA KS CLIMATE SUMMARY FOR AUGUST 24 2014...

CLIMATE NORMAL PERIOD 1981 TO 2010
CLIMATE RECORD PERIOD 1885 TO 2014


WEATHER ITEM   OBSERVED TIME   RECORD YEAR NORMAL DEPARTURE LAST
                VALUE   (LST)  VALUE       VALUE  FROM      YEAR
                                                  NORMAL
..................................................................
TEMPERATURE (F)
 YESTERDAY
  MAXIMUM         95    332 PM 107    1936  88      7       91
                                      1922
  MINIMUM         68    636 AM  46    1891  64      4       74
  AVERAGE         82                        76      6       83

PRECIPITATION (IN)
  YESTERDAY        0.00          3.61 1972   0.09  -0.09     0.00
  MONTH TO DATE    4.88                      2.47   2.41     6.51
  SINCE JUN 1     12.72                     10.44   2.28    12.11
  SINCE JAN 1     18.55                     20.43  -1.88    23.50

SNOWFALL (IN)
  YESTERDAY        0.0           0.0    MM   0.0    0.0      0.0
  MONTH TO DATE    0.0                       0.0    0.0      0.0
  SINCE JAN 1     16.9                      13.7    3.2     20.3
  SINCE JUL 1      0.0                       0.0    0.0      0.0
  SNOW DEPTH       0

DEGREE DAYS
 HEATING
  YESTERDAY        0                         0      0        0
  MONTH TO DATE    0                         0      0        0
  SINCE JUN 1      3                        13    -10       22
  SINCE JUL 1      2                         0      2        7

 COOLING
  YESTERDAY       17                        11      6       18
  MONTH TO DATE  306                       305      1      207
  SINCE JUN 1    955                      1006    -51      856
  SINCE JAN 1   1130                      1095     35      959
..................................................................


WIND (MPH)
  HIGHEST WIND SPEED    23   HIGHEST WIND DIRECTION     S (180)
  HIGHEST GUST SPEED    30   HIGHEST GUST DIRECTION     S (170)
  AVERAGE WIND SPEED     8.9


SKY COVER
  AVERAGE SKY COVER 0.0


WEATHER CONDITIONS
 THE FOLLOWING WEATHER WAS RECORDED YESTERDAY.
  NO SIGNIFICANT WEATHER WAS OBSERVED.


RELATIVE HUMIDITY (PERCENT)
 HIGHEST    82          1000 PM
 LOWEST     41           300 PM
 AVERAGE    62

..........................................................


THE CONCORDIA KS CLIMATE NORMALS FOR TODAY
                         NORMAL    RECORD    YEAR
 MAXIMUM TEMPERATURE (F)   87       110      1936
 MINIMUM TEMPERATURE (F)   64        47      1928


SUNRISE AND SUNSET
AUGUST 25 2014........SUNRISE   652 AM CDT   SUNSET   812 PM CDT
AUGUST 26 2014........SUNRISE   653 AM CDT   SUNSET   811 PM CDT


-  INDICATES NEGATIVE NUMBERS.
R  INDICATES RECORD WAS SET OR TIED.
MM INDICATES DATA IS MISSING.
T  INDICATES TRACE AMOUNT.

$$
