000
CDUS43 KTOP 050642
CLICNK


CLIMATE REPORT
NATIONAL WEATHER SERVICE TOPEKA KS
1242 AM CST SUN FEB 5 2017


...................................

...THE CONCORDIA KS CLIMATE SUMMARY FOR FEBRUARY 4 2017...

CLIMATE NORMAL PERIOD 1981 TO 2010
CLIMATE RECORD PERIOD 1885 TO 2017


WEATHER ITEM   OBSERVED TIME   RECORD YEAR NORMAL DEPARTURE LAST
                VALUE   (LST)  VALUE       VALUE  FROM      YEAR
                                                  NORMAL
..................................................................
TEMPERATURE (F)
 YESTERDAY
  MAXIMUM         58    505 PM  73    1946  40     18       30
  MINIMUM         24    712 AM -15    1905  20      4       16
  AVERAGE         41                        30     11       23

PRECIPITATION (IN)
  YESTERDAY        0.00          1.42 1892   0.02  -0.02     0.00
  MONTH TO DATE    T                         0.10  -0.10     0.49
  SINCE DEC 1      2.68                      1.53   1.15     4.18
  SINCE JAN 1      1.75                      0.68   1.07     1.54

SNOWFALL (IN)
  YESTERDAY        0.0           5.6  2014   0.2   -0.2      0.0
                                      1971
  MONTH TO DATE    T                         0.9   -0.9      4.7
  SINCE JAN 1      1.0                       6.6   -5.6     12.3
  SINCE JUL 1      3.2                      13.1   -9.9     13.6
  SNOW DEPTH       0

DEGREE DAYS
 HEATING
  YESTERDAY       24                        35    -11       42
  MONTH TO DATE  140                       140      0      141
  SINCE DEC 1   2286                      2352    -66     2105
  SINCE JUL 1   2983                      3444   -461     2873

 COOLING
  YESTERDAY        0                         0      0        0
  MONTH TO DATE    0                         0      0        0
  SINCE DEC 1      0                         0      0        0
  SINCE JAN 1      0                         0      0        0
..................................................................


WIND (MPH)
  HIGHEST WIND SPEED    29   HIGHEST WIND DIRECTION     S (190)
  HIGHEST GUST SPEED    36   HIGHEST GUST DIRECTION     S (200)
  AVERAGE WIND SPEED    16.2


SKY COVER
  AVERAGE SKY COVER 0.0


WEATHER CONDITIONS
 THE FOLLOWING WEATHER WAS RECORDED YESTERDAY.
  NO SIGNIFICANT WEATHER WAS OBSERVED.


RELATIVE HUMIDITY (PERCENT)
 HIGHEST    68           100 AM
 LOWEST     30           300 PM
 AVERAGE    49

..........................................................


THE CONCORDIA KS CLIMATE NORMALS FOR TODAY
                         NORMAL    RECORD    YEAR
 MAXIMUM TEMPERATURE (F)   41        71      1963
 MINIMUM TEMPERATURE (F)   20       -11      1979


SUNRISE AND SUNSET
FEBRUARY  5 2017......SUNRISE   734 AM CST   SUNSET   556 PM CST
FEBRUARY  6 2017......SUNRISE   733 AM CST   SUNSET   557 PM CST


-  INDICATES NEGATIVE NUMBERS.
R  INDICATES RECORD WAS SET OR TIED.
MM INDICATES DATA IS MISSING.
T  INDICATES TRACE AMOUNT.




$$
