000
CDUS43 KTOP 132151
CLICNK


CLIMATE REPORT
NATIONAL WEATHER SERVICE TOPEKA KS
451 PM CDT MON MAR 13 2017


...................................

...THE CONCORDIA KS CLIMATE SUMMARY FOR MARCH 13 2017...
VALID TODAY AS OF 0400 PM LOCAL TIME.

CLIMATE NORMAL PERIOD 1981 TO 2010
CLIMATE RECORD PERIOD 1885 TO 2017


WEATHER ITEM   OBSERVED TIME   RECORD YEAR NORMAL DEPARTURE LAST
                VALUE   (LST)  VALUE       VALUE  FROM      YEAR
                                                  NORMAL
..................................................................
TEMPERATURE (F)
 TODAY
  MAXIMUM         37    236 PM  82    2012  54    -17       65
  MINIMUM         20    711 AM   3    1975  31    -11       51
  AVERAGE         29                        42    -13       58

PRECIPITATION (IN)
  TODAY            0.00          0.56 1925   0.06  -0.06     0.05
  MONTH TO DATE    0.07                      0.66  -0.59     0.12
  SINCE MAR 1      0.07                      0.66  -0.59     0.12
  SINCE JAN 1      1.92                      2.03  -0.11     1.68

SNOWFALL (IN)
  TODAY            0.0           2.7  2011   0.0    0.0      0.0
  MONTH TO DATE    0.8                       0.9   -0.1      0.0
  SINCE JAN 1      2.1                      11.3   -9.2     12.3
  SINCE JUL 1      4.3                      17.8  -13.5     13.6
  SNOW DEPTH       0

DEGREE DAYS
 HEATING
  TODAY           36                        23     13        7
  MONTH TO DATE  281                       327    -46      179
  SINCE MAR 1    281                       327    -46      179
  SINCE JUL 1   3782                      4534   -752     3650

 COOLING
  TODAY            0                         0      0        0
  MONTH TO DATE    0                         0      0        3
  SINCE MAR 1      0                         0      0        3
  SINCE JAN 1      0                         0      0        3
..................................................................


WIND (MPH)
  HIGHEST WIND SPEED    31   HIGHEST WIND DIRECTION     N (340)
  HIGHEST GUST SPEED    42   HIGHEST GUST DIRECTION     N (350)
  AVERAGE WIND SPEED    20.2



WEATHER CONDITIONS
 THE FOLLOWING WEATHER WAS RECORDED TODAY.
  NO SIGNIFICANT WEATHER WAS OBSERVED.


RELATIVE HUMIDITY (PERCENT)
 HIGHEST    73           500 AM
 LOWEST     47           200 PM
 AVERAGE    60

..........................................................


THE CONCORDIA KS CLIMATE NORMALS FOR TOMORROW
                         NORMAL    RECORD    YEAR
 MAXIMUM TEMPERATURE (F)   54        83      1935
 MINIMUM TEMPERATURE (F)   31        -2      1975
                                             1895


SUNRISE AND SUNSET
MARCH 13 2017.........SUNRISE   745 AM CDT   SUNSET   736 PM CDT
MARCH 14 2017.........SUNRISE   743 AM CDT   SUNSET   737 PM CDT


-  INDICATES NEGATIVE NUMBERS.
R  INDICATES RECORD WAS SET OR TIED.
MM INDICATES DATA IS MISSING.
T  INDICATES TRACE AMOUNT.




$$
