000
CDUS43 KTOP 310634
CLICNK


CLIMATE REPORT
NATIONAL WEATHER SERVICE TOPEKA KS
134 AM CDT MON MAR 31 2014


...................................

...THE CONCORDIA KS CLIMATE SUMMARY FOR MARCH 30 2014...

CLIMATE NORMAL PERIOD 1981 TO 2010
CLIMATE RECORD PERIOD 1885 TO 2014


WEATHER ITEM   OBSERVED TIME   RECORD YEAR NORMAL DEPARTURE LAST
                VALUE   (LST)  VALUE       VALUE  FROM      YEAR
                                                  NORMAL
..................................................................
TEMPERATURE (F)
 YESTERDAY
  MAXIMUM         78    320 PM  89    1917  60     18       70
  MINIMUM         48    224 AM   8    1886  36     12       48
  AVERAGE         63                        48     15       59

PRECIPITATION (IN)
  YESTERDAY        0.00          1.32 1998   0.08  -0.08     0.28
  MONTH TO DATE    0.23                      1.92  -1.69     0.89
  SINCE MAR 1      0.23                      1.92  -1.69     0.89
  SINCE JAN 1      1.42                      3.29  -1.87     2.37

SNOWFALL (IN)
  YESTERDAY        0.0           5.2  1985   0.1   -0.1      0.0
  MONTH TO DATE    2.2                       2.7   -0.5      4.3
  SINCE JAN 1     16.9                      13.1    3.8     17.9
  SINCE JUL 1     23.2                      19.6    3.6     26.4
  SNOW DEPTH       0

DEGREE DAYS
 HEATING
  YESTERDAY        2                        17    -15        6
  MONTH TO DATE  781                       667    114      804
  SINCE MAR 1    781                       667    114      804
  SINCE JUL 1   5263                      4874    389     4823

 COOLING
  YESTERDAY        0                         0      0        0
  MONTH TO DATE    0                         0      0        0
  SINCE MAR 1      0                         0      0        0
  SINCE JAN 1      0                         0      0        0
..................................................................


WIND (MPH)
  HIGHEST WIND SPEED    40   HIGHEST WIND DIRECTION     S (200)
  HIGHEST GUST SPEED    49   HIGHEST GUST DIRECTION     S (170)
  AVERAGE WIND SPEED    28.0


SKY COVER
  AVERAGE SKY COVER 0.0


WEATHER CONDITIONS
 THE FOLLOWING WEATHER WAS RECORDED YESTERDAY.
  HAZE


RELATIVE HUMIDITY (PERCENT)
 HIGHEST    50           300 AM
 LOWEST     20           300 PM
 AVERAGE    35

..........................................................


THE CONCORDIA KS CLIMATE NORMALS FOR TODAY
                         NORMAL    RECORD    YEAR
 MAXIMUM TEMPERATURE (F)   60        92      1946
 MINIMUM TEMPERATURE (F)   36        10      1886


SUNRISE AND SUNSET
MARCH 31 2014.........SUNRISE   716 AM CDT   SUNSET   754 PM CDT
APRIL  1 2014.........SUNRISE   715 AM CDT   SUNSET   755 PM CDT


-  INDICATES NEGATIVE NUMBERS.
R  INDICATES RECORD WAS SET OR TIED.
MM INDICATES DATA IS MISSING.
T  INDICATES TRACE AMOUNT.




$$
