000
CDUS43 KTOP 110640
CLICNK


CLIMATE REPORT
NATIONAL WEATHER SERVICE TOPEKA KS
139 AM CDT MON AUG 11 2014


...................................

...THE CONCORDIA KS CLIMATE SUMMARY FOR AUGUST 10 2014...

CLIMATE NORMAL PERIOD 1981 TO 2010
CLIMATE RECORD PERIOD 1885 TO 2014


WEATHER ITEM   OBSERVED TIME   RECORD YEAR NORMAL DEPARTURE LAST
                VALUE   (LST)  VALUE       VALUE  FROM      YEAR
                                                  NORMAL
..................................................................
TEMPERATURE (F)
 YESTERDAY
  MAXIMUM         84    541 PM 106    1911  90     -6       83
  MINIMUM         64    555 AM  52    1985  67     -3       59
  AVERAGE         74                        78     -4       71

PRECIPITATION (IN)
  YESTERDAY        0.27          2.37 1968   0.10   0.17     0.00
  MONTH TO DATE    1.86                      1.07   0.79     5.37
  SINCE JUN 1      9.70                      9.04   0.66    10.97
  SINCE JAN 1     15.53                     19.03  -3.50    22.36

SNOWFALL (IN)
  YESTERDAY        0.0           0.0    MM   0.0    0.0      0.0
  MONTH TO DATE    0.0                       0.0    0.0      0.0
  SINCE JAN 1     16.9                      13.7    3.2     20.3
  SINCE JUL 1      0.0                       0.0    0.0      0.0
  SNOW DEPTH       0

DEGREE DAYS
 HEATING
  YESTERDAY        0                         0      0        0
  MONTH TO DATE    0                         0      0        0
  SINCE JUN 1      3                        13    -10       22
  SINCE JUL 1      2                         0      2        7

 COOLING
  YESTERDAY        9                        13     -4        6
  MONTH TO DATE  136                       135      1       91
  SINCE JUN 1    785                       836    -51      740
  SINCE JAN 1    960                       925     35      843
..................................................................


WIND (MPH)
  HIGHEST WIND SPEED    15   HIGHEST WIND DIRECTION     N (20)
  HIGHEST GUST SPEED    20   HIGHEST GUST DIRECTION    NE (40)
  AVERAGE WIND SPEED     7.3


SKY COVER
  AVERAGE SKY COVER 0.4


WEATHER CONDITIONS
 THE FOLLOWING WEATHER WAS RECORDED YESTERDAY.
  THUNDERSTORM
  RAIN
  FOG


RELATIVE HUMIDITY (PERCENT)
 HIGHEST   100           100 AM
 LOWEST     51           400 PM
 AVERAGE    76

..........................................................


THE CONCORDIA KS CLIMATE NORMALS FOR TODAY
                         NORMAL    RECORD    YEAR
 MAXIMUM TEMPERATURE (F)   89       109      1936
 MINIMUM TEMPERATURE (F)   67        47      1902


SUNRISE AND SUNSET
AUGUST 11 2014........SUNRISE   639 AM CDT   SUNSET   832 PM CDT
AUGUST 12 2014........SUNRISE   640 AM CDT   SUNSET   830 PM CDT


-  INDICATES NEGATIVE NUMBERS.
R  INDICATES RECORD WAS SET OR TIED.
MM INDICATES DATA IS MISSING.
T  INDICATES TRACE AMOUNT.




$$
