000
CDUS43 KTOP 210636
CLICNK


CLIMATE REPORT
NATIONAL WEATHER SERVICE TOPEKA KS
136 AM CDT THU MAY 21 2015


...................................

...THE CONCORDIA KS CLIMATE SUMMARY FOR MAY 20 2015...

CLIMATE NORMAL PERIOD 1981 TO 2010
CLIMATE RECORD PERIOD 1885 TO 2015


WEATHER ITEM   OBSERVED TIME   RECORD YEAR NORMAL DEPARTURE LAST
                VALUE   (LST)  VALUE       VALUE  FROM      YEAR
                                                  NORMAL
..................................................................
TEMPERATURE (F)
 YESTERDAY
  MAXIMUM         55    336 PM  98    1956  75    -20       93
  MINIMUM         45   1159 PM  33    1931  53     -8       60
  AVERAGE         50                        64    -14       77

PRECIPITATION (IN)
  YESTERDAY        0.03          2.40 1982   0.14  -0.11     0.00
                                      1945
  MONTH TO DATE    2.88                      2.58   0.30     0.07
  SINCE MAR 1      5.22                      7.04  -1.82     1.59
  SINCE JAN 1      6.74                      8.41  -1.67     2.78

SNOWFALL (IN)
  YESTERDAY        0.0           T    1953   0.0    0.0      0.0
  MONTH TO DATE    0.0                       0.0    0.0      0.0
  SINCE JAN 1      5.6                      13.7   -8.1     16.9
  SINCE JUL 1     11.7                      20.2   -8.5     23.2
  SNOW DEPTH       0

DEGREE DAYS
 HEATING
  YESTERDAY       15                         3     12        0
  MONTH TO DATE   93                       105    -12      131
  SINCE MAR 1    929                      1162   -233     1276
  SINCE JUL 1   5136                      5369   -233     5758

 COOLING
  YESTERDAY        0                         3     -3       12
  MONTH TO DATE   35                        31      4       63
  SINCE MAR 1     43                        48     -5       88
  SINCE JAN 1     43                        48     -5       88
..................................................................


WIND (MPH)
  HIGHEST WIND SPEED    18   HIGHEST WIND DIRECTION     N (10)
  HIGHEST GUST SPEED    23   HIGHEST GUST DIRECTION     N (10)
  AVERAGE WIND SPEED     9.9


SKY COVER
  AVERAGE SKY COVER 0.9


WEATHER CONDITIONS
 THE FOLLOWING WEATHER WAS RECORDED YESTERDAY.
  LIGHT RAIN
  FOG


RELATIVE HUMIDITY (PERCENT)
 HIGHEST    93           300 AM
 LOWEST     66           400 PM
 AVERAGE    80

..........................................................


THE CONCORDIA KS CLIMATE NORMALS FOR TODAY
                         NORMAL    RECORD    YEAR
 MAXIMUM TEMPERATURE (F)   76        96      2005
 MINIMUM TEMPERATURE (F)   54        36      1968
                                             1892


SUNRISE AND SUNSET
MAY 21 2015...........SUNRISE   612 AM CDT   SUNSET   843 PM CDT
MAY 22 2015...........SUNRISE   611 AM CDT   SUNSET   844 PM CDT


-  INDICATES NEGATIVE NUMBERS.
R  INDICATES RECORD WAS SET OR TIED.
MM INDICATES DATA IS MISSING.
T  INDICATES TRACE AMOUNT.




$$
