000
CDUS43 KTOP 140631
CLICNK


CLIMATE REPORT
NATIONAL WEATHER SERVICE TOPEKA KS
131 AM CDT THU APR 14 2016


...................................

...THE CONCORDIA KS CLIMATE SUMMARY FOR APRIL 13 2016...

CLIMATE NORMAL PERIOD 1981 TO 2010
CLIMATE RECORD PERIOD 1885 TO 2016


WEATHER ITEM   OBSERVED TIME   RECORD YEAR NORMAL DEPARTURE LAST
                VALUE   (LST)  VALUE       VALUE  FROM      YEAR
                                                  NORMAL
..................................................................
TEMPERATURE (F)
 YESTERDAY
  MAXIMUM         74    354 PM  89    1936  64     10       67
  MINIMUM         44    456 AM  19    1950  40      4       43
  AVERAGE         59                        52      7       55

PRECIPITATION (IN)
  YESTERDAY        0.00          1.99 1987   0.08  -0.08     0.00
  MONTH TO DATE    0.03                      0.98  -0.95     0.70
  SINCE MAR 1      0.48                      2.99  -2.51     0.81
  SINCE JAN 1      2.04                      4.36  -2.32     2.33

SNOWFALL (IN)
  YESTERDAY        0.0           2.4  1983   0.0    0.0      0.0
  MONTH TO DATE    0.0                       0.4   -0.4      0.0
  SINCE JAN 1     12.3                      13.6   -1.3      5.6
  SINCE JUL 1     13.6                      20.1   -6.5     11.7
  SNOW DEPTH       0

DEGREE DAYS
 HEATING
  YESTERDAY        6                        13     -7       10
  MONTH TO DATE  149                       194    -45      130
  SINCE MAR 1    637                       878   -241      677
  SINCE JUL 1   4108                      5085   -977     4884

 COOLING
  YESTERDAY        0                         0      0        0
  MONTH TO DATE    0                         0      0        4
  SINCE MAR 1      3                         1      2        8
  SINCE JAN 1      3                         1      2        8
..................................................................


WIND (MPH)
  HIGHEST WIND SPEED    21   HIGHEST WIND DIRECTION     S (190)
  HIGHEST GUST SPEED    26   HIGHEST GUST DIRECTION     S (190)
  AVERAGE WIND SPEED    12.4


SKY COVER
  AVERAGE SKY COVER 0.0


WEATHER CONDITIONS
 THE FOLLOWING WEATHER WAS RECORDED YESTERDAY.
  HAZE


RELATIVE HUMIDITY (PERCENT)
 HIGHEST    77          1100 PM
 LOWEST     31           200 PM
 AVERAGE    54

..........................................................


THE CONCORDIA KS CLIMATE NORMALS FOR TODAY
                         NORMAL    RECORD    YEAR
 MAXIMUM TEMPERATURE (F)   65        90      2002
 MINIMUM TEMPERATURE (F)   41        22      1928


SUNRISE AND SUNSET
APRIL 14 2016.........SUNRISE   654 AM CDT   SUNSET   808 PM CDT
APRIL 15 2016.........SUNRISE   653 AM CDT   SUNSET   809 PM CDT


-  INDICATES NEGATIVE NUMBERS.
R  INDICATES RECORD WAS SET OR TIED.
MM INDICATES DATA IS MISSING.
T  INDICATES TRACE AMOUNT.




$$
