000
CDUS43 KTOP 110634
CLICNK


CLIMATE REPORT
NATIONAL WEATHER SERVICE TOPEKA KS
1233 AM CST WED JAN 11 2017


...................................

...THE CONCORDIA KS CLIMATE SUMMARY FOR JANUARY 10 2017...

CLIMATE NORMAL PERIOD 1981 TO 2010
CLIMATE RECORD PERIOD 1885 TO 2017


WEATHER ITEM   OBSERVED TIME   RECORD YEAR NORMAL DEPARTURE LAST
                VALUE   (LST)  VALUE       VALUE  FROM      YEAR
                                                  NORMAL
..................................................................
TEMPERATURE (F)
 YESTERDAY
  MAXIMUM         48    813 AM  78    1911  38     10       28
  MINIMUM         35    829 PM -16    1982  19     16       -3
  AVERAGE         42                        28     14       13

PRECIPITATION (IN)
  YESTERDAY        0.01          0.51 1918   0.01   0.00     0.00
  MONTH TO DATE    0.11                      0.15  -0.04     0.42
  SINCE DEC 1      1.04                      1.00   0.04     3.06
  SINCE JAN 1      0.11                      0.15  -0.04     0.42

SNOWFALL (IN)
  YESTERDAY        0.0           6.0  1975   0.2   -0.2      0.0
  MONTH TO DATE    1.0                       1.7   -0.7       T
  SINCE JAN 1      1.0                       1.7   -0.7       T
  SINCE JUL 1      3.2                       8.2   -5.0      1.3
  SNOW DEPTH       0

DEGREE DAYS
 HEATING
  YESTERDAY       23                        37    -14       52
  MONTH TO DATE  420                       370     50      374
  SINCE DEC 1   1524                      1455     69     1249
  SINCE JUL 1   2221                      2547   -326     2017

 COOLING
  YESTERDAY        0                         0      0        0
  MONTH TO DATE    0                         0      0        0
  SINCE DEC 1      0                         0      0        0
  SINCE JAN 1      0                         0      0        0
..................................................................


WIND (MPH)
  HIGHEST WIND SPEED    37   HIGHEST WIND DIRECTION    NW (320)
  HIGHEST GUST SPEED    45   HIGHEST GUST DIRECTION    NW (330)
  AVERAGE WIND SPEED    14.1


SKY COVER
  AVERAGE SKY COVER 0.2


WEATHER CONDITIONS
 THE FOLLOWING WEATHER WAS RECORDED YESTERDAY.
  LIGHT RAIN


RELATIVE HUMIDITY (PERCENT)
 HIGHEST    85           400 AM
 LOWEST     45           300 PM
 AVERAGE    65

..........................................................


THE CONCORDIA KS CLIMATE NORMALS FOR TODAY
                         NORMAL    RECORD    YEAR
 MAXIMUM TEMPERATURE (F)   38        63      1986
 MINIMUM TEMPERATURE (F)   19       -20      1918


SUNRISE AND SUNSET
JANUARY 11 2017.......SUNRISE   750 AM CST   SUNSET   527 PM CST
JANUARY 12 2017.......SUNRISE   750 AM CST   SUNSET   528 PM CST


-  INDICATES NEGATIVE NUMBERS.
R  INDICATES RECORD WAS SET OR TIED.
MM INDICATES DATA IS MISSING.
T  INDICATES TRACE AMOUNT.

$$
