000
CDUS43 KTOP 032132
CLICNK


CLIMATE REPORT
NATIONAL WEATHER SERVICE TOPEKA KS
431 PM CDT MON AUG 3 2015


...................................

...THE CONCORDIA KS CLIMATE SUMMARY FOR AUGUST 3 2015...
VALID TODAY AS OF 430 PM LOCAL TIME.

CLIMATE NORMAL PERIOD 1981 TO 2010
CLIMATE RECORD PERIOD 1885 TO 2015


WEATHER ITEM   OBSERVED TIME   RECORD YEAR NORMAL DEPARTURE LAST
                VALUE   (LST)  VALUE       VALUE  FROM      YEAR
                                                  NORMAL
..................................................................
TEMPERATURE (F)
 TODAY
  MAXIMUM         92    259 PM 110    1918  90      2       96
  MINIMUM         68    559 AM  50    1974  67      1       70
  AVERAGE         80                        79      1       83

PRECIPITATION (IN)
  TODAY            0.00          1.74 1985   0.11  -0.11     0.00
  MONTH TO DATE    0.00                      0.33  -0.33     0.00
  SINCE JUN 1      9.68                      8.30   1.38     7.84
  SINCE JAN 1     17.76                     18.29  -0.53    13.67

SNOWFALL (IN)
  TODAY            0.0           0.0    MM   0.0    0.0      0.0
  MONTH TO DATE    0.0                       0.0    0.0      0.0
  SINCE JAN 1      5.6                      13.7   -8.1     16.9
  SINCE JUL 1      0.0                       0.0    0.0      0.0
  SNOW DEPTH       0

DEGREE DAYS
 HEATING
  TODAY            0                         0      0        0
  MONTH TO DATE    0                         0      0        0
  SINCE JUN 1      2                        13    -11        3
  SINCE JUL 1      0                         0      0        2

 COOLING
  TODAY           15                        14      1       18
  MONTH TO DATE   49                        42      7       39
  SINCE JUN 1    754                       743     11      688
  SINCE JAN 1    809                       832    -23      863
..................................................................


WIND (MPH)
  HIGHEST WIND SPEED    14   HIGHEST WIND DIRECTION     N (20)
  HIGHEST GUST SPEED    17   HIGHEST GUST DIRECTION    NE (40)
  AVERAGE WIND SPEED     6.8



WEATHER CONDITIONS
 THE FOLLOWING WEATHER WAS RECORDED TODAY.
  NO SIGNIFICANT WEATHER WAS OBSERVED.


RELATIVE HUMIDITY (PERCENT)
 HIGHEST    90           400 AM
 LOWEST     52           300 PM
 AVERAGE    71

..........................................................


THE CONCORDIA KS CLIMATE NORMALS FOR TOMORROW
                         NORMAL    RECORD    YEAR
 MAXIMUM TEMPERATURE (F)   90       108      1918
 MINIMUM TEMPERATURE (F)   67        49      1894


SUNRISE AND SUNSET
AUGUST  3 2015........SUNRISE   632 AM CDT   SUNSET   841 PM CDT
AUGUST  4 2015........SUNRISE   633 AM CDT   SUNSET   840 PM CDT


-  INDICATES NEGATIVE NUMBERS.
R  INDICATES RECORD WAS SET OR TIED.
MM INDICATES DATA IS MISSING.
T  INDICATES TRACE AMOUNT.




$$
