000
CDUS43 KTOP 220631
CLICNK


CLIMATE REPORT
NATIONAL WEATHER SERVICE TOPEKA KS
131 AM CDT TUE JUL 22 2014


...................................

...THE CONCORDIA KS CLIMATE SUMMARY FOR JULY 21 2014...

CLIMATE NORMAL PERIOD 1981 TO 2010
CLIMATE RECORD PERIOD 1885 TO 2014


WEATHER ITEM   OBSERVED TIME   RECORD YEAR NORMAL DEPARTURE LAST
                VALUE   (LST)  VALUE       VALUE  FROM      YEAR
                                                  NORMAL
..................................................................
TEMPERATURE (F)
 YESTERDAY
  MAXIMUM        102    402 PM 107    1974  91     11       83
  MINIMUM         74    619 AM  50    1970  68      6       65
  AVERAGE         88                        79      9       74

PRECIPITATION (IN)
  YESTERDAY        0.00          3.11 1978   0.12  -0.12      T
  MONTH TO DATE    0.91                      2.83  -1.92     1.12
  SINCE JUN 1      7.61                      6.88   0.73     2.40
  SINCE JAN 1     13.44                     16.87  -3.43    13.79

SNOWFALL (IN)
  YESTERDAY        0.0           T    1951   0.0    0.0      0.0
  MONTH TO DATE    0.0                       0.0    0.0      0.0
  SINCE JAN 1     16.9                      13.7    3.2     20.3
  SINCE JUL 1      0.0                       0.0    0.0      0.0
  SNOW DEPTH       0

DEGREE DAYS
 HEATING
  YESTERDAY        0                         0      0        0
  MONTH TO DATE    2                         0      2        0
  SINCE JUN 1      3                        13    -10       15
  SINCE JUL 1      2                         0      2        0

 COOLING
  YESTERDAY       23                        14      9        9
  MONTH TO DATE  227                       290    -63      292
  SINCE JUN 1    514                       555    -41      588
  SINCE JAN 1    689                       644     45      691
..................................................................


WIND (MPH)
  HIGHEST WIND SPEED    23   HIGHEST WIND DIRECTION     S (200)
  HIGHEST GUST SPEED    28   HIGHEST GUST DIRECTION     S (190)
  AVERAGE WIND SPEED    15.7


SKY COVER
  AVERAGE SKY COVER 0.0


WEATHER CONDITIONS
 THE FOLLOWING WEATHER WAS RECORDED YESTERDAY.
  NO SIGNIFICANT WEATHER WAS OBSERVED.


RELATIVE HUMIDITY (PERCENT)
 HIGHEST    94           300 AM
 LOWEST     31           400 PM
 AVERAGE    63

..........................................................


THE CONCORDIA KS CLIMATE NORMALS FOR TODAY
                         NORMAL    RECORD    YEAR
 MAXIMUM TEMPERATURE (F)   91       107      2001
 MINIMUM TEMPERATURE (F)   68        54      1970


SUNRISE AND SUNSET
JULY 22 2014..........SUNRISE   621 AM CDT   SUNSET   852 PM CDT
JULY 23 2014..........SUNRISE   622 AM CDT   SUNSET   852 PM CDT


-  INDICATES NEGATIVE NUMBERS.
R  INDICATES RECORD WAS SET OR TIED.
MM INDICATES DATA IS MISSING.
T  INDICATES TRACE AMOUNT.




$$
