000
CDUS43 KTOP 152240
CLICNK


CLIMATE REPORT
NATIONAL WEATHER SERVICE TOPEKA KS
540 PM CDT WED MAR 15 2017


...................................

...THE CONCORDIA KS CLIMATE SUMMARY FOR MARCH 15 2017...
VALID TODAY AS OF 0500 PM LOCAL TIME.

CLIMATE NORMAL PERIOD 1981 TO 2010
CLIMATE RECORD PERIOD 1885 TO 2017


WEATHER ITEM   OBSERVED TIME   RECORD YEAR NORMAL DEPARTURE LAST
                VALUE   (LST)  VALUE       VALUE  FROM      YEAR
                                                  NORMAL
..................................................................
TEMPERATURE (F)
 TODAY
  MAXIMUM         51    359 PM  85    2003  54     -3       62
  MINIMUM         25   1227 AM   3    1912  31     -6       39
  AVERAGE         38                        43     -5       51

PRECIPITATION (IN)
  TODAY            T             0.44 1960   0.07  -0.07      T
  MONTH TO DATE    0.07                      0.79  -0.72     0.12
  SINCE MAR 1      0.07                      0.79  -0.72     0.12
  SINCE JAN 1      1.92                      2.16  -0.24     1.68

SNOWFALL (IN)
  TODAY            T             5.9  1960   0.1   -0.1      0.0
  MONTH TO DATE    0.8                       1.1   -0.3      0.0
  SINCE JAN 1      2.1                      11.5   -9.4     12.3
  SINCE JUL 1      4.3                      18.0  -13.7     13.6
  SNOW DEPTH       0

DEGREE DAYS
 HEATING
  TODAY           27                        22      5       14
  MONTH TO DATE  345                       372    -27      195
  SINCE MAR 1    345                       372    -27      195
  SINCE JUL 1   3846                      4579   -733     3666

 COOLING
  TODAY            0                         0      0        0
  MONTH TO DATE    0                         0      0        3
  SINCE MAR 1      0                         0      0        3
  SINCE JAN 1      0                         0      0        3
..................................................................


WIND (MPH)
  HIGHEST WIND SPEED    23   HIGHEST WIND DIRECTION     S (180)
  HIGHEST GUST SPEED    29   HIGHEST GUST DIRECTION     S (170)
  AVERAGE WIND SPEED    12.0



WEATHER CONDITIONS
 THE FOLLOWING WEATHER WAS RECORDED TODAY.
  NO SIGNIFICANT WEATHER WAS OBSERVED.


RELATIVE HUMIDITY (PERCENT)
 HIGHEST    81          1200 AM
 LOWEST     38           400 PM
 AVERAGE    60

..........................................................


THE CONCORDIA KS CLIMATE NORMALS FOR TOMORROW
                         NORMAL    RECORD    YEAR
 MAXIMUM TEMPERATURE (F)   55        89      2015
 MINIMUM TEMPERATURE (F)   32         7      1900


SUNRISE AND SUNSET
MARCH 15 2017.........SUNRISE   742 AM CDT   SUNSET   738 PM CDT
MARCH 16 2017.........SUNRISE   740 AM CDT   SUNSET   739 PM CDT


-  INDICATES NEGATIVE NUMBERS.
R  INDICATES RECORD WAS SET OR TIED.
MM INDICATES DATA IS MISSING.
T  INDICATES TRACE AMOUNT.




$$
