000
CDUS43 KTOP 060644
CLICNK


CLIMATE REPORT
NATIONAL WEATHER SERVICE TOPEKA KS
1243 AM CST TUE FEB 6 2018


...................................

...THE CONCORDIA KS CLIMATE SUMMARY FOR FEBRUARY 5 2018...

CLIMATE NORMAL PERIOD 1981 TO 2010
CLIMATE RECORD PERIOD 1885 TO 2018


WEATHER ITEM   OBSERVED TIME   RECORD YEAR NORMAL DEPARTURE LAST
                VALUE   (LST)  VALUE       VALUE  FROM      YEAR
                                                  NORMAL
..................................................................
TEMPERATURE (F)
 YESTERDAY
  MAXIMUM         23    432 PM  71    1963  41    -18       47
  MINIMUM          1    101 AM -11    1979  20    -19       24
  AVERAGE         12                        30    -18       36

PRECIPITATION (IN)
  YESTERDAY        0.00          0.28 2004   0.03  -0.03     0.00
  MONTH TO DATE    0.07                      0.13  -0.06      T
  SINCE DEC 1      0.62                      1.56  -0.94     2.68
  SINCE JAN 1      0.49                      0.71  -0.22     1.75

SNOWFALL (IN)
  YESTERDAY        0.0           2.8  2008   0.2   -0.2      0.0
  MONTH TO DATE    1.7                       1.1    0.6       T
  SINCE JAN 1      5.3                       6.8   -1.5      1.0
  SINCE JUL 1      7.1                      13.3   -6.2      3.2
  SNOW DEPTH       2

DEGREE DAYS
 HEATING
  YESTERDAY       53                        35     18       29
  MONTH TO DATE  198                       175     23      169
  SINCE DEC 1   2353                      2387    -34     2315
  SINCE JUL 1   3290                      3479   -189     3012

 COOLING
  YESTERDAY        0                         0      0        0
  MONTH TO DATE    0                         0      0        0
  SINCE DEC 1      0                         0      0        0
  SINCE JAN 1      0                         0      0        0
..................................................................


WIND (MPH)
  HIGHEST WIND SPEED    21   HIGHEST WIND DIRECTION     N (360)
  HIGHEST GUST SPEED    27   HIGHEST GUST DIRECTION    NW (330)
  AVERAGE WIND SPEED    12.8


SKY COVER
  AVERAGE SKY COVER 0.3


WEATHER CONDITIONS
 THE FOLLOWING WEATHER WAS RECORDED YESTERDAY.
  NO SIGNIFICANT WEATHER WAS OBSERVED.


RELATIVE HUMIDITY (PERCENT)
 HIGHEST    80           700 PM
 LOWEST     62           200 PM
 AVERAGE    71

..........................................................


THE CONCORDIA KS CLIMATE NORMALS FOR TODAY
                         NORMAL    RECORD    YEAR
 MAXIMUM TEMPERATURE (F)   41        72      2009
 MINIMUM TEMPERATURE (F)   20       -10      1905


SUNRISE AND SUNSET
FEBRUARY  6 2018......SUNRISE   733 AM CST   SUNSET   557 PM CST
FEBRUARY  7 2018......SUNRISE   732 AM CST   SUNSET   558 PM CST


-  INDICATES NEGATIVE NUMBERS.
R  INDICATES RECORD WAS SET OR TIED.
MM INDICATES DATA IS MISSING.
T  INDICATES TRACE AMOUNT.




$$
