000
CDUS43 KTOP 102248
CLICNK


CLIMATE REPORT
NATIONAL WEATHER SERVICE TOPEKA KS
448 PM CST SAT FEB 10 2018


...................................

...THE CONCORDIA KS CLIMATE SUMMARY FOR FEBRUARY 10 2018...
VALID TODAY AS OF 0400 PM LOCAL TIME.

CLIMATE NORMAL PERIOD 1981 TO 2010
CLIMATE RECORD PERIOD 1885 TO 2018


WEATHER ITEM   OBSERVED TIME   RECORD YEAR NORMAL DEPARTURE LAST
                VALUE   (LST)  VALUE       VALUE  FROM      YEAR
                                                  NORMAL
..................................................................
TEMPERATURE (F)
 TODAY
  MAXIMUM         16    356 PM  77    1999  42    -26       72
  MINIMUM          7    833 AM -13    1899  21    -14       34
  AVERAGE         12                        31    -19       53

PRECIPITATION (IN)
  TODAY            T             0.63 1944   0.03  -0.03     0.00
  MONTH TO DATE    0.16                      0.26  -0.10     0.02
  SINCE DEC 1      0.71                      1.69  -0.98     2.70
  SINCE JAN 1      0.58                      0.84  -0.26     1.77

SNOWFALL (IN)
  TODAY           MM             2.2  1981   0.3   MM        0.0
  MONTH TO DATE    3.1                       2.2    0.9       T
  SINCE JAN 1      6.7                       7.9   -1.2      1.0
  SINCE JUL 1      8.5                      14.4   -5.9      3.2
  SNOW DEPTH       0

DEGREE DAYS
 HEATING
  TODAY           53                        34     19       12
  MONTH TO DATE  440                       346     94      324
  SINCE DEC 1   2595                      2558     37     2470
  SINCE JUL 1   3532                      3650   -118     3167

 COOLING
  TODAY            0                         0      0        0
  MONTH TO DATE    0                         0      0        0
  SINCE DEC 1      0                         0      0        0
  SINCE JAN 1      0                         0      0        0
..................................................................


WIND (MPH)
  HIGHEST WIND SPEED    21   HIGHEST WIND DIRECTION    NE (30)
  HIGHEST GUST SPEED    24   HIGHEST GUST DIRECTION    NE (30)
  AVERAGE WIND SPEED    14.3



WEATHER CONDITIONS
 THE FOLLOWING WEATHER WAS RECORDED TODAY.
  LIGHT SNOW
  FOG


RELATIVE HUMIDITY (PERCENT)
 HIGHEST    80           300 AM
 LOWEST     67           300 PM
 AVERAGE    74

..........................................................


THE CONCORDIA KS CLIMATE NORMALS FOR TOMORROW
                         NORMAL    RECORD    YEAR
 MAXIMUM TEMPERATURE (F)   42        77      1951
 MINIMUM TEMPERATURE (F)   21       -23      1899


SUNRISE AND SUNSET
FEBRUARY 10 2018......SUNRISE   729 AM CST   SUNSET   601 PM CST
FEBRUARY 11 2018......SUNRISE   728 AM CST   SUNSET   603 PM CST


-  INDICATES NEGATIVE NUMBERS.
R  INDICATES RECORD WAS SET OR TIED.
MM INDICATES DATA IS MISSING.
T  INDICATES TRACE AMOUNT.




$$
