000
CDUS43 KTOP 170634
CLICNK


CLIMATE REPORT
NATIONAL WEATHER SERVICE TOPEKA KS
132 AM CDT WED MAY 17 2017


...................................

...THE CONCORDIA KS CLIMATE SUMMARY FOR MAY 16 2017...

CLIMATE NORMAL PERIOD 1981 TO 2010
CLIMATE RECORD PERIOD 1885 TO 2017


WEATHER ITEM   OBSERVED TIME   RECORD YEAR NORMAL DEPARTURE LAST
                VALUE   (LST)  VALUE       VALUE  FROM      YEAR
                                                  NORMAL
..................................................................
TEMPERATURE (F)
 YESTERDAY
  MAXIMUM         84    255 PM  92    2001  74     10       52
  MINIMUM         60    853 PM  33    2014  52      8       46
  AVERAGE         72                        63      9       49

PRECIPITATION (IN)
  YESTERDAY        2.02          2.49 1958   0.14   1.88     1.93
  MONTH TO DATE    3.19                      2.01   1.18     4.67
  SINCE MAR 1     11.72                      6.47   5.25     7.02
  SINCE JAN 1     13.57                      7.84   5.73     8.58

SNOWFALL (IN)
  YESTERDAY        0.0           T    1986   0.0    0.0      0.0
  MONTH TO DATE    T                         0.0    0.0      0.0
  SINCE JAN 1      2.1                      13.7  -11.6     12.3
  SINCE JUL 1      4.3                      20.2  -15.9     13.6
  SNOW DEPTH       0

DEGREE DAYS
 HEATING
  YESTERDAY        0                         4     -4       16
  MONTH TO DATE   72                        91    -19      101
  SINCE MAR 1    989                      1148   -159      855
  SINCE JUL 1   4490                      5355   -865     4326

 COOLING
  YESTERDAY        7                         2      5        0
  MONTH TO DATE   50                        22     28        8
  SINCE MAR 1     69                        39     30       19
  SINCE JAN 1     69                        39     30       19
..................................................................


WIND (MPH)
  HIGHEST WIND SPEED    30   HIGHEST WIND DIRECTION     S (190)
  HIGHEST GUST SPEED    47   HIGHEST GUST DIRECTION    SW (240)
  AVERAGE WIND SPEED    18.8


SKY COVER
  AVERAGE SKY COVER 0.3


WEATHER CONDITIONS
 THE FOLLOWING WEATHER WAS RECORDED YESTERDAY.
  THUNDERSTORM
  HEAVY RAIN
  RAIN
  LIGHT RAIN
  FOG


RELATIVE HUMIDITY (PERCENT)
 HIGHEST    81           600 AM
 LOWEST     61           200 PM
 AVERAGE    71

..........................................................


THE CONCORDIA KS CLIMATE NORMALS FOR TODAY
                         NORMAL    RECORD    YEAR
 MAXIMUM TEMPERATURE (F)   74        96      1996
 MINIMUM TEMPERATURE (F)   52        33      2014


SUNRISE AND SUNSET
MAY 17 2017...........SUNRISE   614 AM CDT   SUNSET   840 PM CDT
MAY 18 2017...........SUNRISE   614 AM CDT   SUNSET   841 PM CDT


-  INDICATES NEGATIVE NUMBERS.
R  INDICATES RECORD WAS SET OR TIED.
MM INDICATES DATA IS MISSING.
T  INDICATES TRACE AMOUNT.




$$
