035
CDUS43 KTOP 121300
CLICNK


CLIMATE REPORT
NATIONAL WEATHER SERVICE TOPEKA KS
800 AM CDT TUE SEP 12 2017


...................................

...THE CONCORDIA KS CLIMATE SUMMARY FOR SEPTEMBER 11 2017...

CLIMATE NORMAL PERIOD 1981 TO 2010
CLIMATE RECORD PERIOD 1885 TO 2017


WEATHER ITEM   OBSERVED TIME   RECORD YEAR NORMAL DEPARTURE LAST
                VALUE   (LST)  VALUE       VALUE  FROM      YEAR
                                                  NORMAL
..................................................................
TEMPERATURE (F)
 YESTERDAY
  MAXIMUM         85    412 PM 102    1956  82      3       82
  MINIMUM         58    630 AM  40    1940  58      0       57
                                      1894
  AVERAGE         72                        70      2       70

PRECIPITATION (IN)
  YESTERDAY        0.00          2.37 2008   0.10  -0.10     0.00
  MONTH TO DATE    0.03                      1.06  -1.03     0.98
  SINCE SEP 1      0.03                      1.06  -1.03     0.98
  SINCE JAN 1     27.48                     22.16   5.32    26.50

SNOWFALL (IN)
  YESTERDAY        0.0           T    1945   0.0    0.0      0.0
  MONTH TO DATE    0.0                       0.0    0.0      0.0
  SINCE JAN 1      2.1                      13.7  -11.6     12.3
  SINCE JUL 1      0.0                       0.0    0.0      0.0
  SNOW DEPTH       0

DEGREE DAYS
 HEATING
  YESTERDAY        0                         1     -1        0
  MONTH TO DATE    7                         9     -2        2
  SINCE SEP 1      7                         9     -2        2
  SINCE JUL 1      7                        12     -5        3

 COOLING
  YESTERDAY        7                         6      1        5
  MONTH TO DATE   63                        86    -23       93
  SINCE SEP 1     63                        86    -23       93
  SINCE JAN 1   1201                      1252    -51     1375
..................................................................


WIND (MPH)
  HIGHEST WIND SPEED    18   HIGHEST WIND DIRECTION    SW (210)
  HIGHEST GUST SPEED    25   HIGHEST GUST DIRECTION     S (160)
  AVERAGE WIND SPEED     8.7


SKY COVER
  AVERAGE SKY COVER 0.0


WEATHER CONDITIONS
 THE FOLLOWING WEATHER WAS RECORDED YESTERDAY.
  NO SIGNIFICANT WEATHER WAS OBSERVED.


RELATIVE HUMIDITY (PERCENT)
 HIGHEST    78           600 AM
 LOWEST     37           100 PM
 AVERAGE    58

..........................................................


THE CONCORDIA KS CLIMATE NORMALS FOR TODAY
                         NORMAL    RECORD    YEAR
 MAXIMUM TEMPERATURE (F)   82       103      1956
 MINIMUM TEMPERATURE (F)   58        36      1902


SUNRISE AND SUNSET
SEPTEMBER 12 2017.....SUNRISE   709 AM CDT   SUNSET   743 PM CDT
SEPTEMBER 13 2017.....SUNRISE   710 AM CDT   SUNSET   742 PM CDT


-  INDICATES NEGATIVE NUMBERS.
R  INDICATES RECORD WAS SET OR TIED.
MM INDICATES DATA IS MISSING.
T  INDICATES TRACE AMOUNT.




$$
