000
CDUS43 KTOP 272131
CLICNK


CLIMATE REPORT
NATIONAL WEATHER SERVICE TOPEKA KS
431 PM CDT THU MAR 27 2014


...................................

...THE CONCORDIA KS CLIMATE SUMMARY FOR MARCH 27 2014...
VALID TODAY AS OF 0400 PM LOCAL TIME.

CLIMATE NORMAL PERIOD 1981 TO 2010
CLIMATE RECORD PERIOD 1885 TO 2014


WEATHER ITEM   OBSERVED TIME   RECORD YEAR NORMAL DEPARTURE LAST
                VALUE   (LST)  VALUE       VALUE  FROM      YEAR
                                                  NORMAL
..................................................................
TEMPERATURE (F)
 TODAY
  MAXIMUM         59    916 AM  89    1895  59      0       57
  MINIMUM         44   1208 AM  12    1913  35      9       31
  AVERAGE         52                        47      5       44

PRECIPITATION (IN)
  TODAY            0.00          1.13 2004   0.08  -0.08     0.00
  MONTH TO DATE    0.22                      1.67  -1.45     0.61
  SINCE MAR 1      0.22                      1.67  -1.45     0.61
  SINCE JAN 1      1.41                      3.04  -1.63     2.09

SNOWFALL (IN)
  TODAY            0.0           1.1  1970   0.1   -0.1      0.0
  MONTH TO DATE    2.2                       2.4   -0.2      4.3
  SINCE JAN 1     16.9                      12.8    4.1     17.9
  SINCE JUL 1     23.2                      19.3    3.9     26.4
  SNOW DEPTH       0

DEGREE DAYS
 HEATING
  TODAY           13                        18     -5       21
  MONTH TO DATE  725                       614    111      766
  SINCE MAR 1    725                       614    111      766
  SINCE JUL 1   5207                      4821    386     4785

 COOLING
  TODAY            0                         0      0        0
  MONTH TO DATE    0                         0      0        0
  SINCE MAR 1      0                         0      0        0
  SINCE JAN 1      0                         0      0        0
..................................................................


WIND (MPH)
  HIGHEST WIND SPEED    31   HIGHEST WIND DIRECTION     W (290)
  HIGHEST GUST SPEED    42   HIGHEST GUST DIRECTION     S (190)
  AVERAGE WIND SPEED    22.2



WEATHER CONDITIONS
 THE FOLLOWING WEATHER WAS RECORDED TODAY.
  FOG


RELATIVE HUMIDITY (PERCENT)
 HIGHEST   100           100 AM
 LOWEST     58           300 PM
 AVERAGE    79

..........................................................


THE CONCORDIA KS CLIMATE NORMALS FOR TOMORROW
                         NORMAL    RECORD    YEAR
 MAXIMUM TEMPERATURE (F)   59        93      1895
 MINIMUM TEMPERATURE (F)   35         3      1970


SUNRISE AND SUNSET
MARCH 27 2014.........SUNRISE   723 AM CDT   SUNSET   750 PM CDT
MARCH 28 2014.........SUNRISE   721 AM CDT   SUNSET   751 PM CDT


-  INDICATES NEGATIVE NUMBERS.
R  INDICATES RECORD WAS SET OR TIED.
MM INDICATES DATA IS MISSING.
T  INDICATES TRACE AMOUNT.




$$
