000
CDUS43 KTOP 130637
CLICNK


CLIMATE REPORT
NATIONAL WEATHER SERVICE TOPEKA KS
136 AM CDT WED MAY 13 2015


...................................

...THE CONCORDIA KS CLIMATE SUMMARY FOR MAY 12 2015...

CLIMATE NORMAL PERIOD 1981 TO 2010
CLIMATE RECORD PERIOD 1885 TO 2015


WEATHER ITEM   OBSERVED TIME   RECORD YEAR NORMAL DEPARTURE LAST
                VALUE   (LST)  VALUE       VALUE  FROM      YEAR
                                                  NORMAL
..................................................................
TEMPERATURE (F)
 YESTERDAY
  MAXIMUM         71    319 PM  99    1956  73     -2       55
  MINIMUM         39    536 AM  36    1971  51    -12       46
                                      1943
  AVERAGE         55                        62     -7       51

PRECIPITATION (IN)
  YESTERDAY        0.00          2.25 1887   0.14  -0.14     0.01
  MONTH TO DATE    1.04                      1.47  -0.43     0.07
  SINCE MAR 1      3.38                      5.93  -2.55     1.59
  SINCE JAN 1      4.90                      7.30  -2.40     2.78

SNOWFALL (IN)
  YESTERDAY        0.0           T    1934   0.0    0.0      0.0
  MONTH TO DATE    0.0                       0.0    0.0      0.0
  SINCE JAN 1      5.6                      13.7   -8.1     16.9
  SINCE JUL 1     11.7                      20.2   -8.5     23.2
  SNOW DEPTH       0

DEGREE DAYS
 HEATING
  YESTERDAY       10                         5      5       14
  MONTH TO DATE   45                        74    -29       54
  SINCE MAR 1    881                      1131   -250     1199
  SINCE JUL 1   5088                      5338   -250     5681

 COOLING
  YESTERDAY        0                         2     -2        0
  MONTH TO DATE   29                        14     15       39
  SINCE MAR 1     37                        31      6       64
  SINCE JAN 1     37                        31      6       64
..................................................................


WIND (MPH)
  HIGHEST WIND SPEED    20   HIGHEST WIND DIRECTION     S (160)
  HIGHEST GUST SPEED    27   HIGHEST GUST DIRECTION     S (160)
  AVERAGE WIND SPEED    10.7


SKY COVER
  AVERAGE SKY COVER 0.0


WEATHER CONDITIONS
 THE FOLLOWING WEATHER WAS RECORDED YESTERDAY.
  NO SIGNIFICANT WEATHER WAS OBSERVED.


RELATIVE HUMIDITY (PERCENT)
 HIGHEST    79           600 AM
 LOWEST     26           200 PM
 AVERAGE    53

..........................................................


THE CONCORDIA KS CLIMATE NORMALS FOR TODAY
                         NORMAL    RECORD    YEAR
 MAXIMUM TEMPERATURE (F)   73        93      1940
                                             1915
 MINIMUM TEMPERATURE (F)   51        33      1966


SUNRISE AND SUNSET
MAY 13 2015...........SUNRISE   619 AM CDT   SUNSET   836 PM CDT
MAY 14 2015...........SUNRISE   618 AM CDT   SUNSET   837 PM CDT


-  INDICATES NEGATIVE NUMBERS.
R  INDICATES RECORD WAS SET OR TIED.
MM INDICATES DATA IS MISSING.
T  INDICATES TRACE AMOUNT.




$$
