000
CDUS43 KTOP 190631
CLICNK


CLIMATE REPORT
NATIONAL WEATHER SERVICE TOPEKA KS
131 AM CDT FRI SEP 19 2014


...................................

...THE CONCORDIA KS CLIMATE SUMMARY FOR SEPTEMBER 18 2014...

CLIMATE NORMAL PERIOD 1981 TO 2010
CLIMATE RECORD PERIOD 1885 TO 2014


WEATHER ITEM   OBSERVED TIME   RECORD YEAR NORMAL DEPARTURE LAST
                VALUE   (LST)  VALUE       VALUE  FROM      YEAR
                                                  NORMAL
..................................................................
TEMPERATURE (F)
 YESTERDAY
  MAXIMUM         81    445 PM 100    1931  79      2       94
                                      1895
  MINIMUM         63    814 AM  36    1901  55      8       69
  AVERAGE         72                        67      5       82

PRECIPITATION (IN)
  YESTERDAY        0.00          1.61 1919   0.10  -0.10     0.00
  MONTH TO DATE    1.93                      1.76   0.17     0.56
  SINCE SEP 1      1.93                      1.76   0.17     0.56
  SINCE JAN 1     22.59                     22.86  -0.27    24.13

SNOWFALL (IN)
  YESTERDAY        0.0           T    1932   0.0    0.0      0.0
  MONTH TO DATE    0.0                       0.0    0.0      0.0
  SINCE JAN 1     16.9                      13.7    3.2     20.3
  SINCE JUL 1      0.0                       0.0    0.0      0.0
  SNOW DEPTH       0

DEGREE DAYS
 HEATING
  YESTERDAY        0                         2     -2        0
  MONTH TO DATE   73                        22     51        7
  SINCE SEP 1     73                        22     51        7
  SINCE JUL 1     75                        25     50       14

 COOLING
  YESTERDAY        7                         4      3       17
  MONTH TO DATE   81                       123    -42      193
  SINCE SEP 1     81                       123    -42      193
  SINCE JAN 1   1290                      1289      1     1278
..................................................................


WIND (MPH)
  HIGHEST WIND SPEED    21   HIGHEST WIND DIRECTION    SE (130)
  HIGHEST GUST SPEED    30   HIGHEST GUST DIRECTION    SE (130)
  AVERAGE WIND SPEED    12.9


SKY COVER
  AVERAGE SKY COVER 0.6


WEATHER CONDITIONS
 THE FOLLOWING WEATHER WAS RECORDED YESTERDAY.
  THUNDERSTORM
  FOG


RELATIVE HUMIDITY (PERCENT)
 HIGHEST   100          1200 AM
 LOWEST     54           400 PM
 AVERAGE    77

..........................................................


THE CONCORDIA KS CLIMATE NORMALS FOR TODAY
                         NORMAL    RECORD    YEAR
 MAXIMUM TEMPERATURE (F)   79        98      1931
 MINIMUM TEMPERATURE (F)   55        33      1991


SUNRISE AND SUNSET
SEPTEMBER 19 2014.....SUNRISE   715 AM CDT   SUNSET   733 PM CDT
SEPTEMBER 20 2014.....SUNRISE   716 AM CDT   SUNSET   731 PM CDT


-  INDICATES NEGATIVE NUMBERS.
R  INDICATES RECORD WAS SET OR TIED.
MM INDICATES DATA IS MISSING.
T  INDICATES TRACE AMOUNT.




$$
