000
CDUS43 KTOP 292136
CLICNK


CLIMATE REPORT
NATIONAL WEATHER SERVICE TOPEKA KS
435 PM CDT THU JUN 29 2017


...................................

...THE CONCORDIA KS CLIMATE SUMMARY FOR JUNE 29 2017...
VALID TODAY AS OF 430 PM LOCAL TIME.

CLIMATE NORMAL PERIOD 1981 TO 2010
CLIMATE RECORD PERIOD 1885 TO 2017


WEATHER ITEM   OBSERVED TIME   RECORD YEAR NORMAL DEPARTURE LAST
                VALUE   (LST)  VALUE       VALUE  FROM      YEAR
                                                  NORMAL
..................................................................
TEMPERATURE (F)
 TODAY
  MAXIMUM         85    255 PM 106    1933  89     -4       89
  MINIMUM         61    253 AM  50    1923  66     -5       68
  AVERAGE         73                        78     -5       79

PRECIPITATION (IN)
  TODAY            2.41          2.50 1988   0.14   2.27     0.12
  MONTH TO DATE    3.34                      3.92  -0.58     1.17
  SINCE JUN 1      3.34                      3.92  -0.58     1.17
  SINCE JAN 1     21.72                     13.91   7.81    13.34

SNOWFALL (IN)
  TODAY           MM             0.0    MM   0.0   MM        0.0
  MONTH TO DATE    0.0                       0.0    0.0      0.0
  SINCE JAN 1      2.1                      13.7  -11.6     12.3
  SINCE JUL 1      4.3                      20.2  -15.9     13.6
  SNOW DEPTH      MM

DEGREE DAYS
 HEATING
  TODAY            0                         0      0        0
  MONTH TO DATE    2                        11     -9        0
  SINCE JUN 1      2                        11     -9        0
  SINCE JUL 1   4566                      5406   -840     4364

 COOLING
  TODAY            8                        13     -5       14
  MONTH TO DATE  327                       254     73      406
  SINCE JUN 1    327                       254     73      406
  SINCE JAN 1    405                       343     62      466
..................................................................


WIND (MPH)
  HIGHEST WIND SPEED    29   HIGHEST WIND DIRECTION     N (10)
  HIGHEST GUST SPEED    40   HIGHEST GUST DIRECTION     N (20)
  AVERAGE WIND SPEED    14.8



WEATHER CONDITIONS
 THE FOLLOWING WEATHER WAS RECORDED TODAY.
  THUNDERSTORM
  HEAVY RAIN
  RAIN
  LIGHT RAIN
  FOG


RELATIVE HUMIDITY (PERCENT)
 HIGHEST   100           600 AM
 LOWEST     55           100 PM
 AVERAGE    78

..........................................................


THE CONCORDIA KS CLIMATE NORMALS FOR TOMORROW
                         NORMAL    RECORD    YEAR
 MAXIMUM TEMPERATURE (F)   90       109      1980
                                             1956
 MINIMUM TEMPERATURE (F)   66        51      1924


SUNRISE AND SUNSET
JUNE 29 2017..........SUNRISE   606 AM CDT   SUNSET   902 PM CDT
JUNE 30 2017..........SUNRISE   607 AM CDT   SUNSET   902 PM CDT


-  INDICATES NEGATIVE NUMBERS.
R  INDICATES RECORD WAS SET OR TIED.
MM INDICATES DATA IS MISSING.
T  INDICATES TRACE AMOUNT.




$$
