000
CDUS43 KTOP 030633
CLICNK


CLIMATE REPORT
NATIONAL WEATHER SERVICE TOPEKA KS
133 AM CDT SUN JUL 3 2016


...................................

...THE CONCORDIA KS CLIMATE SUMMARY FOR JULY 2 2016...

CLIMATE NORMAL PERIOD 1981 TO 2010
CLIMATE RECORD PERIOD 1885 TO 2016


WEATHER ITEM   OBSERVED TIME   RECORD YEAR NORMAL DEPARTURE LAST
                VALUE   (LST)  VALUE       VALUE  FROM      YEAR
                                                  NORMAL
..................................................................
TEMPERATURE (F)
 YESTERDAY
  MAXIMUM         74    235 PM 108    1990  90    -16       84
  MINIMUM         66   1159 PM  51    1924  66      0       64
  AVERAGE         70                        78     -8       74

PRECIPITATION (IN)
  YESTERDAY        0.20          1.40 1981   0.13   0.07     0.12
  MONTH TO DATE    0.20                      0.27  -0.07     0.12
  SINCE JUN 1      1.37                      4.32  -2.95     6.23
  SINCE JAN 1     13.54                     14.31  -0.77    14.31

SNOWFALL (IN)
  YESTERDAY        0.0           0.0    MM   0.0    0.0      0.0
  MONTH TO DATE    0.0                       0.0    0.0      0.0
  SINCE JAN 1     12.3                      13.7   -1.4      5.6
  SINCE JUL 1      0.0                       0.0    0.0      0.0
  SNOW DEPTH       0

DEGREE DAYS
 HEATING
  YESTERDAY        0                         0      0        0
  MONTH TO DATE    0                         0      0        0
  SINCE JUN 1      0                        13    -13        2
  SINCE JUL 1      0                         0      0        0

 COOLING
  YESTERDAY        5                        13     -8        9
  MONTH TO DATE   14                        26    -12       26
  SINCE JUN 1    435                       291    144      335
  SINCE JAN 1    495                       380    115      390
..................................................................


WIND (MPH)
  HIGHEST WIND SPEED    15   HIGHEST WIND DIRECTION     E (80)
  HIGHEST GUST SPEED    20   HIGHEST GUST DIRECTION     E (90)
  AVERAGE WIND SPEED     8.4


SKY COVER
  AVERAGE SKY COVER 1.0


WEATHER CONDITIONS
 THE FOLLOWING WEATHER WAS RECORDED YESTERDAY.
  THUNDERSTORM
  HEAVY RAIN
  RAIN
  LIGHT RAIN
  FOG


RELATIVE HUMIDITY (PERCENT)
 HIGHEST   100          1100 PM
 LOWEST     68          1200 AM
 AVERAGE    84

..........................................................


THE CONCORDIA KS CLIMATE NORMALS FOR TODAY
                         NORMAL    RECORD    YEAR
 MAXIMUM TEMPERATURE (F)   90       106      2003
                                             1990
                                             1936
 MINIMUM TEMPERATURE (F)   67        50      1924


SUNRISE AND SUNSET
JULY  3 2016..........SUNRISE   608 AM CDT   SUNSET   901 PM CDT
JULY  4 2016..........SUNRISE   609 AM CDT   SUNSET   901 PM CDT


-  INDICATES NEGATIVE NUMBERS.
R  INDICATES RECORD WAS SET OR TIED.
MM INDICATES DATA IS MISSING.
T  INDICATES TRACE AMOUNT.




$$
