000
CDUS43 KTOP 090633
CLICNK


CLIMATE REPORT
NATIONAL WEATHER SERVICE TOPEKA KS
132 AM CDT SAT APR 9 2016


...................................

...THE CONCORDIA KS CLIMATE SUMMARY FOR APRIL 8 2016...

CLIMATE NORMAL PERIOD 1981 TO 2010
CLIMATE RECORD PERIOD 1885 TO 2016


WEATHER ITEM   OBSERVED TIME   RECORD YEAR NORMAL DEPARTURE LAST
                VALUE   (LST)  VALUE       VALUE  FROM      YEAR
                                                  NORMAL
..................................................................
TEMPERATURE (F)
 YESTERDAY
  MAXIMUM         67    436 PM  89    1887  63      4       52
  MINIMUM         30    610 AM  15    2007  39     -9       43
  AVERAGE         49                        51     -2       48

PRECIPITATION (IN)
  YESTERDAY        0.00          1.28 1961   0.07  -0.07     0.00
  MONTH TO DATE    0.03                      0.60  -0.57     0.08
  SINCE MAR 1      0.48                      2.61  -2.13     0.19
  SINCE JAN 1      2.04                      3.98  -1.94     1.71

SNOWFALL (IN)
  YESTERDAY        0.0           5.5  1961   0.0    0.0      0.0
  MONTH TO DATE    0.0                       0.3   -0.3      0.0
  SINCE JAN 1     12.3                      13.5   -1.2      5.6
  SINCE JUL 1     13.6                      20.0   -6.4     11.7
  SNOW DEPTH       0

DEGREE DAYS
 HEATING
  YESTERDAY       16                        15      1       17
  MONTH TO DATE   90                       126    -36       80
  SINCE MAR 1    578                       810   -232      627
  SINCE JUL 1   4049                      5017   -968     4834

 COOLING
  YESTERDAY        0                         0      0        0
  MONTH TO DATE    0                         0      0        4
  SINCE MAR 1      3                         1      2        8
  SINCE JAN 1      3                         1      2        8
..................................................................


WIND (MPH)
  HIGHEST WIND SPEED    22   HIGHEST WIND DIRECTION    NW (330)
  HIGHEST GUST SPEED    32   HIGHEST GUST DIRECTION    NW (300)
  AVERAGE WIND SPEED     8.6


SKY COVER
  AVERAGE SKY COVER 0.1


WEATHER CONDITIONS
 THE FOLLOWING WEATHER WAS RECORDED YESTERDAY.
  NO SIGNIFICANT WEATHER WAS OBSERVED.


RELATIVE HUMIDITY (PERCENT)
 HIGHEST    69           600 AM
 LOWEST     22           300 PM
 AVERAGE    46

..........................................................


THE CONCORDIA KS CLIMATE NORMALS FOR TODAY
                         NORMAL    RECORD    YEAR
 MAXIMUM TEMPERATURE (F)   63        93      1930
 MINIMUM TEMPERATURE (F)   39        19      1914


SUNRISE AND SUNSET
APRIL  9 2016.........SUNRISE   702 AM CDT   SUNSET   803 PM CDT
APRIL 10 2016.........SUNRISE   700 AM CDT   SUNSET   804 PM CDT


-  INDICATES NEGATIVE NUMBERS.
R  INDICATES RECORD WAS SET OR TIED.
MM INDICATES DATA IS MISSING.
T  INDICATES TRACE AMOUNT.




$$
