000
CDUS43 KTOP 090635
CLICNK


CLIMATE REPORT
NATIONAL WEATHER SERVICE TOPEKA KS
135 AM CDT MON MAY 9 2016


...................................

...THE CONCORDIA KS CLIMATE SUMMARY FOR MAY 8 2016...

CLIMATE NORMAL PERIOD 1981 TO 2010
CLIMATE RECORD PERIOD 1885 TO 2016


WEATHER ITEM   OBSERVED TIME   RECORD YEAR NORMAL DEPARTURE LAST
                VALUE   (LST)  VALUE       VALUE  FROM      YEAR
                                                  NORMAL
..................................................................
TEMPERATURE (F)
 YESTERDAY
  MAXIMUM         76    424 PM  94    1963  72      4       67
  MINIMUM         57   1159 PM  31    1885  49      8       53
  AVERAGE         67                        60      7       60

PRECIPITATION (IN)
  YESTERDAY        0.34          4.81 1950   0.12   0.22     0.00
  MONTH TO DATE    0.35                      0.93  -0.58     0.80
  SINCE MAR 1      2.70                      5.39  -2.69     3.14
  SINCE JAN 1      4.26                      6.76  -2.50     4.66

SNOWFALL (IN)
  YESTERDAY        0.0           T    1950   0.0    0.0      0.0
  MONTH TO DATE    0.0                       0.0    0.0      0.0
  SINCE JAN 1     12.3                      13.7   -1.4      5.6
  SINCE JUL 1     13.6                      20.2   -6.6     11.7
  SNOW DEPTH       0

DEGREE DAYS
 HEATING
  YESTERDAY        0                         6     -6        5
  MONTH TO DATE   46                        54     -8        7
  SINCE MAR 1    800                      1111   -311      843
  SINCE JUL 1   4271                      5318  -1047     5050

 COOLING
  YESTERDAY        2                         1      1        0
  MONTH TO DATE    8                         8      0       29
  SINCE MAR 1     19                        25     -6       37
  SINCE JAN 1     19                        25     -6       37
..................................................................


WIND (MPH)
  HIGHEST WIND SPEED    26   HIGHEST WIND DIRECTION    SE (140)
  HIGHEST GUST SPEED    34   HIGHEST GUST DIRECTION    SE (130)
  AVERAGE WIND SPEED    12.8


SKY COVER
  AVERAGE SKY COVER 0.5


WEATHER CONDITIONS
 THE FOLLOWING WEATHER WAS RECORDED YESTERDAY.
  THUNDERSTORM
  HEAVY RAIN
  RAIN
  LIGHT RAIN
  FOG
  HAZE


RELATIVE HUMIDITY (PERCENT)
 HIGHEST    87           400 AM
 LOWEST     47          1200 AM
 AVERAGE    67

..........................................................


THE CONCORDIA KS CLIMATE NORMALS FOR TODAY
                         NORMAL    RECORD    YEAR
 MAXIMUM TEMPERATURE (F)   72       100      1895
 MINIMUM TEMPERATURE (F)   50        32      1923


SUNRISE AND SUNSET
MAY  9 2016...........SUNRISE   622 AM CDT   SUNSET   833 PM CDT
MAY 10 2016...........SUNRISE   621 AM CDT   SUNSET   834 PM CDT


-  INDICATES NEGATIVE NUMBERS.
R  INDICATES RECORD WAS SET OR TIED.
MM INDICATES DATA IS MISSING.
T  INDICATES TRACE AMOUNT.




$$
