504
CDUS43 KTOP 140636
CLICNK


CLIMATE REPORT
NATIONAL WEATHER SERVICE TOPEKA KS
135 AM CDT WED SEP 14 2016


...................................

...THE CONCORDIA KS CLIMATE SUMMARY FOR SEPTEMBER 13 2016...

CLIMATE NORMAL PERIOD 1981 TO 2010
CLIMATE RECORD PERIOD 1885 TO 2016


WEATHER ITEM   OBSERVED TIME   RECORD YEAR NORMAL DEPARTURE LAST
                VALUE   (LST)  VALUE       VALUE  FROM      YEAR
                                                  NORMAL
..................................................................
TEMPERATURE (F)
 YESTERDAY
  MAXIMUM         63    532 AM 103    1911  81    -18       85
  MINIMUM         55    939 PM  33    1890  57     -2       54
  AVERAGE         59                        69    -10       70

PRECIPITATION (IN)
  YESTERDAY        0.20          1.66 2002   0.10   0.10     0.00
  MONTH TO DATE    1.18                      1.26  -0.08     0.93
  SINCE SEP 1      1.18                      1.26  -0.08     0.93
  SINCE JAN 1     26.70                     22.36   4.34    22.89

SNOWFALL (IN)
  YESTERDAY        0.0           T    1928   0.0    0.0      0.0
  MONTH TO DATE    0.0                       0.0    0.0      0.0
  SINCE JAN 1     12.3                      13.7   -1.4      5.6
  SINCE JUL 1      0.0                       0.0    0.0      0.0
  SNOW DEPTH       0

DEGREE DAYS
 HEATING
  YESTERDAY        6                         2      4        0
  MONTH TO DATE    8                        12     -4        3
  SINCE SEP 1      8                        12     -4        3
  SINCE JUL 1      9                        15     -6        5

 COOLING
  YESTERDAY        0                         6     -6        5
  MONTH TO DATE  104                        98      6      166
  SINCE SEP 1    104                        98      6      166
  SINCE JAN 1   1386                      1264    122     1205
..................................................................


WIND (MPH)
  HIGHEST WIND SPEED    17   HIGHEST WIND DIRECTION     N (20)
  HIGHEST GUST SPEED    23   HIGHEST GUST DIRECTION     N (10)
  AVERAGE WIND SPEED    10.0


SKY COVER
  AVERAGE SKY COVER 1.0


WEATHER CONDITIONS
 THE FOLLOWING WEATHER WAS RECORDED YESTERDAY.
  THUNDERSTORM
  HEAVY RAIN
  RAIN
  LIGHT RAIN
  FOG


RELATIVE HUMIDITY (PERCENT)
 HIGHEST   100           300 PM
 LOWEST     84           100 AM
 AVERAGE    92

..........................................................


THE CONCORDIA KS CLIMATE NORMALS FOR TODAY
                         NORMAL    RECORD    YEAR
 MAXIMUM TEMPERATURE (F)   81        98      1895
 MINIMUM TEMPERATURE (F)   57        38      1904
                                             1892


SUNRISE AND SUNSET
SEPTEMBER 14 2016.....SUNRISE   711 AM CDT   SUNSET   740 PM CDT
SEPTEMBER 15 2016.....SUNRISE   712 AM CDT   SUNSET   738 PM CDT


-  INDICATES NEGATIVE NUMBERS.
R  INDICATES RECORD WAS SET OR TIED.
MM INDICATES DATA IS MISSING.
T  INDICATES TRACE AMOUNT.




$$
