050
CDUS43 KTOP 120634
CLICNK


CLIMATE REPORT
NATIONAL WEATHER SERVICE TOPEKA KS
133 AM CDT FRI MAY 12 2017


...................................

...THE CONCORDIA KS CLIMATE SUMMARY FOR MAY 11 2017...

CLIMATE NORMAL PERIOD 1981 TO 2010
CLIMATE RECORD PERIOD 1885 TO 2017


WEATHER ITEM   OBSERVED TIME   RECORD YEAR NORMAL DEPARTURE LAST
                VALUE   (LST)  VALUE       VALUE  FROM      YEAR
                                                  NORMAL
..................................................................
TEMPERATURE (F)
 YESTERDAY
  MAXIMUM         69    319 PM  93    2000  73     -4       72
                                      1898
  MINIMUM         52   1159 PM  31    1979  50      2       52
  AVERAGE         61                        62     -1       62

PRECIPITATION (IN)
  YESTERDAY        1.02          1.46 1982   0.13   0.89     0.57
  MONTH TO DATE    1.17                      1.33  -0.16     2.51
  SINCE MAR 1      9.70                      5.79   3.91     4.86
  SINCE JAN 1     11.55                      7.16   4.39     6.42

SNOWFALL (IN)
  YESTERDAY        0.0           T    1988   0.0    0.0      0.0
  MONTH TO DATE    T                         0.0    0.0      0.0
  SINCE JAN 1      2.1                      13.7  -11.6     12.3
  SINCE JUL 1      4.3                      20.2  -15.9     13.6
  SNOW DEPTH       0

DEGREE DAYS
 HEATING
  YESTERDAY        4                         5     -1        3
  MONTH TO DATE   59                        69    -10       50
  SINCE MAR 1    976                      1126   -150      804
  SINCE JUL 1   4477                      5333   -856     4275

 COOLING
  YESTERDAY        0                         2     -2        0
  MONTH TO DATE   25                        12     13        8
  SINCE MAR 1     44                        29     15       19
  SINCE JAN 1     44                        29     15       19
..................................................................


WIND (MPH)
  HIGHEST WIND SPEED    39   HIGHEST WIND DIRECTION     N (20)
  HIGHEST GUST SPEED    49   HIGHEST GUST DIRECTION    NE (30)
  AVERAGE WIND SPEED    11.5


SKY COVER
  AVERAGE SKY COVER 0.5


WEATHER CONDITIONS
 THE FOLLOWING WEATHER WAS RECORDED YESTERDAY.
  THUNDERSTORM
  HEAVY RAIN
  RAIN
  LIGHT RAIN
  FOG


RELATIVE HUMIDITY (PERCENT)
 HIGHEST    93           200 AM
 LOWEST     55           300 PM
 AVERAGE    74

..........................................................


THE CONCORDIA KS CLIMATE NORMALS FOR TODAY
                         NORMAL    RECORD    YEAR
 MAXIMUM TEMPERATURE (F)   73        99      1956
 MINIMUM TEMPERATURE (F)   51        36      1971
                                             1943


SUNRISE AND SUNSET
MAY 12 2017...........SUNRISE   619 AM CDT   SUNSET   835 PM CDT
MAY 13 2017...........SUNRISE   618 AM CDT   SUNSET   836 PM CDT


-  INDICATES NEGATIVE NUMBERS.
R  INDICATES RECORD WAS SET OR TIED.
MM INDICATES DATA IS MISSING.
T  INDICATES TRACE AMOUNT.




$$
