000
CDUS43 KTOP 110642
CLICNK


CLIMATE REPORT
NATIONAL WEATHER SERVICE TOPEKA KS
142 AM CDT WED OCT 11 2017


...................................

...THE CONCORDIA KS CLIMATE SUMMARY FOR OCTOBER 10 2017...

CLIMATE NORMAL PERIOD 1981 TO 2010
CLIMATE RECORD PERIOD 1885 TO 2017


WEATHER ITEM   OBSERVED TIME   RECORD YEAR NORMAL DEPARTURE LAST
                VALUE   (LST)  VALUE       VALUE  FROM      YEAR
                                                  NORMAL
..................................................................
TEMPERATURE (F)
 YESTERDAY
  MAXIMUM         51    459 PM  95    1963  70    -19       70
  MINIMUM         37   1159 PM  25    1906  46     -9       53
  AVERAGE         44                        58    -14       62

PRECIPITATION (IN)
  YESTERDAY        0.11          2.54 1973   0.06   0.05     0.10
  MONTH TO DATE    3.45                      0.71   2.74     0.94
  SINCE SEP 1      8.70                      3.62   5.08     2.94
  SINCE JAN 1     36.15                     24.72  11.43    28.46

SNOWFALL (IN)
  YESTERDAY        0.0           0.0    MM   0.0    0.0      0.0
  MONTH TO DATE    0.0                       0.0    0.0      0.0
  SINCE JAN 1      2.1                      13.7  -11.6     12.3
  SINCE JUL 1      0.0                       0.0    0.0      0.0
  SNOW DEPTH       0

DEGREE DAYS
 HEATING
  YESTERDAY       21                         8     13        3
  MONTH TO DATE   46                        70    -24       41
  SINCE SEP 1     73                       140    -67       82
  SINCE JUL 1     73                       143    -70       83

 COOLING
  YESTERDAY        0                         1     -1        0
  MONTH TO DATE   22                        14      8        4
  SINCE SEP 1    230                       174     56      224
  SINCE JAN 1   1368                      1340     28     1506
..................................................................


WIND (MPH)
  HIGHEST WIND SPEED    17   HIGHEST WIND DIRECTION     N (350)
  HIGHEST GUST SPEED    22   HIGHEST GUST DIRECTION     N (340)
  AVERAGE WIND SPEED     8.5


SKY COVER
  AVERAGE SKY COVER 0.7


WEATHER CONDITIONS
 THE FOLLOWING WEATHER WAS RECORDED YESTERDAY.
  LIGHT RAIN
  FOG


RELATIVE HUMIDITY (PERCENT)
 HIGHEST    93           900 AM
 LOWEST     54           500 PM
 AVERAGE    74

..........................................................


THE CONCORDIA KS CLIMATE NORMALS FOR TODAY
                         NORMAL    RECORD    YEAR
 MAXIMUM TEMPERATURE (F)   69        94      1975
 MINIMUM TEMPERATURE (F)   46        28      1919


SUNRISE AND SUNSET
OCTOBER 11 2017.......SUNRISE   737 AM CDT   SUNSET   657 PM CDT
OCTOBER 12 2017.......SUNRISE   738 AM CDT   SUNSET   655 PM CDT


-  INDICATES NEGATIVE NUMBERS.
R  INDICATES RECORD WAS SET OR TIED.
MM INDICATES DATA IS MISSING.
T  INDICATES TRACE AMOUNT.




$$
