000
CDUS43 KTOP 060632
CLICNK


CLIMATE REPORT
NATIONAL WEATHER SERVICE TOPEKA KS
1232 AM CST MON FEB 6 2017


...................................

...THE CONCORDIA KS CLIMATE SUMMARY FOR FEBRUARY 5 2017...

CLIMATE NORMAL PERIOD 1981 TO 2010
CLIMATE RECORD PERIOD 1885 TO 2017


WEATHER ITEM   OBSERVED TIME   RECORD YEAR NORMAL DEPARTURE LAST
                VALUE   (LST)  VALUE       VALUE  FROM      YEAR
                                                  NORMAL
..................................................................
TEMPERATURE (F)
 YESTERDAY
  MAXIMUM         47    502 PM  71    1963  41      6       42
  MINIMUM         24    816 AM -11    1979  20      4       18
  AVERAGE         36                        30      6       30

PRECIPITATION (IN)
  YESTERDAY        0.00          0.28 2004   0.03  -0.03     0.00
  MONTH TO DATE    T                         0.13  -0.13     0.49
  SINCE DEC 1      2.68                      1.56   1.12     4.18
  SINCE JAN 1      1.75                      0.71   1.04     1.54

SNOWFALL (IN)
  YESTERDAY        0.0           2.8  2008   0.2   -0.2      0.0
  MONTH TO DATE    T                         1.1   -1.1      4.7
  SINCE JAN 1      1.0                       6.8   -5.8     12.3
  SINCE JUL 1      3.2                      13.3  -10.1     13.6
  SNOW DEPTH       0

DEGREE DAYS
 HEATING
  YESTERDAY       29                        35     -6       35
  MONTH TO DATE  169                       175     -6      176
  SINCE DEC 1   2315                      2387    -72     2140
  SINCE JUL 1   3012                      3479   -467     2908

 COOLING
  YESTERDAY        0                         0      0        0
  MONTH TO DATE    0                         0      0        0
  SINCE DEC 1      0                         0      0        0
  SINCE JAN 1      0                         0      0        0
..................................................................


WIND (MPH)
  HIGHEST WIND SPEED    13   HIGHEST WIND DIRECTION     N (20)
  HIGHEST GUST SPEED    16   HIGHEST GUST DIRECTION     N (10)
  AVERAGE WIND SPEED     5.5


SKY COVER
  AVERAGE SKY COVER 0.0


WEATHER CONDITIONS
 THE FOLLOWING WEATHER WAS RECORDED YESTERDAY.
  NO SIGNIFICANT WEATHER WAS OBSERVED.


RELATIVE HUMIDITY (PERCENT)
 HIGHEST    88           600 AM
 LOWEST     45           300 PM
 AVERAGE    67

..........................................................


THE CONCORDIA KS CLIMATE NORMALS FOR TODAY
                         NORMAL    RECORD    YEAR
 MAXIMUM TEMPERATURE (F)   41        72      2009
 MINIMUM TEMPERATURE (F)   20       -10      1905


SUNRISE AND SUNSET
FEBRUARY  6 2017......SUNRISE   733 AM CST   SUNSET   557 PM CST
FEBRUARY  7 2017......SUNRISE   732 AM CST   SUNSET   558 PM CST


-  INDICATES NEGATIVE NUMBERS.
R  INDICATES RECORD WAS SET OR TIED.
MM INDICATES DATA IS MISSING.
T  INDICATES TRACE AMOUNT.




$$
