000
CDUS43 KTOP 230633
CLICNK


CLIMATE REPORT
NATIONAL WEATHER SERVICE TOPEKA KS
132 AM CDT SAT APR 23 2016


...................................

...THE CONCORDIA KS CLIMATE SUMMARY FOR APRIL 22 2016...

CLIMATE NORMAL PERIOD 1981 TO 2010
CLIMATE RECORD PERIOD 1885 TO 2016


WEATHER ITEM   OBSERVED TIME   RECORD YEAR NORMAL DEPARTURE LAST
                VALUE   (LST)  VALUE       VALUE  FROM      YEAR
                                                  NORMAL
..................................................................
TEMPERATURE (F)
 YESTERDAY
  MAXIMUM         72    353 PM  97    1989  67      5       56
  MINIMUM         44    635 AM  30    1992  44      0       35
  AVERAGE         58                        55      3       46

PRECIPITATION (IN)
  YESTERDAY        0.00          1.33 2010   0.09  -0.09     0.00
  MONTH TO DATE    1.18                      1.70  -0.52     1.07
  SINCE MAR 1      1.63                      3.71  -2.08     1.18
  SINCE JAN 1      3.19                      5.08  -1.89     2.70

SNOWFALL (IN)
  YESTERDAY        0.0           T    1968   0.0    0.0      0.0
  MONTH TO DATE    0.0                       0.5   -0.5      0.0
  SINCE JAN 1     12.3                      13.7   -1.4      5.6
  SINCE JUL 1     13.6                      20.2   -6.6     11.7
  SNOW DEPTH       0

DEGREE DAYS
 HEATING
  YESTERDAY        7                        11     -4       19
  MONTH TO DATE  200                       300   -100      213
  SINCE MAR 1    688                       984   -296      760
  SINCE JUL 1   4159                      5191  -1032     4967

 COOLING
  YESTERDAY        0                         1     -1        0
  MONTH TO DATE    1                         7     -6        4
  SINCE MAR 1      4                         8     -4        8
  SINCE JAN 1      4                         8     -4        8
..................................................................


WIND (MPH)
  HIGHEST WIND SPEED    14   HIGHEST WIND DIRECTION    NE (30)
  HIGHEST GUST SPEED    18   HIGHEST GUST DIRECTION     N (20)
  AVERAGE WIND SPEED     6.4


SKY COVER
  AVERAGE SKY COVER 0.0


WEATHER CONDITIONS
 THE FOLLOWING WEATHER WAS RECORDED YESTERDAY.
  FOG
  HAZE


RELATIVE HUMIDITY (PERCENT)
 HIGHEST    92           500 AM
 LOWEST     29           400 PM
 AVERAGE    61

..........................................................


THE CONCORDIA KS CLIMATE NORMALS FOR TODAY
                         NORMAL    RECORD    YEAR
 MAXIMUM TEMPERATURE (F)   67        95      1989
 MINIMUM TEMPERATURE (F)   44        29      2013
                                             1967


SUNRISE AND SUNSET
APRIL 23 2016.........SUNRISE   641 AM CDT   SUNSET   817 PM CDT
APRIL 24 2016.........SUNRISE   640 AM CDT   SUNSET   818 PM CDT


-  INDICATES NEGATIVE NUMBERS.
R  INDICATES RECORD WAS SET OR TIED.
MM INDICATES DATA IS MISSING.
T  INDICATES TRACE AMOUNT.




$$
