369
CDUS43 KTOP 070644
CLICNK


CLIMATE REPORT
NATIONAL WEATHER SERVICE TOPEKA KS
1243 AM CST SAT JAN 7 2017


...................................

...THE CONCORDIA KS CLIMATE SUMMARY FOR JANUARY 6 2017...

CLIMATE NORMAL PERIOD 1981 TO 2010
CLIMATE RECORD PERIOD 1885 TO 2017


WEATHER ITEM   OBSERVED TIME   RECORD YEAR NORMAL DEPARTURE LAST
                VALUE   (LST)  VALUE       VALUE  FROM      YEAR
                                                  NORMAL
..................................................................
TEMPERATURE (F)
 YESTERDAY
  MAXIMUM         17    259 PM  64    1896  38    -21       38
  MINIMUM         -5    756 AM -15    1912  19    -24       32
  AVERAGE          6                        28    -22       35

PRECIPITATION (IN)
  YESTERDAY        0.00          0.21 1940   0.02  -0.02     0.09
  MONTH TO DATE    0.10                      0.09   0.01     0.09
  SINCE DEC 1      1.03                      0.94   0.09     2.73
  SINCE JAN 1      0.10                      0.09   0.01     0.09

SNOWFALL (IN)
  YESTERDAY        0.0           1.6  1988   0.2   -0.2       T
  MONTH TO DATE    1.0                       1.0    0.0       T
  SINCE JAN 1      1.0                       1.0    0.0       T
  SINCE JUL 1      3.2                       7.5   -4.3      1.3
  SNOW DEPTH       1

DEGREE DAYS
 HEATING
  YESTERDAY       59                        37     22       30
  MONTH TO DATE  270                       222     48      209
  SINCE DEC 1   1374                      1307     67     1084
  SINCE JUL 1   2071                      2399   -328     1852

 COOLING
  YESTERDAY        0                         0      0        0
  MONTH TO DATE    0                         0      0        0
  SINCE DEC 1      0                         0      0        0
  SINCE JAN 1      0                         0      0        0
..................................................................


WIND (MPH)
  HIGHEST WIND SPEED    13   HIGHEST WIND DIRECTION    SW (240)
  HIGHEST GUST SPEED    15   HIGHEST GUST DIRECTION     W (260)
  AVERAGE WIND SPEED     6.3


SKY COVER
  AVERAGE SKY COVER 0.0


WEATHER CONDITIONS
 THE FOLLOWING WEATHER WAS RECORDED YESTERDAY.
  NO SIGNIFICANT WEATHER WAS OBSERVED.


RELATIVE HUMIDITY (PERCENT)
 HIGHEST    82           800 AM
 LOWEST     59           100 PM
 AVERAGE    71

..........................................................


THE CONCORDIA KS CLIMATE NORMALS FOR TODAY
                         NORMAL    RECORD    YEAR
 MAXIMUM TEMPERATURE (F)   38        63      2006
 MINIMUM TEMPERATURE (F)   19       -17      1886


SUNRISE AND SUNSET
JANUARY  7 2017.......SUNRISE   751 AM CST   SUNSET   523 PM CST
JANUARY  8 2017.......SUNRISE   751 AM CST   SUNSET   524 PM CST


-  INDICATES NEGATIVE NUMBERS.
R  INDICATES RECORD WAS SET OR TIED.
MM INDICATES DATA IS MISSING.
T  INDICATES TRACE AMOUNT.




$$
