000
CDUS43 KTOP 210638
CLICNK


CLIMATE REPORT
NATIONAL WEATHER SERVICE TOPEKA KS
137 AM CDT SUN JUN 21 2015


...................................

...THE CONCORDIA KS CLIMATE SUMMARY FOR JUNE 20 2015...

CLIMATE NORMAL PERIOD 1981 TO 2010
CLIMATE RECORD PERIOD 1885 TO 2015


WEATHER ITEM   OBSERVED TIME   RECORD YEAR NORMAL DEPARTURE LAST
                VALUE   (LST)  VALUE       VALUE  FROM      YEAR
                                                  NORMAL
..................................................................
TEMPERATURE (F)
 YESTERDAY
  MAXIMUM         98    403 PM 106    1988  87     11       93
  MINIMUM         72    344 AM  48    1946  63      9       65
  AVERAGE         85                        75     10       79

PRECIPITATION (IN)
  YESTERDAY        0.00          2.81 1951   0.14  -0.14     0.00
  MONTH TO DATE    5.73                      2.66   3.07     6.08
  SINCE JUN 1      5.73                      2.66   3.07     6.08
  SINCE JAN 1     13.81                     12.65   1.16    11.91

SNOWFALL (IN)
  YESTERDAY        0.0           T    1929   0.0    0.0      0.0
  MONTH TO DATE    0.0                       0.0    0.0      0.0
  SINCE JAN 1      5.6                      13.7   -8.1     16.9
  SINCE JUL 1     11.7                      20.2   -8.5     23.2
  SNOW DEPTH       0

DEGREE DAYS
 HEATING
  YESTERDAY        0                         0      0        0
  MONTH TO DATE    2                        11     -9        1
  SINCE JUN 1      2                        11     -9        1
  SINCE JUL 1   5182                      5406   -224     5759

 COOLING
  YESTERDAY       20                        10     10       14
  MONTH TO DATE  179                       149     30      173
  SINCE JUN 1    179                       149     30      173
  SINCE JAN 1    234                       238     -4      348
..................................................................


WIND (MPH)
  HIGHEST WIND SPEED    25   HIGHEST WIND DIRECTION    SW (210)
  HIGHEST GUST SPEED    33   HIGHEST GUST DIRECTION     S (200)
  AVERAGE WIND SPEED    15.0


SKY COVER
  AVERAGE SKY COVER 0.0


WEATHER CONDITIONS
 THE FOLLOWING WEATHER WAS RECORDED YESTERDAY.
  NO SIGNIFICANT WEATHER WAS OBSERVED.


RELATIVE HUMIDITY (PERCENT)
 HIGHEST    87           400 AM
 LOWEST     35           400 PM
 AVERAGE    61

..........................................................


THE CONCORDIA KS CLIMATE NORMALS FOR TODAY
                         NORMAL    RECORD    YEAR
 MAXIMUM TEMPERATURE (F)   87       107      1988
 MINIMUM TEMPERATURE (F)   64        45      1902


SUNRISE AND SUNSET
JUNE 21 2015..........SUNRISE   603 AM CDT   SUNSET   901 PM CDT
JUNE 22 2015..........SUNRISE   604 AM CDT   SUNSET   902 PM CDT


-  INDICATES NEGATIVE NUMBERS.
R  INDICATES RECORD WAS SET OR TIED.
MM INDICATES DATA IS MISSING.
T  INDICATES TRACE AMOUNT.




$$
