000
CDUS43 KTOP 190632
CLICNK


CLIMATE REPORT
NATIONAL WEATHER SERVICE TOPEKA KS
1231 AM CST MON JAN 19 2015


...................................

...THE CONCORDIA KS CLIMATE SUMMARY FOR JANUARY 18 2015...

CLIMATE NORMAL PERIOD 1981 TO 2010
CLIMATE RECORD PERIOD 1885 TO 2015


WEATHER ITEM   OBSERVED TIME   RECORD YEAR NORMAL DEPARTURE LAST
                VALUE   (LST)  VALUE       VALUE  FROM      YEAR
                                                  NORMAL
..................................................................
TEMPERATURE (F)
 YESTERDAY
  MAXIMUM         56    420 PM  68    1951  39     17       47
  MINIMUM         29    522 AM -13    1940  19     10       27
  AVERAGE         43                        29     14       37

PRECIPITATION (IN)
  YESTERDAY        0.00          0.37 1980   0.02  -0.02     0.00
  MONTH TO DATE    0.11                      0.28  -0.17     0.21
  SINCE DEC 1      0.85                      1.13  -0.28     0.75
  SINCE JAN 1      0.11                      0.28  -0.17     0.21

SNOWFALL (IN)
  YESTERDAY        0.0           1.8  1963   0.2   -0.2      0.0
  MONTH TO DATE    1.3                       3.1   -1.8      2.0
  SINCE JAN 1      1.3                       3.1   -1.8      2.0
  SINCE JUL 1      7.4                       9.6   -2.2      8.3
  SNOW DEPTH       0

DEGREE DAYS
 HEATING
  YESTERDAY       22                        36    -14       28
  MONTH TO DATE  714                       662     52      682
  SINCE DEC 1   1689                      1747    -58     1853
  SINCE JUL 1   2852                      2839     13     2909

 COOLING
  YESTERDAY        0                         0      0        0
  MONTH TO DATE    0                         0      0        0
  SINCE DEC 1      0                         0      0        0
  SINCE JAN 1      0                         0      0        0
..................................................................


WIND (MPH)
  HIGHEST WIND SPEED    14   HIGHEST WIND DIRECTION     W (270)
  HIGHEST GUST SPEED    19   HIGHEST GUST DIRECTION     W (270)
  AVERAGE WIND SPEED     7.0


SKY COVER
  AVERAGE SKY COVER 0.0


WEATHER CONDITIONS
 THE FOLLOWING WEATHER WAS RECORDED YESTERDAY.
  NO SIGNIFICANT WEATHER WAS OBSERVED.


RELATIVE HUMIDITY (PERCENT)
 HIGHEST    72           500 AM
 LOWEST     30           400 PM
 AVERAGE    51

..........................................................


THE CONCORDIA KS CLIMATE NORMALS FOR TODAY
                         NORMAL    RECORD    YEAR
 MAXIMUM TEMPERATURE (F)   39        69      1895
 MINIMUM TEMPERATURE (F)   19       -24      1892


SUNRISE AND SUNSET
JANUARY 19 2015.......SUNRISE   748 AM CST   SUNSET   535 PM CST
JANUARY 20 2015.......SUNRISE   747 AM CST   SUNSET   536 PM CST


-  INDICATES NEGATIVE NUMBERS.
R  INDICATES RECORD WAS SET OR TIED.
MM INDICATES DATA IS MISSING.
T  INDICATES TRACE AMOUNT.




$$
