000
CDUS43 KTOP 230636
CLICNK


CLIMATE REPORT
NATIONAL WEATHER SERVICE TOPEKA KS
1236 AM CST THU NOV 23 2017


...................................

...THE CONCORDIA KS CLIMATE SUMMARY FOR NOVEMBER 22 2017...

CLIMATE NORMAL PERIOD 1981 TO 2010
CLIMATE RECORD PERIOD 1885 TO 2017


WEATHER ITEM   OBSERVED TIME   RECORD YEAR NORMAL DEPARTURE LAST
                VALUE   (LST)  VALUE       VALUE  FROM      YEAR
                                                  NORMAL
..................................................................
TEMPERATURE (F)
 YESTERDAY
  MAXIMUM         48    430 PM  68    1974  48      0       58
                                      1936
                                      1924
  MINIMUM         16    619 AM  -4    1929  28    -12       41
  AVERAGE         32                        38     -6       50

PRECIPITATION (IN)
  YESTERDAY        0.00          0.53 1999   0.03  -0.03     0.12
  MONTH TO DATE    0.14                      0.85  -0.71     0.47
  SINCE SEP 1      8.89                      5.68   3.21     3.47
  SINCE JAN 1     36.34                     26.78   9.56    28.99

SNOWFALL (IN)
  YESTERDAY        0.0           3.3  1991   0.1   -0.1      0.0
  MONTH TO DATE    0.0                       1.5   -1.5      0.0
  SINCE JAN 1      2.1                      15.4  -13.3     12.3
  SINCE JUL 1      T                         1.7   -1.7      0.0
  SNOW DEPTH       0

DEGREE DAYS
 HEATING
  YESTERDAY       33                        27      6       15
  MONTH TO DATE  499                       467     32      298
  SINCE SEP 1    825                       855    -30      510
  SINCE JUL 1    825                       858    -33      511

 COOLING
  YESTERDAY        0                         0      0        0
  MONTH TO DATE    0                         0      0        0
  SINCE SEP 1    232                       182     50      258
  SINCE JAN 1   1370                      1348     22     1540
..................................................................


WIND (MPH)
  HIGHEST WIND SPEED    21   HIGHEST WIND DIRECTION     S (200)
  HIGHEST GUST SPEED    25   HIGHEST GUST DIRECTION     S (170)
  AVERAGE WIND SPEED    10.4


SKY COVER
  AVERAGE SKY COVER 0.0


WEATHER CONDITIONS
 THE FOLLOWING WEATHER WAS RECORDED YESTERDAY.
  NO SIGNIFICANT WEATHER WAS OBSERVED.


RELATIVE HUMIDITY (PERCENT)
 HIGHEST    80           300 AM
 LOWEST     29           400 PM
 AVERAGE    55

..........................................................


THE CONCORDIA KS CLIMATE NORMALS FOR TODAY
                         NORMAL    RECORD    YEAR
 MAXIMUM TEMPERATURE (F)   48        71      1914
 MINIMUM TEMPERATURE (F)   27        -5      1898


SUNRISE AND SUNSET
NOVEMBER 23 2017......SUNRISE   724 AM CST   SUNSET   510 PM CST
NOVEMBER 24 2017......SUNRISE   725 AM CST   SUNSET   509 PM CST


-  INDICATES NEGATIVE NUMBERS.
R  INDICATES RECORD WAS SET OR TIED.
MM INDICATES DATA IS MISSING.
T  INDICATES TRACE AMOUNT.




$$
