000
CDUS43 KTOP 022133
CLICNK


CLIMATE REPORT
NATIONAL WEATHER SERVICE TOPEKA KS
432 PM CDT TUE AUG 2 2016


...................................

...THE CONCORDIA KS CLIMATE SUMMARY FOR AUGUST 2 2016...
VALID TODAY AS OF 0400 PM LOCAL TIME.

CLIMATE NORMAL PERIOD 1981 TO 2010
CLIMATE RECORD PERIOD 1885 TO 2016


WEATHER ITEM   OBSERVED TIME   RECORD YEAR NORMAL DEPARTURE LAST
                VALUE   (LST)  VALUE       VALUE  FROM      YEAR
                                                  NORMAL
..................................................................
TEMPERATURE (F)
 TODAY
  MAXIMUM         84    259 PM 107    2010  90     -6       97
                                      1930
  MINIMUM         73    737 AM  54    1927  67      6       71
  AVERAGE         79                        79      0       84

PRECIPITATION (IN)
  TODAY            0.04          4.42 2013   0.11  -0.07     0.00
  MONTH TO DATE    0.04                      0.22  -0.18     0.00
  SINCE JUN 1      7.38                      8.19  -0.81     9.68
  SINCE JAN 1     19.55                     18.18   1.37    17.76

SNOWFALL (IN)
  TODAY            0.0           0.0    MM   0.0    0.0      0.0
  MONTH TO DATE    0.0                       0.0    0.0      0.0
  SINCE JAN 1     12.3                      13.7   -1.4      5.6
  SINCE JUL 1      0.0                       0.0    0.0      0.0
  SNOW DEPTH       0

DEGREE DAYS
 HEATING
  TODAY            0                         0      0        0
  MONTH TO DATE    0                         0      0        0
  SINCE JUN 1      1                        13    -12        2
  SINCE JUL 1      1                         0      1        0

 COOLING
  TODAY           14                        14      0       19
  MONTH TO DATE   32                        28      4       34
  SINCE JUN 1    899                       729    170      739
  SINCE JAN 1    959                       818    141      794
..................................................................


WIND (MPH)
  HIGHEST WIND SPEED    22   HIGHEST WIND DIRECTION     S (180)
  HIGHEST GUST SPEED    30   HIGHEST GUST DIRECTION     S (180)
  AVERAGE WIND SPEED    12.1



WEATHER CONDITIONS
 THE FOLLOWING WEATHER WAS RECORDED TODAY.
  THUNDERSTORM
  RAIN
  LIGHT RAIN
  FOG


RELATIVE HUMIDITY (PERCENT)
 HIGHEST    93           800 AM
 LOWEST     67           300 AM
 AVERAGE    80

..........................................................


THE CONCORDIA KS CLIMATE NORMALS FOR TOMORROW
                         NORMAL    RECORD    YEAR
 MAXIMUM TEMPERATURE (F)   90       110      1918
 MINIMUM TEMPERATURE (F)   67        50      1974


SUNRISE AND SUNSET
AUGUST  2 2016........SUNRISE   631 AM CDT   SUNSET   842 PM CDT
AUGUST  3 2016........SUNRISE   632 AM CDT   SUNSET   840 PM CDT


-  INDICATES NEGATIVE NUMBERS.
R  INDICATES RECORD WAS SET OR TIED.
MM INDICATES DATA IS MISSING.
T  INDICATES TRACE AMOUNT.




$$
