000
CDUS43 KTOP 062144
CLICNK


CLIMATE REPORT
NATIONAL WEATHER SERVICE TOPEKA KS
443 PM CDT FRI MAY 6 2016


...................................

...THE CONCORDIA KS CLIMATE SUMMARY FOR MAY 6 2016...
VALID TODAY AS OF 0400 PM LOCAL TIME.

CLIMATE NORMAL PERIOD 1981 TO 2010
CLIMATE RECORD PERIOD 1885 TO 2016


WEATHER ITEM   OBSERVED TIME   RECORD YEAR NORMAL DEPARTURE LAST
                VALUE   (LST)  VALUE       VALUE  FROM      YEAR
                                                  NORMAL
..................................................................
TEMPERATURE (F)
 TODAY
  MAXIMUM         83    244 PM  94    1955  71     12       71
                                      1916
  MINIMUM         53    558 AM  29    1944  49      4       60
  AVERAGE         68                        60      8       66

PRECIPITATION (IN)
  TODAY            0.00          2.25 1978   0.13  -0.13     0.24
  MONTH TO DATE    0.01                      0.69  -0.68     0.78
  SINCE MAR 1      2.36                      5.15  -2.79     3.12
  SINCE JAN 1      3.92                      6.52  -2.60     4.64

SNOWFALL (IN)
  TODAY            0.0           T    1978   0.0    0.0      0.0
  MONTH TO DATE    0.0                       0.0    0.0      0.0
  SINCE JAN 1     12.3                      13.7   -1.4      5.6
  SINCE JUL 1     13.6                      20.2   -6.6     11.7
  SNOW DEPTH       0

DEGREE DAYS
 HEATING
  TODAY            0                         6     -6        0
  MONTH TO DATE   46                        42      4        2
  SINCE MAR 1    800                      1099   -299      838
  SINCE JUL 1   4271                      5306  -1035     5045

 COOLING
  TODAY            3                         1      2        1
  MONTH TO DATE    3                         6     -3       24
  SINCE MAR 1     14                        23     -9       32
  SINCE JAN 1     14                        23     -9       32
..................................................................


WIND (MPH)
  HIGHEST WIND SPEED    22   HIGHEST WIND DIRECTION     S (170)
  HIGHEST GUST SPEED    29   HIGHEST GUST DIRECTION     S (170)
  AVERAGE WIND SPEED    13.9



WEATHER CONDITIONS
 THE FOLLOWING WEATHER WAS RECORDED TODAY.
  NO SIGNIFICANT WEATHER WAS OBSERVED.


RELATIVE HUMIDITY (PERCENT)
 HIGHEST    66           600 AM
 LOWEST     26          1200 PM
 AVERAGE    46

..........................................................


THE CONCORDIA KS CLIMATE NORMALS FOR TOMORROW
                         NORMAL    RECORD    YEAR
 MAXIMUM TEMPERATURE (F)   71        99      2014
 MINIMUM TEMPERATURE (F)   49        31      1890


SUNRISE AND SUNSET
MAY  6 2016...........SUNRISE   625 AM CDT   SUNSET   830 PM CDT
MAY  7 2016...........SUNRISE   624 AM CDT   SUNSET   831 PM CDT


-  INDICATES NEGATIVE NUMBERS.
R  INDICATES RECORD WAS SET OR TIED.
MM INDICATES DATA IS MISSING.
T  INDICATES TRACE AMOUNT.




$$
