000
CDUS43 KTOP 012240
CLICNK


CLIMATE REPORT
NATIONAL WEATHER SERVICE TOPEKA KS
439 PM CST WED MAR 1 2017


...................................

...THE CONCORDIA KS CLIMATE SUMMARY FOR MARCH 1 2017...
VALID TODAY AS OF 0400 PM LOCAL TIME.

CLIMATE NORMAL PERIOD 1981 TO 2010
CLIMATE RECORD PERIOD 1885 TO 2017


WEATHER ITEM   OBSERVED TIME   RECORD YEAR NORMAL DEPARTURE LAST
                VALUE   (LST)  VALUE       VALUE  FROM      YEAR
                                                  NORMAL
..................................................................
TEMPERATURE (F)
 TODAY
  MAXIMUM         51    341 PM  82    1967  49      2       47
  MINIMUM         25    737 AM  -2    1980  27     -2       22
  AVERAGE         38                        38      0       35

PRECIPITATION (IN)
  TODAY            0.00          0.89 1948   0.04  -0.04     0.00
  MONTH TO DATE    0.00                      0.04  -0.04     0.00
  SINCE MAR 1      0.00                      0.04  -0.04     0.00
  SINCE JAN 1      1.85                      1.41   0.44     1.56

SNOWFALL (IN)
  TODAY            0.0           3.9  1953   0.1   -0.1      0.0
  MONTH TO DATE    0.0                       0.1   -0.1      0.0
  SINCE JAN 1      1.3                      10.5   -9.2     12.3
  SINCE JUL 1      3.5                      17.0  -13.5     13.6
  SNOW DEPTH       0

DEGREE DAYS
 HEATING
  TODAY           27                        27      0       30
  MONTH TO DATE   27                        27      0       30
  SINCE MAR 1     27                        27      0       30
  SINCE JUL 1   3528                      4234   -706     3501

 COOLING
  TODAY            0                         0      0        0
  MONTH TO DATE    0                         0      0        0
  SINCE MAR 1      0                         0      0        0
  SINCE JAN 1      0                         0      0        0
..................................................................


WIND (MPH)
  HIGHEST WIND SPEED    29   HIGHEST WIND DIRECTION    NW (330)
  HIGHEST GUST SPEED    37   HIGHEST GUST DIRECTION    NW (330)
  AVERAGE WIND SPEED    15.1



WEATHER CONDITIONS
 THE FOLLOWING WEATHER WAS RECORDED TODAY.
  NO SIGNIFICANT WEATHER WAS OBSERVED.


RELATIVE HUMIDITY (PERCENT)
 HIGHEST    78           400 AM
 LOWEST     21           400 PM
 AVERAGE    50

..........................................................


THE CONCORDIA KS CLIMATE NORMALS FOR TOMORROW
                         NORMAL    RECORD    YEAR
 MAXIMUM TEMPERATURE (F)   49        81      1904
 MINIMUM TEMPERATURE (F)   27        -4      1913


SUNRISE AND SUNSET
MARCH  1 2017.........SUNRISE   703 AM CST   SUNSET   623 PM CST
MARCH  2 2017.........SUNRISE   702 AM CST   SUNSET   624 PM CST


-  INDICATES NEGATIVE NUMBERS.
R  INDICATES RECORD WAS SET OR TIED.
MM INDICATES DATA IS MISSING.
T  INDICATES TRACE AMOUNT.




$$
