000
CDUS43 KTOP 132142
CLICNK


CLIMATE REPORT
NATIONAL WEATHER SERVICE TOPEKA KS
442 PM CDT SAT AUG 13 2016


...................................

...THE CONCORDIA KS CLIMATE SUMMARY FOR AUGUST 13 2016...
VALID TODAY AS OF 430 PM LOCAL TIME.

CLIMATE NORMAL PERIOD 1981 TO 2010
CLIMATE RECORD PERIOD 1885 TO 2016


WEATHER ITEM   OBSERVED TIME   RECORD YEAR NORMAL DEPARTURE LAST
                VALUE   (LST)  VALUE       VALUE  FROM      YEAR
                                                  NORMAL
..................................................................
TEMPERATURE (F)
 TODAY
  MAXIMUM         89    259 PM 114    1936  89      0       86
  MINIMUM         63    551 AM  51    1992  66     -3       65
  AVERAGE         76                        78     -2       76

PRECIPITATION (IN)
  TODAY            0.00          2.35 1975   0.10  -0.10     0.00
  MONTH TO DATE    1.82                      1.39   0.43     3.72
  SINCE JUN 1      9.16                      9.36  -0.20    13.40
  SINCE JAN 1     21.33                     19.35   1.98    21.48

SNOWFALL (IN)
  TODAY           MM             0.0    MM   0.0   MM        0.0
  MONTH TO DATE    0.0                       0.0    0.0      0.0
  SINCE JAN 1     12.3                      13.7   -1.4      5.6
  SINCE JUL 1      0.0                       0.0    0.0      0.0
  SNOW DEPTH      MM

DEGREE DAYS
 HEATING
  TODAY            0                         0      0        0
  MONTH TO DATE    0                         0      0        0
  SINCE JUN 1      1                        13    -12        2
  SINCE JUL 1      1                         0      1        0

 COOLING
  TODAY           11                        13     -2       11
  MONTH TO DATE  179                       174      5      153
  SINCE JUN 1   1046                       875    171      858
  SINCE JAN 1   1106                       964    142      913
..................................................................


WIND (MPH)
  HIGHEST WIND SPEED    10   HIGHEST WIND DIRECTION    NW (320)
  HIGHEST GUST SPEED    14   HIGHEST GUST DIRECTION    NW (330)
  AVERAGE WIND SPEED     5.5



WEATHER CONDITIONS
 THE FOLLOWING WEATHER WAS RECORDED TODAY.
  NO SIGNIFICANT WEATHER WAS OBSERVED.


RELATIVE HUMIDITY (PERCENT)
 HIGHEST   100           400 AM
 LOWEST     34           200 PM
 AVERAGE    67

..........................................................


THE CONCORDIA KS CLIMATE NORMALS FOR TOMORROW
                         NORMAL    RECORD    YEAR
 MAXIMUM TEMPERATURE (F)   89       107      1936
 MINIMUM TEMPERATURE (F)   66        50      2004


SUNRISE AND SUNSET
AUGUST 13 2016........SUNRISE   642 AM CDT   SUNSET   828 PM CDT
AUGUST 14 2016........SUNRISE   643 AM CDT   SUNSET   827 PM CDT


-  INDICATES NEGATIVE NUMBERS.
R  INDICATES RECORD WAS SET OR TIED.
MM INDICATES DATA IS MISSING.
T  INDICATES TRACE AMOUNT.




$$
