000
CDUS43 KTOP 092237
CLICNK


CLIMATE REPORT
NATIONAL WEATHER SERVICE TOPEKA KS
436 PM CST WED NOV 9 2016


...................................

...THE CONCORDIA KS CLIMATE SUMMARY FOR NOVEMBER 9 2016...
VALID TODAY AS OF 430 PM LOCAL TIME.

CLIMATE NORMAL PERIOD 1981 TO 2010
CLIMATE RECORD PERIOD 1885 TO 2016


WEATHER ITEM   OBSERVED TIME   RECORD YEAR NORMAL DEPARTURE LAST
                VALUE   (LST)  VALUE       VALUE  FROM      YEAR
                                                  NORMAL
..................................................................
TEMPERATURE (F)
 TODAY
  MAXIMUM         60    310 PM  77    1999  56      4       65
  MINIMUM         32    729 AM  18    1966  34     -2       42
  AVERAGE         46                        45      1       54

PRECIPITATION (IN)
  TODAY            0.00          0.91 1919   0.04  -0.04     0.00
  MONTH TO DATE    0.35                      0.41  -0.06     0.01
  SINCE SEP 1      3.35                      5.24  -1.89     2.59
  SINCE JAN 1     28.87                     26.34   2.53    24.55

SNOWFALL (IN)
  TODAY            0.0           1.4  1977   0.1   -0.1      0.0
  MONTH TO DATE    0.0                       0.4   -0.4      0.0
  SINCE JAN 1     12.3                      14.3   -2.0      5.6
  SINCE JUL 1      0.0                       0.6   -0.6      0.0
  SNOW DEPTH       0

DEGREE DAYS
 HEATING
  TODAY           19                        20     -1       11
  MONTH TO DATE   76                       160    -84       79
  SINCE SEP 1    288                       548   -260      309
  SINCE JUL 1    289                       551   -262      311

 COOLING
  TODAY            0                         0      0        0
  MONTH TO DATE    0                         0      0        1
  SINCE SEP 1    258                       182     76      336
  SINCE JAN 1   1540                      1348    192     1375
..................................................................


WIND (MPH)
  HIGHEST WIND SPEED    12   HIGHEST WIND DIRECTION    SW (240)
  HIGHEST GUST SPEED    15   HIGHEST GUST DIRECTION    SW (230)
  AVERAGE WIND SPEED     5.7



WEATHER CONDITIONS
 THE FOLLOWING WEATHER WAS RECORDED TODAY.
  NO SIGNIFICANT WEATHER WAS OBSERVED.


RELATIVE HUMIDITY (PERCENT)
 HIGHEST   100           300 AM
 LOWEST     44           300 PM
 AVERAGE    72

..........................................................


THE CONCORDIA KS CLIMATE NORMALS FOR TOMORROW
                         NORMAL    RECORD    YEAR
 MAXIMUM TEMPERATURE (F)   56        80      1927
 MINIMUM TEMPERATURE (F)   34         9      1986


SUNRISE AND SUNSET
NOVEMBER  9 2016......SUNRISE   709 AM CST   SUNSET   520 PM CST
NOVEMBER 10 2016......SUNRISE   710 AM CST   SUNSET   519 PM CST


-  INDICATES NEGATIVE NUMBERS.
R  INDICATES RECORD WAS SET OR TIED.
MM INDICATES DATA IS MISSING.
T  INDICATES TRACE AMOUNT.




$$
