000
CDUS43 KTOP 140633
CLICNK


CLIMATE REPORT
NATIONAL WEATHER SERVICE TOPEKA KS
1232 AM CST FRI NOV 14 2014


...................................

...THE CONCORDIA KS CLIMATE SUMMARY FOR NOVEMBER 13 2014...

CLIMATE NORMAL PERIOD 1981 TO 2010
CLIMATE RECORD PERIOD 1885 TO 2014


WEATHER ITEM   OBSERVED TIME   RECORD YEAR NORMAL DEPARTURE LAST
                VALUE   (LST)  VALUE       VALUE  FROM      YEAR
                                                  NORMAL
..................................................................
TEMPERATURE (F)
 YESTERDAY
  MAXIMUM         29    310 PM  83    1999  54    -25       57
  MINIMUM          9   1158 PM   2    1986  32    -23       23
  AVERAGE         19                        43    -24       40

PRECIPITATION (IN)
  YESTERDAY        0.00          1.52 1909   0.04  -0.04     0.00
  MONTH TO DATE    0.03                      0.56  -0.53     1.09
  SINCE SEP 1      5.72                      5.39   0.33     3.02
  SINCE JAN 1     26.38                     26.49  -0.11    26.59

SNOWFALL (IN)
  YESTERDAY        0.0           3.7  1972   0.1   -0.1      0.0
  MONTH TO DATE    0.3                       0.6   -0.3      0.0
  SINCE JAN 1     17.2                      14.5    2.7     20.3
  SINCE JUL 1      0.3                       0.8   -0.5      0.0
  SNOW DEPTH       0

DEGREE DAYS
 HEATING
  YESTERDAY       46                        22     24       25
  MONTH TO DATE  286                       244     42      243
  SINCE SEP 1    615                       632    -17      580
  SINCE JUL 1    617                       635    -18      587

 COOLING
  YESTERDAY        0                         0      0        0
  MONTH TO DATE    0                         0      0        0
  SINCE SEP 1    159                       182    -23      274
  SINCE JAN 1   1368                      1348     20     1359
..................................................................


WIND (MPH)
  HIGHEST WIND SPEED    18   HIGHEST WIND DIRECTION    NW (320)
  HIGHEST GUST SPEED    23   HIGHEST GUST DIRECTION    NW (320)
  AVERAGE WIND SPEED     7.9


SKY COVER
  AVERAGE SKY COVER 0.0


WEATHER CONDITIONS
 THE FOLLOWING WEATHER WAS RECORDED YESTERDAY.
  NO SIGNIFICANT WEATHER WAS OBSERVED.


RELATIVE HUMIDITY (PERCENT)
 HIGHEST    83           200 AM
 LOWEST     42           200 PM
 AVERAGE    63

..........................................................


THE CONCORDIA KS CLIMATE NORMALS FOR TODAY
                         NORMAL    RECORD    YEAR
 MAXIMUM TEMPERATURE (F)   53        74      1990
 MINIMUM TEMPERATURE (F)   32         0      1940


SUNRISE AND SUNSET
NOVEMBER 14 2014......SUNRISE   714 AM CST   SUNSET   516 PM CST
NOVEMBER 15 2014......SUNRISE   715 AM CST   SUNSET   515 PM CST


-  INDICATES NEGATIVE NUMBERS.
R  INDICATES RECORD WAS SET OR TIED.
MM INDICATES DATA IS MISSING.
T  INDICATES TRACE AMOUNT.




$$
