000
CDUS43 KTOP 270634
CLICNK


CLIMATE REPORT
NATIONAL WEATHER SERVICE TOPEKA KS
1234 AM CST FRI JAN 27 2017


...................................

...THE CONCORDIA KS CLIMATE SUMMARY FOR JANUARY 26 2017...

CLIMATE NORMAL PERIOD 1981 TO 2010
CLIMATE RECORD PERIOD 1885 TO 2017


WEATHER ITEM   OBSERVED TIME   RECORD YEAR NORMAL DEPARTURE LAST
                VALUE   (LST)  VALUE       VALUE  FROM      YEAR
                                                  NORMAL
..................................................................
TEMPERATURE (F)
 YESTERDAY
  MAXIMUM         38    340 PM  73    1914  39     -1       37
  MINIMUM         20    201 AM -10    1904  19      1       19
                                      1902
  AVERAGE         29                        29      0       28

PRECIPITATION (IN)
  YESTERDAY        0.00          1.43 1944   0.02  -0.02     0.00
  MONTH TO DATE    1.75                      0.45   1.30     1.05
  SINCE DEC 1      2.68                      1.30   1.38     3.69
  SINCE JAN 1      1.75                      0.45   1.30     1.05

SNOWFALL (IN)
  YESTERDAY        0.0           5.6  1996   0.2   -0.2      0.0
  MONTH TO DATE    1.0                       4.7   -3.7      7.6
  SINCE JAN 1      1.0                       4.7   -3.7      7.6
  SINCE JUL 1      3.2                      11.2   -8.0      8.9
  SNOW DEPTH       0

DEGREE DAYS
 HEATING
  YESTERDAY       36                        36      0       37
  MONTH TO DATE  921                       950    -29      972
  SINCE DEC 1   2025                      2035    -10     1847
  SINCE JUL 1   2722                      3127   -405     2615

 COOLING
  YESTERDAY        0                         0      0        0
  MONTH TO DATE    0                         0      0        0
  SINCE DEC 1      0                         0      0        0
  SINCE JAN 1      0                         0      0        0
..................................................................


WIND (MPH)
  HIGHEST WIND SPEED    21   HIGHEST WIND DIRECTION    NW (330)
  HIGHEST GUST SPEED    25   HIGHEST GUST DIRECTION    NW (330)
  AVERAGE WIND SPEED    11.6


SKY COVER
  AVERAGE SKY COVER 0.4


WEATHER CONDITIONS
 THE FOLLOWING WEATHER WAS RECORDED YESTERDAY.
  NO SIGNIFICANT WEATHER WAS OBSERVED.


RELATIVE HUMIDITY (PERCENT)
 HIGHEST    91           200 AM
 LOWEST     48           300 PM
 AVERAGE    70

..........................................................


THE CONCORDIA KS CLIMATE NORMALS FOR TODAY
                         NORMAL    RECORD    YEAR
 MAXIMUM TEMPERATURE (F)   39        69      2015
 MINIMUM TEMPERATURE (F)   19       -14      1902


SUNRISE AND SUNSET
JANUARY 27 2017.......SUNRISE   742 AM CST   SUNSET   545 PM CST
JANUARY 28 2017.......SUNRISE   741 AM CST   SUNSET   546 PM CST


-  INDICATES NEGATIVE NUMBERS.
R  INDICATES RECORD WAS SET OR TIED.
MM INDICATES DATA IS MISSING.
T  INDICATES TRACE AMOUNT.




$$
