598
CDUS43 KTOP 300635
CLICNK


CLIMATE REPORT
NATIONAL WEATHER SERVICE TOPEKA KS
1233 AM CST THU NOV 30 2017


...................................

...THE CONCORDIA KS CLIMATE SUMMARY FOR NOVEMBER 29 2017...

CLIMATE NORMAL PERIOD 1981 TO 2010
CLIMATE RECORD PERIOD 1885 TO 2017


WEATHER ITEM   OBSERVED TIME   RECORD YEAR NORMAL DEPARTURE LAST
                VALUE   (LST)  VALUE       VALUE  FROM      YEAR
                                                  NORMAL
..................................................................
TEMPERATURE (F)
 YESTERDAY
  MAXIMUM         51    349 PM  72    1892  45      6       46
  MINIMUM         23    744 AM   0    1976  25     -2       29
  AVERAGE         37                        35      2       38

PRECIPITATION (IN)
  YESTERDAY        0.00          0.50 1909   0.04  -0.04     0.00
  MONTH TO DATE    0.14                      1.08  -0.94     0.57
  SINCE SEP 1      8.89                      5.91   2.98     3.57
  SINCE JAN 1     36.34                     27.01   9.33    29.09

SNOWFALL (IN)
  YESTERDAY        0.0           2.6  1985   0.2   -0.2      0.0
  MONTH TO DATE    0.0                       2.4   -2.4      0.0
  SINCE JAN 1      2.1                      16.3  -14.2     12.3
  SINCE JUL 1      T                         2.6   -2.6      0.0
  SNOW DEPTH       0

DEGREE DAYS
 HEATING
  YESTERDAY       28                        30     -2       27
  MONTH TO DATE  589                       668    -79      452
  SINCE SEP 1    915                      1056   -141      664
  SINCE JUL 1    915                      1059   -144      665

 COOLING
  YESTERDAY        0                         0      0        0
  MONTH TO DATE    0                         0      0        0
  SINCE SEP 1    232                       182     50      258
  SINCE JAN 1   1370                      1348     22     1540
..................................................................


WIND (MPH)
  HIGHEST WIND SPEED    14   HIGHEST WIND DIRECTION    SE (140)
  HIGHEST GUST SPEED    18   HIGHEST GUST DIRECTION    SE (130)
  AVERAGE WIND SPEED     5.0


SKY COVER
  AVERAGE SKY COVER 0.3


WEATHER CONDITIONS
 THE FOLLOWING WEATHER WAS RECORDED YESTERDAY.
  NO SIGNIFICANT WEATHER WAS OBSERVED.


RELATIVE HUMIDITY (PERCENT)
 HIGHEST    81           800 AM
 LOWEST     34          1100 AM
 AVERAGE    58

..........................................................


THE CONCORDIA KS CLIMATE NORMALS FOR TODAY
                         NORMAL    RECORD    YEAR
 MAXIMUM TEMPERATURE (F)   44        72      1995
 MINIMUM TEMPERATURE (F)   24         4      1964
                                             1896


SUNRISE AND SUNSET
NOVEMBER 30 2017......SUNRISE   731 AM CST   SUNSET   507 PM CST
DECEMBER  1 2017......SUNRISE   732 AM CST   SUNSET   507 PM CST


-  INDICATES NEGATIVE NUMBERS.
R  INDICATES RECORD WAS SET OR TIED.
MM INDICATES DATA IS MISSING.
T  INDICATES TRACE AMOUNT.




$$
