643
CDUS43 KTOP 290635
CLICNK


CLIMATE REPORT
NATIONAL WEATHER SERVICE TOPEKA KS
1233 AM CST FRI JAN 29 2016


...................................

...THE CONCORDIA KS CLIMATE SUMMARY FOR JANUARY 28 2016...

CLIMATE NORMAL PERIOD 1981 TO 2010
CLIMATE RECORD PERIOD 1885 TO 2016


WEATHER ITEM   OBSERVED TIME   RECORD YEAR NORMAL DEPARTURE LAST
                VALUE   (LST)  VALUE       VALUE  FROM      YEAR
                                                  NORMAL
..................................................................
TEMPERATURE (F)
 YESTERDAY
  MAXIMUM         50    403 PM  71    2015  39     11       71
                                      2008
  MINIMUM         32    812 AM  -9    1915  19     13       34
  AVERAGE         41                        29     12       53

PRECIPITATION (IN)
  YESTERDAY        0.00          1.06 1891   0.02  -0.02     0.00
  MONTH TO DATE    1.05                      0.50   0.55     0.11
  SINCE DEC 1      3.69                      1.35   2.34     0.85
  SINCE JAN 1      1.05                      0.50   0.55     0.11

SNOWFALL (IN)
  YESTERDAY        0.0           1.5  2001   0.2   -0.2      0.0
  MONTH TO DATE    7.6                       5.1    2.5      1.3
  SINCE JAN 1      7.6                       5.1    2.5      1.3
  SINCE JUL 1      8.9                      11.6   -2.7      7.4
  SNOW DEPTH       2

DEGREE DAYS
 HEATING
  YESTERDAY       24                        36    -12       12
  MONTH TO DATE 1025                      1022      3      934
  SINCE DEC 1   1900                      2107   -207     1909
  SINCE JUL 1   2668                      3199   -531     3072

 COOLING
  YESTERDAY        0                         0      0        0
  MONTH TO DATE    0                         0      0        0
  SINCE DEC 1      0                         0      0        0
  SINCE JAN 1      0                         0      0        0
..................................................................


WIND (MPH)
  HIGHEST WIND SPEED    16   HIGHEST WIND DIRECTION     W (270)
  HIGHEST GUST SPEED    19   HIGHEST GUST DIRECTION     W (280)
  AVERAGE WIND SPEED     8.6


SKY COVER
  AVERAGE SKY COVER 0.0


WEATHER CONDITIONS
 THE FOLLOWING WEATHER WAS RECORDED YESTERDAY.
  NO SIGNIFICANT WEATHER WAS OBSERVED.


RELATIVE HUMIDITY (PERCENT)
 HIGHEST    82           900 PM
 LOWEST     50           200 PM
 AVERAGE    66

..........................................................


THE CONCORDIA KS CLIMATE NORMALS FOR TODAY
                         NORMAL    RECORD    YEAR
 MAXIMUM TEMPERATURE (F)   40        70      1911
 MINIMUM TEMPERATURE (F)   19       -11      1966


SUNRISE AND SUNSET
JANUARY 29 2016.......SUNRISE   741 AM CST   SUNSET   547 PM CST
JANUARY 30 2016.......SUNRISE   740 AM CST   SUNSET   548 PM CST


-  INDICATES NEGATIVE NUMBERS.
R  INDICATES RECORD WAS SET OR TIED.
MM INDICATES DATA IS MISSING.
T  INDICATES TRACE AMOUNT.




$$
