000
CDUS43 KTOP 010631
CLICNK


CLIMATE REPORT
NATIONAL WEATHER SERVICE TOPEKA KS
1231 AM CST THU FEB 1 2018


...................................

...THE CONCORDIA KS CLIMATE SUMMARY FOR JANUARY 31 2018...

CLIMATE NORMAL PERIOD 1981 TO 2010
CLIMATE RECORD PERIOD 1885 TO 2018


WEATHER ITEM   OBSERVED TIME   RECORD YEAR NORMAL DEPARTURE LAST
                VALUE   (LST)  VALUE       VALUE  FROM      YEAR
                                                  NORMAL
..................................................................
TEMPERATURE (F)
 YESTERDAY
  MAXIMUM         51    245 PM  74    1989  40     11       50
  MINIMUM         35    411 AM -14    1918  19     16       31
  AVERAGE         43                        29     14       41

PRECIPITATION (IN)
  YESTERDAY        0.00          0.94 2015   0.03  -0.03     0.00
  MONTH TO DATE    0.42                      0.58  -0.16     1.75
  SINCE DEC 1      0.55                      1.43  -0.88     2.68
  SINCE JAN 1      0.42                      0.58  -0.16     1.75

SNOWFALL (IN)
  YESTERDAY        0.0           3.6  2014   0.2   -0.2      0.0
  MONTH TO DATE    3.6                       5.7   -2.1      1.0
  SINCE JAN 1      3.6                       5.7   -2.1      1.0
  SINCE JUL 1      5.4                      12.2   -6.8      3.2
  SNOW DEPTH       0

DEGREE DAYS
 HEATING
  YESTERDAY       22                        36    -14       24
  MONTH TO DATE 1119                      1130    -11     1042
  SINCE DEC 1   2155                      2212    -57     2146
  SINCE JUL 1   3092                      3304   -212     2843

 COOLING
  YESTERDAY        0                         0      0        0
  MONTH TO DATE    0                         0      0        0
  SINCE DEC 1      0                         0      0        0
  SINCE JAN 1      0                         0      0        0
..................................................................


WIND (MPH)
  HIGHEST WIND SPEED    25   HIGHEST WIND DIRECTION    SW (210)
  HIGHEST GUST SPEED    33   HIGHEST GUST DIRECTION    SW (210)
  AVERAGE WIND SPEED     8.6


SKY COVER
  AVERAGE SKY COVER 0.0


WEATHER CONDITIONS
 THE FOLLOWING WEATHER WAS RECORDED YESTERDAY.
  NO SIGNIFICANT WEATHER WAS OBSERVED.


RELATIVE HUMIDITY (PERCENT)
 HIGHEST    75           800 AM
 LOWEST     36          1200 AM
 AVERAGE    56

..........................................................


THE CONCORDIA KS CLIMATE NORMALS FOR TODAY
                         NORMAL    RECORD    YEAR
 MAXIMUM TEMPERATURE (F)   40        72      1992
 MINIMUM TEMPERATURE (F)   19       -15      1979
                                             1917


SUNRISE AND SUNSET
FEBRUARY  1 2018......SUNRISE   738 AM CST   SUNSET   551 PM CST
FEBRUARY  2 2018......SUNRISE   737 AM CST   SUNSET   552 PM CST


-  INDICATES NEGATIVE NUMBERS.
R  INDICATES RECORD WAS SET OR TIED.
MM INDICATES DATA IS MISSING.
T  INDICATES TRACE AMOUNT.




$$
