000
CDUS43 KTOP 280633
CLICNK


CLIMATE REPORT
NATIONAL WEATHER SERVICE TOPEKA KS
132 AM CDT SAT MAY 28 2016


...................................

...THE CONCORDIA KS CLIMATE SUMMARY FOR MAY 27 2016...

CLIMATE NORMAL PERIOD 1981 TO 2010
CLIMATE RECORD PERIOD 1885 TO 2016


WEATHER ITEM   OBSERVED TIME   RECORD YEAR NORMAL DEPARTURE LAST
                VALUE   (LST)  VALUE       VALUE  FROM      YEAR
                                                  NORMAL
..................................................................
TEMPERATURE (F)
 YESTERDAY
  MAXIMUM         78    322 PM  95    2006  78      0       81
  MINIMUM         54    541 AM  34    1907  56     -2       50
  AVERAGE         66                        67     -1       66

PRECIPITATION (IN)
  YESTERDAY        0.18          2.44 1953   0.15   0.03     0.00
  MONTH TO DATE    8.00                      3.59   4.41     3.45
  SINCE MAR 1     10.35                      8.05   2.30     5.79
  SINCE JAN 1     11.91                      9.42   2.49     7.31

SNOWFALL (IN)
  YESTERDAY        0.0           T    1908   0.0    0.0      0.0
  MONTH TO DATE    0.0                       0.0    0.0      0.0
  SINCE JAN 1     12.3                      13.7   -1.4      5.6
  SINCE JUL 1     13.6                      20.2   -6.6     11.7
  SNOW DEPTH       0

DEGREE DAYS
 HEATING
  YESTERDAY        0                         2     -2        0
  MONTH TO DATE  139                       123     16      127
  SINCE MAR 1    893                      1180   -287      963
  SINCE JUL 1   4364                      5387  -1023     5170

 COOLING
  YESTERDAY        1                         4     -3        1
  MONTH TO DATE   31                        54    -23       40
  SINCE MAR 1     42                        71    -29       48
  SINCE JAN 1     42                        71    -29       48
..................................................................


WIND (MPH)
  HIGHEST WIND SPEED    23   HIGHEST WIND DIRECTION     E (100)
  HIGHEST GUST SPEED    35   HIGHEST GUST DIRECTION     E (90)
  AVERAGE WIND SPEED     7.0


SKY COVER
  AVERAGE SKY COVER 0.4


WEATHER CONDITIONS
 THE FOLLOWING WEATHER WAS RECORDED YESTERDAY.
  THUNDERSTORM
  RAIN
  LIGHT RAIN
  FOG


RELATIVE HUMIDITY (PERCENT)
 HIGHEST    93           300 AM
 LOWEST     68           200 PM
 AVERAGE    81

..........................................................


THE CONCORDIA KS CLIMATE NORMALS FOR TODAY
                         NORMAL    RECORD    YEAR
 MAXIMUM TEMPERATURE (F)   78        96      1921
 MINIMUM TEMPERATURE (F)   56        37      1992
                                             1947


SUNRISE AND SUNSET
MAY 28 2016...........SUNRISE   607 AM CDT   SUNSET   849 PM CDT
MAY 29 2016...........SUNRISE   606 AM CDT   SUNSET   850 PM CDT


-  INDICATES NEGATIVE NUMBERS.
R  INDICATES RECORD WAS SET OR TIED.
MM INDICATES DATA IS MISSING.
T  INDICATES TRACE AMOUNT.




$$
