000
CDUS43 KTOP 290634
CLICNK


CLIMATE REPORT
NATIONAL WEATHER SERVICE TOPEKA KS
133 AM CDT MON SEP 29 2014


...................................

...THE CONCORDIA KS CLIMATE SUMMARY FOR SEPTEMBER 28 2014...

CLIMATE NORMAL PERIOD 1981 TO 2010
CLIMATE RECORD PERIOD 1885 TO 2014


WEATHER ITEM   OBSERVED TIME   RECORD YEAR NORMAL DEPARTURE LAST
                VALUE   (LST)  VALUE       VALUE  FROM      YEAR
                                                  NORMAL
..................................................................
TEMPERATURE (F)
 YESTERDAY
  MAXIMUM         83    336 PM 105    1953  75      8       74
  MINIMUM         56    633 AM  33    1942  51      5       49
  AVERAGE         70                        62      8       62

PRECIPITATION (IN)
  YESTERDAY        0.00          1.84 1986   0.09  -0.09     0.57
  MONTH TO DATE    2.48                      2.73  -0.25     1.13
  SINCE SEP 1      2.48                      2.73  -0.25     1.13
  SINCE JAN 1     23.14                     23.83  -0.69    24.70

SNOWFALL (IN)
  YESTERDAY        0.0           0.0    MM   0.0    0.0      0.0
  MONTH TO DATE    0.0                       0.0    0.0      0.0
  SINCE JAN 1     16.9                      13.7    3.2     20.3
  SINCE JUL 1      0.0                       0.0    0.0      0.0
  SNOW DEPTH       0

DEGREE DAYS
 HEATING
  YESTERDAY        0                         5     -5        3
  MONTH TO DATE   82                        60     22       12
  SINCE SEP 1     82                        60     22       12
  SINCE JUL 1     84                        63     21       19

 COOLING
  YESTERDAY        5                         2      3        0
  MONTH TO DATE  127                       155    -28      240
  SINCE SEP 1    127                       155    -28      240
  SINCE JAN 1   1336                      1321     15     1325
..................................................................


WIND (MPH)
  HIGHEST WIND SPEED    15   HIGHEST WIND DIRECTION     S (180)
  HIGHEST GUST SPEED    19   HIGHEST GUST DIRECTION     S (170)
  AVERAGE WIND SPEED     7.7


SKY COVER
  AVERAGE SKY COVER 0.3


WEATHER CONDITIONS
 THE FOLLOWING WEATHER WAS RECORDED YESTERDAY.
  FOG


RELATIVE HUMIDITY (PERCENT)
 HIGHEST    93           500 AM
 LOWEST     46           100 PM
 AVERAGE    70

..........................................................


THE CONCORDIA KS CLIMATE NORMALS FOR TODAY
                         NORMAL    RECORD    YEAR
 MAXIMUM TEMPERATURE (F)   74        96      1994
 MINIMUM TEMPERATURE (F)   50        29      1984


SUNRISE AND SUNSET
SEPTEMBER 29 2014.....SUNRISE   725 AM CDT   SUNSET   716 PM CDT
SEPTEMBER 30 2014.....SUNRISE   726 AM CDT   SUNSET   715 PM CDT


-  INDICATES NEGATIVE NUMBERS.
R  INDICATES RECORD WAS SET OR TIED.
MM INDICATES DATA IS MISSING.
T  INDICATES TRACE AMOUNT.




$$
