000
CDUS43 KTOP 140632
CLICNK


CLIMATE REPORT
NATIONAL WEATHER SERVICE TOPEKA KS
131 AM CDT MON APR 14 2014


...................................

...THE CONCORDIA KS CLIMATE SUMMARY FOR APRIL 13 2014...

CLIMATE NORMAL PERIOD 1981 TO 2010
CLIMATE RECORD PERIOD 1885 TO 2014


WEATHER ITEM   OBSERVED TIME   RECORD YEAR NORMAL DEPARTURE LAST
                VALUE   (LST)  VALUE       VALUE  FROM      YEAR
                                                  NORMAL
..................................................................
TEMPERATURE (F)
 YESTERDAY
  MAXIMUM         64   1202 AM  89    1936  64      0       67
  MINIMUM         33    918 PM  19    1950  40     -7       35
  AVERAGE         49                        52     -3       51

PRECIPITATION (IN)
  YESTERDAY        0.03          1.99 1987   0.08  -0.05     0.00
  MONTH TO DATE    0.56                      0.98  -0.42     0.63
  SINCE MAR 1      0.79                      2.99  -2.20     1.52
  SINCE JAN 1      1.98                      4.36  -2.38     3.00

SNOWFALL (IN)
  YESTERDAY        T             2.4  1983   0.0    0.0      0.0
  MONTH TO DATE    T                         0.4   -0.4       T
  SINCE JAN 1     16.9                      13.6    3.3     17.9
  SINCE JUL 1     23.2                      20.1    3.1     26.4
  SNOW DEPTH       0

DEGREE DAYS
 HEATING
  YESTERDAY       16                        13      3       14
  MONTH TO DATE  185                       194     -9      235
  SINCE MAR 1    981                       878    103     1052
  SINCE JUL 1   5463                      5085    378     5071

 COOLING
  YESTERDAY        0                         0      0        0
  MONTH TO DATE    8                         0      8        0
  SINCE MAR 1      8                         1      7        0
  SINCE JAN 1      8                         1      7        0
..................................................................


WIND (MPH)
  HIGHEST WIND SPEED    38   HIGHEST WIND DIRECTION     N (360)
  HIGHEST GUST SPEED    47   HIGHEST GUST DIRECTION     N (360)
  AVERAGE WIND SPEED    20.7


SKY COVER
  AVERAGE SKY COVER 0.9


WEATHER CONDITIONS
 THE FOLLOWING WEATHER WAS RECORDED YESTERDAY.
  LIGHT RAIN
  LIGHT SNOW
  FOG


RELATIVE HUMIDITY (PERCENT)
 HIGHEST   100          1100 AM
 LOWEST     64           200 AM
 AVERAGE    82

..........................................................


THE CONCORDIA KS CLIMATE NORMALS FOR TODAY
                         NORMAL    RECORD    YEAR
 MAXIMUM TEMPERATURE (F)   65        90      2002
 MINIMUM TEMPERATURE (F)   41        22      1928


SUNRISE AND SUNSET
APRIL 14 2014.........SUNRISE   655 AM CDT   SUNSET   808 PM CDT
APRIL 15 2014.........SUNRISE   653 AM CDT   SUNSET   809 PM CDT


-  INDICATES NEGATIVE NUMBERS.
R  INDICATES RECORD WAS SET OR TIED.
MM INDICATES DATA IS MISSING.
T  INDICATES TRACE AMOUNT.




$$
