000
CDUS43 KTOP 242133
CLICNK


CLIMATE REPORT
NATIONAL WEATHER SERVICE TOPEKA KS
432 PM CDT SAT JUN 24 2017


...................................

...THE CONCORDIA KS CLIMATE SUMMARY FOR JUNE 24 2017...
VALID TODAY AS OF 0400 PM LOCAL TIME.

CLIMATE NORMAL PERIOD 1981 TO 2010
CLIMATE RECORD PERIOD 1885 TO 2017


WEATHER ITEM   OBSERVED TIME   RECORD YEAR NORMAL DEPARTURE LAST
                VALUE   (LST)  VALUE       VALUE  FROM      YEAR
                                                  NORMAL
..................................................................
TEMPERATURE (F)
 TODAY
  MAXIMUM         82    250 PM 106    1937  88     -6       94
  MINIMUM         52    540 AM  51    1974  65    -13       67
  AVERAGE         67                        76     -9       81

PRECIPITATION (IN)
  TODAY            0.00          4.97 1904   0.14  -0.14     0.00
  MONTH TO DATE    0.68                      3.22  -2.54     0.06
  SINCE JUN 1      0.68                      3.22  -2.54     0.06
  SINCE JAN 1     19.06                     13.21   5.85    12.23

SNOWFALL (IN)
  TODAY            0.0           T    1907   0.0    0.0      0.0
  MONTH TO DATE    0.0                       0.0    0.0      0.0
  SINCE JAN 1      2.1                      13.7  -11.6     12.3
  SINCE JUL 1      4.3                      20.2  -15.9     13.6
  SNOW DEPTH       0

DEGREE DAYS
 HEATING
  TODAY            0                         0      0        0
  MONTH TO DATE    0                        11    -11        0
  SINCE JUN 1      0                        11    -11        0
  SINCE JUL 1   4564                      5406   -842     4364

 COOLING
  TODAY            2                        11     -9       16
  MONTH TO DATE  290                       193     97      335
  SINCE JUN 1    290                       193     97      335
  SINCE JAN 1    368                       282     86      395
..................................................................


WIND (MPH)
  HIGHEST WIND SPEED    14   HIGHEST WIND DIRECTION     N (20)
  HIGHEST GUST SPEED    18   HIGHEST GUST DIRECTION    SW (210)
  AVERAGE WIND SPEED     4.2



WEATHER CONDITIONS
 THE FOLLOWING WEATHER WAS RECORDED TODAY.
  NO SIGNIFICANT WEATHER WAS OBSERVED.


RELATIVE HUMIDITY (PERCENT)
 HIGHEST    89           300 AM
 LOWEST     21           100 PM
 AVERAGE    55

..........................................................


THE CONCORDIA KS CLIMATE NORMALS FOR TOMORROW
                         NORMAL    RECORD    YEAR
 MAXIMUM TEMPERATURE (F)   88       104      1988
                                             1937
 MINIMUM TEMPERATURE (F)   65        49      1958


SUNRISE AND SUNSET
JUNE 24 2017..........SUNRISE   604 AM CDT   SUNSET   902 PM CDT
JUNE 25 2017..........SUNRISE   605 AM CDT   SUNSET   902 PM CDT


-  INDICATES NEGATIVE NUMBERS.
R  INDICATES RECORD WAS SET OR TIED.
MM INDICATES DATA IS MISSING.
T  INDICATES TRACE AMOUNT.




$$
