627
CDUS43 KTOP 130634
CLICNK


CLIMATE REPORT
NATIONAL WEATHER SERVICE TOPEKA KS
134 AM CDT MON MAR 13 2017


...................................

...THE CONCORDIA KS CLIMATE SUMMARY FOR MARCH 12 2017...

CLIMATE NORMAL PERIOD 1981 TO 2010
CLIMATE RECORD PERIOD 1885 TO 2017


WEATHER ITEM   OBSERVED TIME   RECORD YEAR NORMAL DEPARTURE LAST
                VALUE   (LST)  VALUE       VALUE  FROM      YEAR
                                                  NORMAL
..................................................................
TEMPERATURE (F)
 YESTERDAY
  MAXIMUM         42    602 PM  83    1916  53    -11       57
  MINIMUM         26    245 AM  -4    1998  30     -4       39
  AVERAGE         34                        42     -8       48

PRECIPITATION (IN)
  YESTERDAY        0.00          1.39 1961   0.06  -0.06     0.07
  MONTH TO DATE    0.07                      0.60  -0.53     0.07
  SINCE MAR 1      0.07                      0.60  -0.53     0.07
  SINCE JAN 1      1.92                      1.97  -0.05     1.63

SNOWFALL (IN)
  YESTERDAY        0.0           2.0  1958   0.1   -0.1      0.0
  MONTH TO DATE    0.8                       0.9   -0.1      0.0
  SINCE JAN 1      2.1                      11.3   -9.2     12.3
  SINCE JUL 1      4.3                      17.8  -13.5     13.6
  SNOW DEPTH       0

DEGREE DAYS
 HEATING
  YESTERDAY       31                        23      8       17
  MONTH TO DATE  245                       304    -59      172
  SINCE MAR 1    245                       304    -59      172
  SINCE JUL 1   3746                      4511   -765     3643

 COOLING
  YESTERDAY        0                         0      0        0
  MONTH TO DATE    0                         0      0        3
  SINCE MAR 1      0                         0      0        3
  SINCE JAN 1      0                         0      0        3
..................................................................


WIND (MPH)
  HIGHEST WIND SPEED    14   HIGHEST WIND DIRECTION     S (190)
  HIGHEST GUST SPEED    17   HIGHEST GUST DIRECTION    SW (210)
  AVERAGE WIND SPEED    12.8


SKY COVER
  AVERAGE SKY COVER 0.7


WEATHER CONDITIONS
 THE FOLLOWING WEATHER WAS RECORDED YESTERDAY.
  FOG


RELATIVE HUMIDITY (PERCENT)
 HIGHEST   100           300 AM
 LOWEST     65           300 PM
 AVERAGE    83

..........................................................


THE CONCORDIA KS CLIMATE NORMALS FOR TODAY
                         NORMAL    RECORD    YEAR
 MAXIMUM TEMPERATURE (F)   54        82      2012
 MINIMUM TEMPERATURE (F)   31         3      1975


SUNRISE AND SUNSET
MARCH 13 2017.........SUNRISE   745 AM CDT   SUNSET   736 PM CDT
MARCH 14 2017.........SUNRISE   743 AM CDT   SUNSET   737 PM CDT


-  INDICATES NEGATIVE NUMBERS.
R  INDICATES RECORD WAS SET OR TIED.
MM INDICATES DATA IS MISSING.
T  INDICATES TRACE AMOUNT.




$$
