000
CDUS43 KTOP 290632
CLICNK


CLIMATE REPORT
NATIONAL WEATHER SERVICE TOPEKA KS
1232 AM CST THU DEC 29 2016


...................................

...THE CONCORDIA KS CLIMATE SUMMARY FOR DECEMBER 28 2016...

CLIMATE NORMAL PERIOD 1981 TO 2010
CLIMATE RECORD PERIOD 1885 TO 2016


WEATHER ITEM   OBSERVED TIME   RECORD YEAR NORMAL DEPARTURE LAST
                VALUE   (LST)  VALUE       VALUE  FROM      YEAR
                                                  NORMAL
..................................................................
TEMPERATURE (F)
 YESTERDAY
  MAXIMUM         51    324 PM  69    1889  38     13       23
  MINIMUM         25    501 AM -10    1887  19      6       18
  AVERAGE         38                        28     10       21

PRECIPITATION (IN)
  YESTERDAY        0.00          0.25 1979   0.02  -0.02      T
  MONTH TO DATE    0.93                      0.80   0.13     2.64
  SINCE DEC 1      0.93                      0.80   0.13     2.64
  SINCE JAN 1     30.02                     27.84   2.18    29.35

SNOWFALL (IN)
  YESTERDAY        0.0           2.1  1979   0.2   -0.2       T
  MONTH TO DATE    2.2                       3.4   -1.2       T
  SINCE JAN 1     14.5                      19.8   -5.3      6.9
  SINCE JUL 1      2.2                       6.1   -3.9      1.3
  SNOW DEPTH       0

DEGREE DAYS
 HEATING
  YESTERDAY       27                        37    -10       44
  MONTH TO DATE 1019                       974     45      759
  SINCE DEC 1   1019                       974     45      759
  SINCE JUL 1   1716                      2066   -350     1527

 COOLING
  YESTERDAY        0                         0      0        0
  MONTH TO DATE    0                         0      0        0
  SINCE DEC 1      0                         0      0        0
  SINCE JAN 1   1540                      1349    191     1375
..................................................................


WIND (MPH)
  HIGHEST WIND SPEED    16   HIGHEST WIND DIRECTION    NW (320)
  HIGHEST GUST SPEED    21   HIGHEST GUST DIRECTION    NW (330)
  AVERAGE WIND SPEED     7.5


SKY COVER
  AVERAGE SKY COVER 0.1


WEATHER CONDITIONS
 THE FOLLOWING WEATHER WAS RECORDED YESTERDAY.
  NO SIGNIFICANT WEATHER WAS OBSERVED.


RELATIVE HUMIDITY (PERCENT)
 HIGHEST    92           500 AM
 LOWEST     30           200 PM
 AVERAGE    61

..........................................................


THE CONCORDIA KS CLIMATE NORMALS FOR TODAY
                         NORMAL    RECORD    YEAR
 MAXIMUM TEMPERATURE (F)   38        66      1999
 MINIMUM TEMPERATURE (F)   19        -9      1917


SUNRISE AND SUNSET
DECEMBER 29 2016......SUNRISE   751 AM CST   SUNSET   515 PM CST
DECEMBER 30 2016......SUNRISE   751 AM CST   SUNSET   516 PM CST


-  INDICATES NEGATIVE NUMBERS.
R  INDICATES RECORD WAS SET OR TIED.
MM INDICATES DATA IS MISSING.
T  INDICATES TRACE AMOUNT.




$$
