000
CDUS43 KTOP 130633
CLICNK


CLIMATE REPORT
NATIONAL WEATHER SERVICE TOPEKA KS
1232 AM CST SUN NOV 13 2016


...................................

...THE CONCORDIA KS CLIMATE SUMMARY FOR NOVEMBER 12 2016...

CLIMATE NORMAL PERIOD 1981 TO 2010
CLIMATE RECORD PERIOD 1885 TO 2016


WEATHER ITEM   OBSERVED TIME   RECORD YEAR NORMAL DEPARTURE LAST
                VALUE   (LST)  VALUE       VALUE  FROM      YEAR
                                                  NORMAL
..................................................................
TEMPERATURE (F)
 YESTERDAY
  MAXIMUM         55    311 PM  79    1894  54      1       60
  MINIMUM         25    600 AM   4    1911  33     -8       34
  AVERAGE         40                        44     -4       47

PRECIPITATION (IN)
  YESTERDAY        0.00          1.47 2010   0.04  -0.04     0.00
  MONTH TO DATE    0.35                      0.52  -0.17     0.01
  SINCE SEP 1      3.35                      5.35  -2.00     2.59
  SINCE JAN 1     28.87                     26.45   2.42    24.55

SNOWFALL (IN)
  YESTERDAY        0.0           3.0  2000   0.0    0.0      0.0
  MONTH TO DATE    0.0                       0.5   -0.5      0.0
  SINCE JAN 1     12.3                      14.4   -2.1      5.6
  SINCE JUL 1      0.0                       0.7   -0.7      0.0
  SNOW DEPTH       0

DEGREE DAYS
 HEATING
  YESTERDAY       25                        21      4       18
  MONTH TO DATE  125                       222    -97      125
  SINCE SEP 1    337                       610   -273      355
  SINCE JUL 1    338                       613   -275      357

 COOLING
  YESTERDAY        0                         0      0        0
  MONTH TO DATE    0                         0      0        1
  SINCE SEP 1    258                       182     76      336
  SINCE JAN 1   1540                      1348    192     1375
..................................................................


WIND (MPH)
  HIGHEST WIND SPEED    18   HIGHEST WIND DIRECTION     S (200)
  HIGHEST GUST SPEED    21   HIGHEST GUST DIRECTION     S (200)
  AVERAGE WIND SPEED     7.1


SKY COVER
  AVERAGE SKY COVER 0.0


WEATHER CONDITIONS
 THE FOLLOWING WEATHER WAS RECORDED YESTERDAY.
  NO SIGNIFICANT WEATHER WAS OBSERVED.


RELATIVE HUMIDITY (PERCENT)
 HIGHEST   100           800 AM
 LOWEST     46           400 PM
 AVERAGE    73

..........................................................


THE CONCORDIA KS CLIMATE NORMALS FOR TODAY
                         NORMAL    RECORD    YEAR
 MAXIMUM TEMPERATURE (F)   54        83      1999
 MINIMUM TEMPERATURE (F)   32         2      1986


SUNRISE AND SUNSET
NOVEMBER 13 2016......SUNRISE   713 AM CST   SUNSET   516 PM CST
NOVEMBER 14 2016......SUNRISE   714 AM CST   SUNSET   516 PM CST


-  INDICATES NEGATIVE NUMBERS.
R  INDICATES RECORD WAS SET OR TIED.
MM INDICATES DATA IS MISSING.
T  INDICATES TRACE AMOUNT.




$$
