000
CDUS43 KTOP 170632
CLICNK


CLIMATE REPORT
NATIONAL WEATHER SERVICE TOPEKA KS
131 AM CDT FRI JUL 17 2015


...................................

...THE CONCORDIA KS CLIMATE SUMMARY FOR JULY 16 2015...

CLIMATE NORMAL PERIOD 1981 TO 2010
CLIMATE RECORD PERIOD 1885 TO 2015


WEATHER ITEM   OBSERVED TIME   RECORD YEAR NORMAL DEPARTURE LAST
                VALUE   (LST)  VALUE       VALUE  FROM      YEAR
                                                  NORMAL
..................................................................
TEMPERATURE (F)
 YESTERDAY
  MAXIMUM         93    419 PM 109    1913  91      2       77
  MINIMUM         70    507 AM  55    2014  68      2       55
  AVERAGE         82                        79      3       66

PRECIPITATION (IN)
  YESTERDAY        0.12          1.91 1946   0.13  -0.01     0.00
  MONTH TO DATE    1.97                      2.22  -0.25     0.91
  SINCE JUN 1      8.08                      6.27   1.81     7.61
  SINCE JAN 1     16.16                     16.26  -0.10    13.44

SNOWFALL (IN)
  YESTERDAY        0.0           0.0    MM   0.0    0.0      0.0
  MONTH TO DATE    0.0                       0.0    0.0      0.0
  SINCE JAN 1      5.6                      13.7   -8.1     16.9
  SINCE JUL 1      0.0                       0.0    0.0      0.0
  SNOW DEPTH       0

DEGREE DAYS
 HEATING
  YESTERDAY        0                         0      0        0
  MONTH TO DATE    0                         0      0        2
  SINCE JUN 1      2                        13    -11        3
  SINCE JUL 1      0                         0      0        2

 COOLING
  YESTERDAY       17                        14      3        1
  MONTH TO DATE  193                       220    -27      174
  SINCE JUN 1    502                       485     17      461
  SINCE JAN 1    557                       574    -17      636
..................................................................


WIND (MPH)
  HIGHEST WIND SPEED    18   HIGHEST WIND DIRECTION    NW (320)
  HIGHEST GUST SPEED    24   HIGHEST GUST DIRECTION    NW (310)
  AVERAGE WIND SPEED     7.8


SKY COVER
  AVERAGE SKY COVER 0.1


WEATHER CONDITIONS
 THE FOLLOWING WEATHER WAS RECORDED YESTERDAY.
  THUNDERSTORM
  LIGHT RAIN
  FOG


RELATIVE HUMIDITY (PERCENT)
 HIGHEST   100           500 AM
 LOWEST     38           500 PM
 AVERAGE    69

..........................................................


THE CONCORDIA KS CLIMATE NORMALS FOR TODAY
                         NORMAL    RECORD    YEAR
 MAXIMUM TEMPERATURE (F)   91       111      1936
 MINIMUM TEMPERATURE (F)   68        54      1900


SUNRISE AND SUNSET
JULY 17 2015..........SUNRISE   617 AM CDT   SUNSET   856 PM CDT
JULY 18 2015..........SUNRISE   618 AM CDT   SUNSET   855 PM CDT


-  INDICATES NEGATIVE NUMBERS.
R  INDICATES RECORD WAS SET OR TIED.
MM INDICATES DATA IS MISSING.
T  INDICATES TRACE AMOUNT.




$$
