000
CDUS43 KTOP 152133
CLICNK


CLIMATE REPORT
NATIONAL WEATHER SERVICE TOPEKA KS
432 PM CDT MON AUG 15 2016


...................................

...THE CONCORDIA KS CLIMATE SUMMARY FOR AUGUST 15 2016...
VALID TODAY AS OF 430 PM LOCAL TIME.

CLIMATE NORMAL PERIOD 1981 TO 2010
CLIMATE RECORD PERIOD 1885 TO 2016


WEATHER ITEM   OBSERVED TIME   RECORD YEAR NORMAL DEPARTURE LAST
                VALUE   (LST)  VALUE       VALUE  FROM      YEAR
                                                  NORMAL
..................................................................
TEMPERATURE (F)
 TODAY
  MAXIMUM         86    253 PM 107    1983  89     -3       87
                                      1936
  MINIMUM         64    626 AM  50    1992  66     -2       67
  AVERAGE         75                        78     -3       77

PRECIPITATION (IN)
  TODAY            0.00          1.32 1903   0.10  -0.10     0.00
  MONTH TO DATE    1.82                      1.60   0.22     3.72
  SINCE JUN 1      9.16                      9.57  -0.41    13.40
  SINCE JAN 1     21.33                     19.56   1.77    21.48

SNOWFALL (IN)
  TODAY           MM             T    1973   0.0   MM        0.0
  MONTH TO DATE    0.0                       0.0    0.0      0.0
  SINCE JAN 1     12.3                      13.7   -1.4      5.6
  SINCE JUL 1      0.0                       0.0    0.0      0.0
  SNOW DEPTH      MM

DEGREE DAYS
 HEATING
  TODAY            0                         0      0        0
  MONTH TO DATE    0                         0      0        0
  SINCE JUN 1      1                        13    -12        2
  SINCE JUL 1      1                         0      1        0

 COOLING
  TODAY           10                        13     -3       12
  MONTH TO DATE  202                       200      2      176
  SINCE JUN 1   1069                       901    168      881
  SINCE JAN 1   1129                       990    139      936
..................................................................


WIND (MPH)
  HIGHEST WIND SPEED    17   HIGHEST WIND DIRECTION     S (170)
  HIGHEST GUST SPEED    21   HIGHEST GUST DIRECTION     S (180)
  AVERAGE WIND SPEED     5.8



WEATHER CONDITIONS
 THE FOLLOWING WEATHER WAS RECORDED TODAY.
  NO SIGNIFICANT WEATHER WAS OBSERVED.


RELATIVE HUMIDITY (PERCENT)
 HIGHEST    93           500 AM
 LOWEST     40           100 PM
 AVERAGE    67

..........................................................


THE CONCORDIA KS CLIMATE NORMALS FOR TOMORROW
                         NORMAL    RECORD    YEAR
 MAXIMUM TEMPERATURE (F)   89       108      1983
                                             1956
 MINIMUM TEMPERATURE (F)   66        51      1897


SUNRISE AND SUNSET
AUGUST 15 2016........SUNRISE   644 AM CDT   SUNSET   826 PM CDT
AUGUST 16 2016........SUNRISE   644 AM CDT   SUNSET   824 PM CDT


-  INDICATES NEGATIVE NUMBERS.
R  INDICATES RECORD WAS SET OR TIED.
MM INDICATES DATA IS MISSING.
T  INDICATES TRACE AMOUNT.




$$
