000
CDUS43 KTOP 312133
CLICNK


CLIMATE REPORT
NATIONAL WEATHER SERVICE TOPEKA KS
432 PM CDT MON MAR 31 2014


...................................

...THE CONCORDIA KS CLIMATE SUMMARY FOR MARCH 31 2014...
VALID TODAY AS OF 0400 PM LOCAL TIME.

CLIMATE NORMAL PERIOD 1981 TO 2010
CLIMATE RECORD PERIOD 1885 TO 2014


WEATHER ITEM   OBSERVED TIME   RECORD YEAR NORMAL DEPARTURE LAST
                VALUE   (LST)  VALUE       VALUE  FROM      YEAR
                                                  NORMAL
..................................................................
TEMPERATURE (F)
 TODAY
  MAXIMUM         68   1005 AM  92    1946  60      8       64
  MINIMUM         57    258 PM  10    1886  36     21       40
  AVERAGE         63                        48     15       52

PRECIPITATION (IN)
  TODAY            0.00          1.33 1927   0.09  -0.09      T
  MONTH TO DATE    0.23                      2.01  -1.78     0.89
  SINCE MAR 1      0.23                      2.01  -1.78     0.89
  SINCE JAN 1      1.42                      3.38  -1.96     2.37

SNOWFALL (IN)
  TODAY            0.0           3.0  1970   0.1   -0.1      0.0
  MONTH TO DATE    2.2                       2.8   -0.6      4.3
  SINCE JAN 1     16.9                      13.2    3.7     17.9
  SINCE JUL 1     23.2                      19.7    3.5     26.4
  SNOW DEPTH       0

DEGREE DAYS
 HEATING
  TODAY            2                        17    -15       13
  MONTH TO DATE  783                       684     99      817
  SINCE MAR 1    783                       684     99      817
  SINCE JUL 1   5265                      4891    374     4836

 COOLING
  TODAY            0                         0      0        0
  MONTH TO DATE    0                         1     -1        0
  SINCE MAR 1      0                         1     -1        0
  SINCE JAN 1      0                         1     -1        0
..................................................................


WIND (MPH)
  HIGHEST WIND SPEED    40   HIGHEST WIND DIRECTION     S (180)
  HIGHEST GUST SPEED    53   HIGHEST GUST DIRECTION     S (180)
  AVERAGE WIND SPEED    28.3



WEATHER CONDITIONS
 THE FOLLOWING WEATHER WAS RECORDED TODAY.
  HAZE


RELATIVE HUMIDITY (PERCENT)
 HIGHEST    46           600 AM
 LOWEST     22           900 AM
 AVERAGE    34

..........................................................


THE CONCORDIA KS CLIMATE NORMALS FOR TOMORROW
                         NORMAL    RECORD    YEAR
 MAXIMUM TEMPERATURE (F)   61        90      1940
 MINIMUM TEMPERATURE (F)   36        19      1972
                                             1936


SUNRISE AND SUNSET
MARCH 31 2014.........SUNRISE   716 AM CDT   SUNSET   754 PM CDT
APRIL  1 2014.........SUNRISE   715 AM CDT   SUNSET   755 PM CDT


-  INDICATES NEGATIVE NUMBERS.
R  INDICATES RECORD WAS SET OR TIED.
MM INDICATES DATA IS MISSING.
T  INDICATES TRACE AMOUNT.




$$
