000
CDUS43 KTOP 170638
CLICNK


CLIMATE REPORT
NATIONAL WEATHER SERVICE TOPEKA KS
137 AM CDT TUE MAR 17 2015


...................................

...THE CONCORDIA KS CLIMATE SUMMARY FOR MARCH 16 2015...

CLIMATE NORMAL PERIOD 1981 TO 2010
CLIMATE RECORD PERIOD 1885 TO 2015


WEATHER ITEM   OBSERVED TIME   RECORD YEAR NORMAL DEPARTURE LAST
                VALUE   (LST)  VALUE       VALUE  FROM      YEAR
                                                  NORMAL
..................................................................
TEMPERATURE (F)
 YESTERDAY
  MAXIMUM         89R   352 PM  80    2012  55     34       45
                                      1894
  MINIMUM         48    658 AM   7    1900  32     16       26
  AVERAGE         69                        43     26       36

PRECIPITATION (IN)
  YESTERDAY        0.00          1.65 1924   0.07  -0.07      T
  MONTH TO DATE    0.00                      0.86  -0.86     0.09
  SINCE MAR 1      0.00                      0.86  -0.86     0.09
  SINCE JAN 1      1.52                      2.23  -0.71     1.28

SNOWFALL (IN)
  YESTERDAY        0.0           2.2  1988   0.1   -0.1       T
  MONTH TO DATE    0.0                       1.2   -1.2      0.6
  SINCE JAN 1      5.6                      11.6   -6.0     15.3
  SINCE JUL 1     11.7                      18.1   -6.4     21.6
  SNOW DEPTH       0

DEGREE DAYS
 HEATING
  YESTERDAY        0                        22    -22       29
  MONTH TO DATE  300                       394    -94      469
  SINCE MAR 1    300                       394    -94      469
  SINCE JUL 1   4507                      4601    -94     4951

 COOLING
  YESTERDAY        4                         0      4        0
  MONTH TO DATE    4                         0      4        0
  SINCE MAR 1      4                         0      4        0
  SINCE JAN 1      4                         0      4        0
..................................................................


WIND (MPH)
  HIGHEST WIND SPEED    33   HIGHEST WIND DIRECTION    NE (30)
  HIGHEST GUST SPEED    43   HIGHEST GUST DIRECTION    NE (30)
  AVERAGE WIND SPEED    18.5


SKY COVER
  AVERAGE SKY COVER 0.0


WEATHER CONDITIONS
 THE FOLLOWING WEATHER WAS RECORDED YESTERDAY.
  HAZE


RELATIVE HUMIDITY (PERCENT)
 HIGHEST    61           600 AM
 LOWEST      8           300 PM
 AVERAGE    35

..........................................................


THE CONCORDIA KS CLIMATE NORMALS FOR TODAY
                         NORMAL    RECORD    YEAR
 MAXIMUM TEMPERATURE (F)   55        86      1894
 MINIMUM TEMPERATURE (F)   32         0      1906


SUNRISE AND SUNSET
MARCH 17 2015.........SUNRISE   739 AM CDT   SUNSET   739 PM CDT
MARCH 18 2015.........SUNRISE   738 AM CDT   SUNSET   740 PM CDT


-  INDICATES NEGATIVE NUMBERS.
R  INDICATES RECORD WAS SET OR TIED.
MM INDICATES DATA IS MISSING.
T  INDICATES TRACE AMOUNT.




$$
