000
CDUS43 KTOP 280633
CLICNK


CLIMATE REPORT
NATIONAL WEATHER SERVICE TOPEKA KS
131 AM CDT SUN JUN 28 2015


...................................

...THE CONCORDIA KS CLIMATE SUMMARY FOR JUNE 27 2015...

CLIMATE NORMAL PERIOD 1981 TO 2010
CLIMATE RECORD PERIOD 1885 TO 2015


WEATHER ITEM   OBSERVED TIME   RECORD YEAR NORMAL DEPARTURE LAST
                VALUE   (LST)  VALUE       VALUE  FROM      YEAR
                                                  NORMAL
..................................................................
TEMPERATURE (F)
 YESTERDAY
  MAXIMUM         87    410 PM 107    2012  89     -2       85
  MINIMUM         61    544 AM  47    1968  65     -4       70
  AVERAGE         74                        77     -3       78

PRECIPITATION (IN)
  YESTERDAY        0.00          3.45 1949   0.14  -0.14     0.07
  MONTH TO DATE    6.11                      3.64   2.47     6.45
  SINCE JUN 1      6.11                      3.64   2.47     6.45
  SINCE JAN 1     14.19                     13.63   0.56    12.28

SNOWFALL (IN)
  YESTERDAY        0.0           T    1953   0.0    0.0      0.0
  MONTH TO DATE    0.0                       0.0    0.0      0.0
  SINCE JAN 1      5.6                      13.7   -8.1     16.9
  SINCE JUL 1     11.7                      20.2   -8.5     23.2
  SNOW DEPTH       0

DEGREE DAYS
 HEATING
  YESTERDAY        0                         0      0        0
  MONTH TO DATE    2                        11     -9        1
  SINCE JUN 1      2                        11     -9        1
  SINCE JUL 1   5182                      5406   -224     5759

 COOLING
  YESTERDAY        9                        12     -3       13
  MONTH TO DATE  269                       229     40      250
  SINCE JUN 1    269                       229     40      250
  SINCE JAN 1    324                       318      6      425
..................................................................


WIND (MPH)
  HIGHEST WIND SPEED    16   HIGHEST WIND DIRECTION     S (190)
  HIGHEST GUST SPEED    21   HIGHEST GUST DIRECTION     S (190)
  AVERAGE WIND SPEED     4.7


SKY COVER
  AVERAGE SKY COVER 0.0


WEATHER CONDITIONS
 THE FOLLOWING WEATHER WAS RECORDED YESTERDAY.
  NO SIGNIFICANT WEATHER WAS OBSERVED.


RELATIVE HUMIDITY (PERCENT)
 HIGHEST    97           500 AM
 LOWEST     35           500 PM
 AVERAGE    66

..........................................................


THE CONCORDIA KS CLIMATE NORMALS FOR TODAY
                         NORMAL    RECORD    YEAR
 MAXIMUM TEMPERATURE (F)   89       104      2012
                                             1990
 MINIMUM TEMPERATURE (F)   66        52      1985


SUNRISE AND SUNSET
JUNE 28 2015..........SUNRISE   606 AM CDT   SUNSET   902 PM CDT
JUNE 29 2015..........SUNRISE   606 AM CDT   SUNSET   902 PM CDT


-  INDICATES NEGATIVE NUMBERS.
R  INDICATES RECORD WAS SET OR TIED.
MM INDICATES DATA IS MISSING.
T  INDICATES TRACE AMOUNT.




$$
