000
CDUS43 KTOP 080637
CLICNK


CLIMATE REPORT
NATIONAL WEATHER SERVICE TOPEKA KS
1237 AM CST MON FEB 8 2016


...................................

...THE CONCORDIA KS CLIMATE SUMMARY FOR FEBRUARY 7 2016...

CLIMATE NORMAL PERIOD 1981 TO 2010
CLIMATE RECORD PERIOD 1885 TO 2016


WEATHER ITEM   OBSERVED TIME   RECORD YEAR NORMAL DEPARTURE LAST
                VALUE   (LST)  VALUE       VALUE  FROM      YEAR
                                                  NORMAL
..................................................................
TEMPERATURE (F)
 YESTERDAY
  MAXIMUM         48    304 PM  73    2015  41      7       73
  MINIMUM         33    412 AM -17    1895  20     13       35
  AVERAGE         41                        30     11       54

PRECIPITATION (IN)
  YESTERDAY        0.00          0.26 1980   0.03  -0.03     0.00
  MONTH TO DATE    0.49                      0.18   0.31     0.17
  SINCE DEC 1      4.18                      1.61   2.57     2.08
  SINCE JAN 1      1.54                      0.76   0.78     1.34

SNOWFALL (IN)
  YESTERDAY        0.0           8.2  1980   0.2   -0.2      0.0
  MONTH TO DATE    4.7                       1.5    3.2      0.9
  SINCE JAN 1     12.3                       7.2    5.1      3.2
  SINCE JUL 1     13.6                      13.7   -0.1      9.3
  SNOW DEPTH       0

DEGREE DAYS
 HEATING
  YESTERDAY       24                        34    -10       11
  MONTH TO DATE  229                       244    -15      242
  SINCE DEC 1   2193                      2456   -263     2244
  SINCE JUL 1   2961                      3548   -587     3407

 COOLING
  YESTERDAY        0                         0      0        0
  MONTH TO DATE    0                         0      0        0
  SINCE DEC 1      0                         0      0        0
  SINCE JAN 1      0                         0      0        0
..................................................................


WIND (MPH)
  HIGHEST WIND SPEED    32   HIGHEST WIND DIRECTION     W (290)
  HIGHEST GUST SPEED    40   HIGHEST GUST DIRECTION     W (290)
  AVERAGE WIND SPEED    14.5


SKY COVER
  AVERAGE SKY COVER 0.1


WEATHER CONDITIONS
 THE FOLLOWING WEATHER WAS RECORDED YESTERDAY.
  NO SIGNIFICANT WEATHER WAS OBSERVED.


RELATIVE HUMIDITY (PERCENT)
 HIGHEST    75           400 AM
 LOWEST     38           300 PM
 AVERAGE    57

..........................................................


THE CONCORDIA KS CLIMATE NORMALS FOR TODAY
                         NORMAL    RECORD    YEAR
 MAXIMUM TEMPERATURE (F)   41        74      1999
 MINIMUM TEMPERATURE (F)   20       -17      1933


SUNRISE AND SUNSET
FEBRUARY  8 2016......SUNRISE   732 AM CST   SUNSET   558 PM CST
FEBRUARY  9 2016......SUNRISE   730 AM CST   SUNSET   600 PM CST


-  INDICATES NEGATIVE NUMBERS.
R  INDICATES RECORD WAS SET OR TIED.
MM INDICATES DATA IS MISSING.
T  INDICATES TRACE AMOUNT.




$$
