000
CDUS43 KTOP 210635
CLICNK


CLIMATE REPORT
NATIONAL WEATHER SERVICE TOPEKA KS
1235 AM CST TUE FEB 21 2017


...................................

...THE CONCORDIA KS CLIMATE SUMMARY FOR FEBRUARY 20 2017...

CLIMATE NORMAL PERIOD 1981 TO 2010
CLIMATE RECORD PERIOD 1885 TO 2017


WEATHER ITEM   OBSERVED TIME   RECORD YEAR NORMAL DEPARTURE LAST
                VALUE   (LST)  VALUE       VALUE  FROM      YEAR
                                                  NORMAL
..................................................................
TEMPERATURE (F)
 YESTERDAY
  MAXIMUM         68    439 PM  73    1981  45     23       71
  MINIMUM         41   1045 PM  -5    1918  24     17       34
  AVERAGE         55                        34     21       53

PRECIPITATION (IN)
  YESTERDAY        T             0.53 1997   0.03  -0.03     0.00
  MONTH TO DATE    0.02                      0.53  -0.51     0.51
  SINCE DEC 1      2.70                      1.96   0.74     4.20
  SINCE JAN 1      1.77                      1.11   0.66     1.56

SNOWFALL (IN)
  YESTERDAY        0.0           5.2  1960   0.1   -0.1      0.0
  MONTH TO DATE    T                         3.9   -3.9      4.7
  SINCE JAN 1      1.0                       9.6   -8.6     12.3
  SINCE JUL 1      3.2                      16.1  -12.9     13.6
  SNOW DEPTH       0

DEGREE DAYS
 HEATING
  YESTERDAY       10                        31    -21       12
  MONTH TO DATE  482                       668   -186      551
  SINCE DEC 1   2628                      2880   -252     2515
  SINCE JUL 1   3325                      3972   -647     3283

 COOLING
  YESTERDAY        0                         0      0        0
  MONTH TO DATE    0                         0      0        0
  SINCE DEC 1      0                         0      0        0
  SINCE JAN 1      0                         0      0        0
..................................................................


WIND (MPH)
  HIGHEST WIND SPEED    25   HIGHEST WIND DIRECTION     S (170)
  HIGHEST GUST SPEED    32   HIGHEST GUST DIRECTION     S (170)
  AVERAGE WIND SPEED    12.0


SKY COVER
  AVERAGE SKY COVER 0.5


WEATHER CONDITIONS
 THE FOLLOWING WEATHER WAS RECORDED YESTERDAY.
  LIGHT RAIN
  FOG


RELATIVE HUMIDITY (PERCENT)
 HIGHEST   100           400 AM
 LOWEST     39           300 PM
 AVERAGE    70

..........................................................


THE CONCORDIA KS CLIMATE NORMALS FOR TODAY
                         NORMAL    RECORD    YEAR
 MAXIMUM TEMPERATURE (F)   45        74      1977
 MINIMUM TEMPERATURE (F)   24        -3      1918


SUNRISE AND SUNSET
FEBRUARY 21 2017......SUNRISE   714 AM CST   SUNSET   614 PM CST
FEBRUARY 22 2017......SUNRISE   713 AM CST   SUNSET   615 PM CST


-  INDICATES NEGATIVE NUMBERS.
R  INDICATES RECORD WAS SET OR TIED.
MM INDICATES DATA IS MISSING.
T  INDICATES TRACE AMOUNT.




$$
