000
CDUS43 KTOP 150632
CLICNK


CLIMATE REPORT
NATIONAL WEATHER SERVICE TOPEKA KS
1231 AM CST THU FEB 15 2018


...................................

...THE CONCORDIA KS CLIMATE SUMMARY FOR FEBRUARY 14 2018...

CLIMATE NORMAL PERIOD 1981 TO 2010
CLIMATE RECORD PERIOD 1885 TO 2018


WEATHER ITEM   OBSERVED TIME   RECORD YEAR NORMAL DEPARTURE LAST
                VALUE   (LST)  VALUE       VALUE  FROM      YEAR
                                                  NORMAL
..................................................................
TEMPERATURE (F)
 YESTERDAY
  MAXIMUM         58   1159 PM  77    1954  43     15       55
  MINIMUM         34    550 AM -12    1936  22     12       27
  AVERAGE         46                        32     14       41

PRECIPITATION (IN)
  YESTERDAY        0.00          0.61 1969   0.03  -0.03     0.00
  MONTH TO DATE    0.27                      0.37  -0.10     0.02
  SINCE DEC 1      0.82                      1.80  -0.98     2.70
  SINCE JAN 1      0.69                      0.95  -0.26     1.77

SNOWFALL (IN)
  YESTERDAY        0.0           5.9  1969   0.2   -0.2      0.0
  MONTH TO DATE    4.5                       3.0    1.5       T
  SINCE JAN 1      8.1                       8.7   -0.6      1.0
  SINCE JUL 1      9.9                      15.2   -5.3      3.2
  SNOW DEPTH       T

DEGREE DAYS
 HEATING
  YESTERDAY       19                        33    -14       24
  MONTH TO DATE  578                       479     99      409
  SINCE DEC 1   2733                      2691     42     2555
  SINCE JUL 1   3670                      3783   -113     3252

 COOLING
  YESTERDAY        0                         0      0        0
  MONTH TO DATE    0                         0      0        0
  SINCE DEC 1      0                         0      0        0
  SINCE JAN 1      0                         0      0        0
..................................................................


WIND (MPH)
  HIGHEST WIND SPEED    20   HIGHEST WIND DIRECTION     S (190)
  HIGHEST GUST SPEED    25   HIGHEST GUST DIRECTION     S (190)
  AVERAGE WIND SPEED     9.4


SKY COVER
  AVERAGE SKY COVER 0.0


WEATHER CONDITIONS
 THE FOLLOWING WEATHER WAS RECORDED YESTERDAY.
  FOG


RELATIVE HUMIDITY (PERCENT)
 HIGHEST   100           700 AM
 LOWEST     43           300 PM
 AVERAGE    72

..........................................................


THE CONCORDIA KS CLIMATE NORMALS FOR TODAY
                         NORMAL    RECORD    YEAR
 MAXIMUM TEMPERATURE (F)   43        75      1921
 MINIMUM TEMPERATURE (F)   22        -6      1936
                                             1905


SUNRISE AND SUNSET
FEBRUARY 15 2018......SUNRISE   723 AM CST   SUNSET   607 PM CST
FEBRUARY 16 2018......SUNRISE   721 AM CST   SUNSET   608 PM CST


-  INDICATES NEGATIVE NUMBERS.
R  INDICATES RECORD WAS SET OR TIED.
MM INDICATES DATA IS MISSING.
T  INDICATES TRACE AMOUNT.




$$
