000
CDUS43 KTOP 270634
CLICNK


CLIMATE REPORT
NATIONAL WEATHER SERVICE TOPEKA KS
1234 AM CST THU NOV 27 2014


...................................

...THE CONCORDIA KS CLIMATE SUMMARY FOR NOVEMBER 26 2014...

CLIMATE NORMAL PERIOD 1981 TO 2010
CLIMATE RECORD PERIOD 1885 TO 2014


WEATHER ITEM   OBSERVED TIME   RECORD YEAR NORMAL DEPARTURE LAST
                VALUE   (LST)  VALUE       VALUE  FROM      YEAR
                                                  NORMAL
..................................................................
TEMPERATURE (F)
 YESTERDAY
  MAXIMUM         44    227 AM  71    1909  46     -2       37
  MINIMUM         21   1159 PM   0    1975  26     -5       16
  AVERAGE         33                        36     -3       27

PRECIPITATION (IN)
  YESTERDAY        0.00          1.36 1896   0.04  -0.04     0.00
  MONTH TO DATE    0.11                      0.98  -0.87     1.15
  SINCE SEP 1      5.80                      5.81  -0.01     3.08
  SINCE JAN 1     26.46                     26.91  -0.45    26.65

SNOWFALL (IN)
  YESTERDAY        0.0           1.5  1976   0.1   -0.1      0.0
  MONTH TO DATE    1.1                       2.0   -0.9       T
  SINCE JAN 1     18.0                      15.9    2.1     20.3
  SINCE JUL 1      1.1                       2.2   -1.1       T
  SNOW DEPTH       0

DEGREE DAYS
 HEATING
  YESTERDAY       32                        29      3       38
  MONTH TO DATE  729                       579    150      584
  SINCE SEP 1   1058                       967     91      921
  SINCE JUL 1   1060                       970     90      928

 COOLING
  YESTERDAY        0                         0      0        0
  MONTH TO DATE    0                         0      0        0
  SINCE SEP 1    159                       182    -23      274
  SINCE JAN 1   1368                      1348     20     1359
..................................................................


WIND (MPH)
  HIGHEST WIND SPEED    31   HIGHEST WIND DIRECTION    NW (330)
  HIGHEST GUST SPEED    41   HIGHEST GUST DIRECTION    NW (330)
  AVERAGE WIND SPEED    14.7


SKY COVER
  AVERAGE SKY COVER 0.5


WEATHER CONDITIONS
 THE FOLLOWING WEATHER WAS RECORDED YESTERDAY.
  NO SIGNIFICANT WEATHER WAS OBSERVED.


RELATIVE HUMIDITY (PERCENT)
 HIGHEST    81          1100 PM
 LOWEST     53          1200 AM
 AVERAGE    67

..........................................................


THE CONCORDIA KS CLIMATE NORMALS FOR TODAY
                         NORMAL    RECORD    YEAR
 MAXIMUM TEMPERATURE (F)   46        69      1933
 MINIMUM TEMPERATURE (F)   26       -15      1887


SUNRISE AND SUNSET
NOVEMBER 27 2014......SUNRISE   728 AM CST   SUNSET   508 PM CST
NOVEMBER 28 2014......SUNRISE   729 AM CST   SUNSET   508 PM CST


-  INDICATES NEGATIVE NUMBERS.
R  INDICATES RECORD WAS SET OR TIED.
MM INDICATES DATA IS MISSING.
T  INDICATES TRACE AMOUNT.




$$
