000
CDUS43 KTOP 180633
CLICNK


CLIMATE REPORT
NATIONAL WEATHER SERVICE TOPEKA KS
1233 AM CST SUN FEB 18 2018


...................................

...THE CONCORDIA KS CLIMATE SUMMARY FOR FEBRUARY 17 2018...

CLIMATE NORMAL PERIOD 1981 TO 2010
CLIMATE RECORD PERIOD 1885 TO 2018


WEATHER ITEM   OBSERVED TIME   RECORD YEAR NORMAL DEPARTURE LAST
                VALUE   (LST)  VALUE       VALUE  FROM      YEAR
                                                  NORMAL
..................................................................
TEMPERATURE (F)
 YESTERDAY
  MAXIMUM         55    404 PM  79    1970  44     11       71
  MINIMUM         23   1212 AM -11    1903  23      0       40
  AVERAGE         39                        33      6       56

PRECIPITATION (IN)
  YESTERDAY        0.00          1.06 1911   0.02  -0.02     0.00
  MONTH TO DATE    0.27                      0.44  -0.17     0.02
  SINCE DEC 1      0.82                      1.87  -1.05     2.70
  SINCE JAN 1      0.69                      1.02  -0.33     1.77

SNOWFALL (IN)
  YESTERDAY        0.0           3.0  1975   0.2   -0.2      0.0
  MONTH TO DATE    4.5                       3.5    1.0       T
  SINCE JAN 1      8.1                       9.2   -1.1      1.0
  SINCE JUL 1      9.9                      15.7   -5.8      3.2
  SNOW DEPTH       0

DEGREE DAYS
 HEATING
  YESTERDAY       26                        32     -6        9
  MONTH TO DATE  664                       575     89      449
  SINCE DEC 1   2819                      2787     32     2595
  SINCE JUL 1   3756                      3879   -123     3292

 COOLING
  YESTERDAY        0                         0      0        0
  MONTH TO DATE    0                         0      0        0
  SINCE DEC 1      0                         0      0        0
  SINCE JAN 1      0                         0      0        0
..................................................................


WIND (MPH)
  HIGHEST WIND SPEED    21   HIGHEST WIND DIRECTION    NW (330)
  HIGHEST GUST SPEED    26   HIGHEST GUST DIRECTION    NW (330)
  AVERAGE WIND SPEED    10.1


SKY COVER
  AVERAGE SKY COVER 0.1


WEATHER CONDITIONS
 THE FOLLOWING WEATHER WAS RECORDED YESTERDAY.
  NO SIGNIFICANT WEATHER WAS OBSERVED.


RELATIVE HUMIDITY (PERCENT)
 HIGHEST    68           500 AM
 LOWEST     19           400 PM
 AVERAGE    44

..........................................................


THE CONCORDIA KS CLIMATE NORMALS FOR TODAY
                         NORMAL    RECORD    YEAR
 MAXIMUM TEMPERATURE (F)   44        79      2016
 MINIMUM TEMPERATURE (F)   23       -10      1978


SUNRISE AND SUNSET
FEBRUARY 18 2018......SUNRISE   719 AM CST   SUNSET   611 PM CST
FEBRUARY 19 2018......SUNRISE   717 AM CST   SUNSET   612 PM CST


-  INDICATES NEGATIVE NUMBERS.
R  INDICATES RECORD WAS SET OR TIED.
MM INDICATES DATA IS MISSING.
T  INDICATES TRACE AMOUNT.




$$
