000
CDUS43 KTOP 040635
CLICNK


CLIMATE REPORT
NATIONAL WEATHER SERVICE TOPEKA KS
1234 AM CST WED MAR 4 2015


...................................

...THE CONCORDIA KS CLIMATE SUMMARY FOR MARCH 3 2015...

CLIMATE NORMAL PERIOD 1981 TO 2010
CLIMATE RECORD PERIOD 1885 TO 2015


WEATHER ITEM   OBSERVED TIME   RECORD YEAR NORMAL DEPARTURE LAST
                VALUE   (LST)  VALUE       VALUE  FROM      YEAR
                                                  NORMAL
..................................................................
TEMPERATURE (F)
 YESTERDAY
  MAXIMUM         43   1233 PM  79    1946  49     -6       22
  MINIMUM         22   1159 PM  -6    2014  27     -5       -6
                                      1960
  AVERAGE         33                        38     -5        8

PRECIPITATION (IN)
  YESTERDAY        0.00          0.82 1923   0.04  -0.04     0.00
  MONTH TO DATE    0.00                      0.12  -0.12     0.02
  SINCE MAR 1      0.00                      0.12  -0.12     0.02
  SINCE JAN 1      1.52                      1.49   0.03     1.21

SNOWFALL (IN)
  YESTERDAY        0.0           5.1  1953   0.1   -0.1      0.0
  MONTH TO DATE    0.0                       0.2   -0.2      0.6
  SINCE JAN 1      5.6                      10.6   -5.0     15.3
  SINCE JUL 1     11.7                      17.1   -5.4     21.6
  SNOW DEPTH       0

DEGREE DAYS
 HEATING
  YESTERDAY       32                        27      5       57
  MONTH TO DATE  100                        81     19      173
  SINCE MAR 1    100                        81     19      173
  SINCE JUL 1   4307                      4288     19     4655

 COOLING
  YESTERDAY        0                         0      0        0
  MONTH TO DATE    0                         0      0        0
  SINCE MAR 1      0                         0      0        0
  SINCE JAN 1      0                         0      0        0
..................................................................


WIND (MPH)
  HIGHEST WIND SPEED    25   HIGHEST WIND DIRECTION     N (350)
  HIGHEST GUST SPEED    32   HIGHEST GUST DIRECTION     N (340)
  AVERAGE WIND SPEED    14.7


SKY COVER
  AVERAGE SKY COVER 0.3


WEATHER CONDITIONS
 THE FOLLOWING WEATHER WAS RECORDED YESTERDAY.
  FOG
  HAZE


RELATIVE HUMIDITY (PERCENT)
 HIGHEST    92           800 AM
 LOWEST     42           900 PM
 AVERAGE    67

..........................................................


THE CONCORDIA KS CLIMATE NORMALS FOR TODAY
                         NORMAL    RECORD    YEAR
 MAXIMUM TEMPERATURE (F)   50        83      1921
 MINIMUM TEMPERATURE (F)   28        -7      1978


SUNRISE AND SUNSET
MARCH  4 2015.........SUNRISE   659 AM CST   SUNSET   626 PM CST
MARCH  5 2015.........SUNRISE   658 AM CST   SUNSET   627 PM CST


-  INDICATES NEGATIVE NUMBERS.
R  INDICATES RECORD WAS SET OR TIED.
MM INDICATES DATA IS MISSING.
T  INDICATES TRACE AMOUNT.




$$
