235
CDUS43 KTOP 240648
CLICNK


CLIMATE REPORT
NATIONAL WEATHER SERVICE TOPEKA KS
1248 AM CST FRI FEB 24 2017


...................................

...THE CONCORDIA KS CLIMATE SUMMARY FOR FEBRUARY 23 2017...

CLIMATE NORMAL PERIOD 1981 TO 2010
CLIMATE RECORD PERIOD 1885 TO 2017


WEATHER ITEM   OBSERVED TIME   RECORD YEAR NORMAL DEPARTURE LAST
                VALUE   (LST)  VALUE       VALUE  FROM      YEAR
                                                  NORMAL
..................................................................
TEMPERATURE (F)
 YESTERDAY
  MAXIMUM         51    143 PM  80    1918  46      5       51
  MINIMUM         33   1159 PM  -7    1889  25      8       31
  AVERAGE         42                        35      7       41

PRECIPITATION (IN)
  YESTERDAY        0.07          0.56 2000   0.03   0.04     0.00
  MONTH TO DATE    0.09                      0.63  -0.54     0.51
  SINCE DEC 1      2.77                      2.06   0.71     4.20
  SINCE JAN 1      1.84                      1.21   0.63     1.56

SNOWFALL (IN)
  YESTERDAY        0.0           7.1  1960   0.1   -0.1      0.0
  MONTH TO DATE    T                         4.3   -4.3      4.7
  SINCE JAN 1      1.0                      10.0   -9.0     12.3
  SINCE JUL 1      3.2                      16.5  -13.3     13.6
  SNOW DEPTH       0

DEGREE DAYS
 HEATING
  YESTERDAY       23                        30     -7       24
  MONTH TO DATE  516                       758   -242      623
  SINCE DEC 1   2662                      2970   -308     2587
  SINCE JUL 1   3359                      4062   -703     3355

 COOLING
  YESTERDAY        0                         0      0        0
  MONTH TO DATE    0                         0      0        0
  SINCE DEC 1      0                         0      0        0
  SINCE JAN 1      0                         0      0        0
..................................................................


WIND (MPH)
  HIGHEST WIND SPEED    25   HIGHEST WIND DIRECTION     E (80)
  HIGHEST GUST SPEED    33   HIGHEST GUST DIRECTION    NE (60)
  AVERAGE WIND SPEED    16.3


SKY COVER
  AVERAGE SKY COVER 0.5


WEATHER CONDITIONS
 THE FOLLOWING WEATHER WAS RECORDED YESTERDAY.
  THUNDERSTORM
  LIGHT RAIN


RELATIVE HUMIDITY (PERCENT)
 HIGHEST    92           700 PM
 LOWEST     50          1200 AM
 AVERAGE    71

..........................................................


THE CONCORDIA KS CLIMATE NORMALS FOR TODAY
                         NORMAL    RECORD    YEAR
 MAXIMUM TEMPERATURE (F)   46        77      1981
 MINIMUM TEMPERATURE (F)   25        -9      1965


SUNRISE AND SUNSET
FEBRUARY 24 2017......SUNRISE   710 AM CST   SUNSET   618 PM CST
FEBRUARY 25 2017......SUNRISE   709 AM CST   SUNSET   619 PM CST


-  INDICATES NEGATIVE NUMBERS.
R  INDICATES RECORD WAS SET OR TIED.
MM INDICATES DATA IS MISSING.
T  INDICATES TRACE AMOUNT.




$$
