000
CDUS43 KTOP 210653
CLICNK


CLIMATE REPORT
NATIONAL WEATHER SERVICE TOPEKA KS
1252 AM CST SAT JAN 21 2017


...................................

...THE CONCORDIA KS CLIMATE SUMMARY FOR JANUARY 20 2017...

CLIMATE NORMAL PERIOD 1981 TO 2010
CLIMATE RECORD PERIOD 1885 TO 2017


WEATHER ITEM   OBSERVED TIME   RECORD YEAR NORMAL DEPARTURE LAST
                VALUE   (LST)  VALUE       VALUE  FROM      YEAR
                                                  NORMAL
..................................................................
TEMPERATURE (F)
 YESTERDAY
  MAXIMUM         46    345 PM  70    1986  39      7       36
  MINIMUM         39    920 AM -17    1985  19     20       24
  AVERAGE         43                        29     14       30

PRECIPITATION (IN)
  YESTERDAY        0.12          0.50 1993   0.02   0.10     0.42
  MONTH TO DATE    1.75                      0.32   1.43     0.84
  SINCE DEC 1      2.68                      1.17   1.51     3.48
  SINCE JAN 1      1.75                      0.32   1.43     0.84

SNOWFALL (IN)
  YESTERDAY        0.0           6.1  1993   0.2   -0.2      5.8
  MONTH TO DATE    1.0                       3.5   -2.5      5.8
  SINCE JAN 1      1.0                       3.5   -2.5      5.8
  SINCE JUL 1      3.2                      10.0   -6.8      7.1
  SNOW DEPTH       0

DEGREE DAYS
 HEATING
  YESTERDAY       22                        36    -14       35
  MONTH TO DATE  748                       734     14      741
  SINCE DEC 1   1852                      1819     33     1616
  SINCE JUL 1   2549                      2911   -362     2384

 COOLING
  YESTERDAY        0                         0      0        0
  MONTH TO DATE    0                         0      0        0
  SINCE DEC 1      0                         0      0        0
  SINCE JAN 1      0                         0      0        0
..................................................................


WIND (MPH)
  HIGHEST WIND SPEED     9   HIGHEST WIND DIRECTION     N (340)
  HIGHEST GUST SPEED    11   HIGHEST GUST DIRECTION     E (110)
  AVERAGE WIND SPEED     3.8


SKY COVER
  AVERAGE SKY COVER 1.0


WEATHER CONDITIONS
 THE FOLLOWING WEATHER WAS RECORDED YESTERDAY.
  RAIN
  LIGHT RAIN
  FOG
  FOG W/VISIBILITY <= 1/4 MILE


RELATIVE HUMIDITY (PERCENT)
 HIGHEST   100          1200 AM
 LOWEST    100          1200 AM
 AVERAGE   100

..........................................................


THE CONCORDIA KS CLIMATE NORMALS FOR TODAY
                         NORMAL    RECORD    YEAR
 MAXIMUM TEMPERATURE (F)   39        63      1964
 MINIMUM TEMPERATURE (F)   19       -17      1888


SUNRISE AND SUNSET
JANUARY 21 2017.......SUNRISE   746 AM CST   SUNSET   538 PM CST
JANUARY 22 2017.......SUNRISE   746 AM CST   SUNSET   539 PM CST


-  INDICATES NEGATIVE NUMBERS.
R  INDICATES RECORD WAS SET OR TIED.
MM INDICATES DATA IS MISSING.
T  INDICATES TRACE AMOUNT.




$$
