000
CDUS43 KTOP 260632
CLICNK


CLIMATE REPORT
NATIONAL WEATHER SERVICE TOPEKA KS
131 AM CDT TUE APR 26 2016


...................................

...THE CONCORDIA KS CLIMATE SUMMARY FOR APRIL 25 2016...

CLIMATE NORMAL PERIOD 1981 TO 2010
CLIMATE RECORD PERIOD 1885 TO 2016


WEATHER ITEM   OBSERVED TIME   RECORD YEAR NORMAL DEPARTURE LAST
                VALUE   (LST)  VALUE       VALUE  FROM      YEAR
                                                  NORMAL
..................................................................
TEMPERATURE (F)
 YESTERDAY
  MAXIMUM         77    506 PM  94    2012  68      9       60
  MINIMUM         48    605 AM  32    2002  45      3       48
                                      1972
                                      1910
  AVERAGE         63                        56      7       54

PRECIPITATION (IN)
  YESTERDAY        0.00          0.98 1915   0.08  -0.08     0.13
  MONTH TO DATE    1.18                      1.96  -0.78     2.23
  SINCE MAR 1      1.63                      3.97  -2.34     2.34
  SINCE JAN 1      3.19                      5.34  -2.15     3.86

SNOWFALL (IN)
  YESTERDAY        0.0           T    1919   0.0    0.0      0.0
  MONTH TO DATE    0.0                       0.5   -0.5      0.0
  SINCE JAN 1     12.3                      13.7   -1.4      5.6
  SINCE JUL 1     13.6                      20.2   -6.6     11.7
  SNOW DEPTH       0

DEGREE DAYS
 HEATING
  YESTERDAY        2                        10     -8       11
  MONTH TO DATE  202                       330   -128      240
  SINCE MAR 1    690                      1014   -324      787
  SINCE JUL 1   4161                      5221  -1060     4994

 COOLING
  YESTERDAY        0                         1     -1        0
  MONTH TO DATE    4                        10     -6        4
  SINCE MAR 1      7                        11     -4        8
  SINCE JAN 1      7                        11     -4        8
..................................................................


WIND (MPH)
  HIGHEST WIND SPEED    16   HIGHEST WIND DIRECTION    NW (330)
  HIGHEST GUST SPEED    21   HIGHEST GUST DIRECTION     N (340)
  AVERAGE WIND SPEED     6.0


SKY COVER
  AVERAGE SKY COVER 0.1


WEATHER CONDITIONS
 THE FOLLOWING WEATHER WAS RECORDED YESTERDAY.
  NO SIGNIFICANT WEATHER WAS OBSERVED.


RELATIVE HUMIDITY (PERCENT)
 HIGHEST    84          1100 PM
 LOWEST     36           500 PM
 AVERAGE    60

..........................................................


THE CONCORDIA KS CLIMATE NORMALS FOR TODAY
                         NORMAL    RECORD    YEAR
 MAXIMUM TEMPERATURE (F)   68        98      1989
 MINIMUM TEMPERATURE (F)   45        25      1907


SUNRISE AND SUNSET
APRIL 26 2016.........SUNRISE   637 AM CDT   SUNSET   820 PM CDT
APRIL 27 2016.........SUNRISE   636 AM CDT   SUNSET   821 PM CDT


-  INDICATES NEGATIVE NUMBERS.
R  INDICATES RECORD WAS SET OR TIED.
MM INDICATES DATA IS MISSING.
T  INDICATES TRACE AMOUNT.




$$
