000
CDUS43 KTOP 200633
CLICNK


CLIMATE REPORT
NATIONAL WEATHER SERVICE TOPEKA KS
133 AM CDT SAT AUG 20 2016


...................................

...THE CONCORDIA KS CLIMATE SUMMARY FOR AUGUST 19 2016...

CLIMATE NORMAL PERIOD 1981 TO 2010
CLIMATE RECORD PERIOD 1885 TO 2016


WEATHER ITEM   OBSERVED TIME   RECORD YEAR NORMAL DEPARTURE LAST
                VALUE   (LST)  VALUE       VALUE  FROM      YEAR
                                                  NORMAL
..................................................................
TEMPERATURE (F)
 YESTERDAY
  MAXIMUM         89    111 PM 107    1936  89      0       75
  MINIMUM         65   1153 PM  48    1950  65      0       52
  AVERAGE         77                        77      0       64

PRECIPITATION (IN)
  YESTERDAY        0.60          2.40 1986   0.10   0.50     0.00
  MONTH TO DATE    2.45                      2.00   0.45     3.76
  SINCE JUN 1      9.79                      9.97  -0.18    13.44
  SINCE JAN 1     21.96                     19.96   2.00    21.52

SNOWFALL (IN)
  YESTERDAY        0.0           T    1951   0.0    0.0      0.0
  MONTH TO DATE    0.0                       0.0    0.0      0.0
  SINCE JAN 1     12.3                      13.7   -1.4      5.6
  SINCE JUL 1      0.0                       0.0    0.0      0.0
  SNOW DEPTH       0

DEGREE DAYS
 HEATING
  YESTERDAY        0                         0      0        1
  MONTH TO DATE    0                         0      0        1
  SINCE JUN 1      1                        13    -12        3
  SINCE JUL 1      1                         0      1        1

 COOLING
  YESTERDAY       12                        12      0        0
  MONTH TO DATE  258                       248     10      206
  SINCE JUN 1   1125                       949    176      911
  SINCE JAN 1   1185                      1038    147      966
..................................................................


WIND (MPH)
  HIGHEST WIND SPEED    38   HIGHEST WIND DIRECTION    NW (320)
  HIGHEST GUST SPEED    50   HIGHEST GUST DIRECTION    NW (320)
  AVERAGE WIND SPEED     9.2


SKY COVER
  AVERAGE SKY COVER 0.2


WEATHER CONDITIONS
 THE FOLLOWING WEATHER WAS RECORDED YESTERDAY.
  THUNDERSTORM
  HEAVY RAIN
  RAIN
  LIGHT RAIN
  FOG


RELATIVE HUMIDITY (PERCENT)
 HIGHEST    93          1000 PM
 LOWEST     55           100 PM
 AVERAGE    74

..........................................................


THE CONCORDIA KS CLIMATE NORMALS FOR TODAY
                         NORMAL    RECORD    YEAR
 MAXIMUM TEMPERATURE (F)   88       103      1900
                                             1898
 MINIMUM TEMPERATURE (F)   65        48      1950


SUNRISE AND SUNSET
AUGUST 20 2016........SUNRISE   648 AM CDT   SUNSET   819 PM CDT
AUGUST 21 2016........SUNRISE   649 AM CDT   SUNSET   817 PM CDT


-  INDICATES NEGATIVE NUMBERS.
R  INDICATES RECORD WAS SET OR TIED.
MM INDICATES DATA IS MISSING.
T  INDICATES TRACE AMOUNT.




$$
