000
CDUS43 KTOP 192138
CLICNK


CLIMATE REPORT
NATIONAL WEATHER SERVICE TOPEKA KS
437 PM CDT SUN MAR 19 2017


...................................

...THE CONCORDIA KS CLIMATE SUMMARY FOR MARCH 19 2017...
VALID TODAY AS OF 0400 PM LOCAL TIME.

CLIMATE NORMAL PERIOD 1981 TO 2010
CLIMATE RECORD PERIOD 1885 TO 2017


WEATHER ITEM   OBSERVED TIME   RECORD YEAR NORMAL DEPARTURE LAST
                VALUE   (LST)  VALUE       VALUE  FROM      YEAR
                                                  NORMAL
..................................................................
TEMPERATURE (F)
 TODAY
  MAXIMUM         88R   259 PM  81    1921  56     32       41
  MINIMUM         48    448 AM   0    1923  32     16       23
  AVERAGE         68                        44     24       32

PRECIPITATION (IN)
  TODAY            0.00          1.61 1982   0.08  -0.08     0.00
  MONTH TO DATE    0.07                      1.08  -1.01     0.12
  SINCE MAR 1      0.07                      1.08  -1.01     0.12
  SINCE JAN 1      1.92                      2.45  -0.53     1.68

SNOWFALL (IN)
  TODAY            0.0           2.2  2010   0.1   -0.1      0.0
  MONTH TO DATE    0.8                       1.5   -0.7      0.0
  SINCE JAN 1      2.1                      11.9   -9.8     12.3
  SINCE JUL 1      4.3                      18.4  -14.1     13.6
  SNOW DEPTH       0

DEGREE DAYS
 HEATING
  TODAY            0                        21    -21       33
  MONTH TO DATE  378                       458    -80      294
  SINCE MAR 1    378                       458    -80      294
  SINCE JUL 1   3879                      4665   -786     3765

 COOLING
  TODAY            3                         0      3        0
  MONTH TO DATE    3                         0      3        3
  SINCE MAR 1      3                         0      3        3
  SINCE JAN 1      3                         0      3        3
..................................................................


WIND (MPH)
  HIGHEST WIND SPEED    24   HIGHEST WIND DIRECTION     S (200)
  HIGHEST GUST SPEED    31   HIGHEST GUST DIRECTION     S (190)
  AVERAGE WIND SPEED    13.2



WEATHER CONDITIONS
 THE FOLLOWING WEATHER WAS RECORDED TODAY.
  NO SIGNIFICANT WEATHER WAS OBSERVED.


RELATIVE HUMIDITY (PERCENT)
 HIGHEST    67           900 AM
 LOWEST     28           300 PM
 AVERAGE    48

..........................................................


THE CONCORDIA KS CLIMATE NORMALS FOR TOMORROW
                         NORMAL    RECORD    YEAR
 MAXIMUM TEMPERATURE (F)   56        83      2011
                                             1934
                                             1916
 MINIMUM TEMPERATURE (F)   33         6      1906


SUNRISE AND SUNSET
MARCH 19 2017.........SUNRISE   735 AM CDT   SUNSET   742 PM CDT
MARCH 20 2017.........SUNRISE   734 AM CDT   SUNSET   743 PM CDT


-  INDICATES NEGATIVE NUMBERS.
R  INDICATES RECORD WAS SET OR TIED.
MM INDICATES DATA IS MISSING.
T  INDICATES TRACE AMOUNT.




$$
