759
CDUS43 KTOP 260634
CLICNK


CLIMATE REPORT
NATIONAL WEATHER SERVICE TOPEKA KS
133 AM CDT WED APR 26 2017


...................................

...THE CONCORDIA KS CLIMATE SUMMARY FOR APRIL 25 2017...

CLIMATE NORMAL PERIOD 1981 TO 2010
CLIMATE RECORD PERIOD 1885 TO 2017


WEATHER ITEM   OBSERVED TIME   RECORD YEAR NORMAL DEPARTURE LAST
                VALUE   (LST)  VALUE       VALUE  FROM      YEAR
                                                  NORMAL
..................................................................
TEMPERATURE (F)
 YESTERDAY
  MAXIMUM         63   1223 AM  94    2012  68     -5       77
  MINIMUM         41   1159 PM  32    2002  45     -4       48
                                      1972
                                      1910
  AVERAGE         52                        56     -4       63

PRECIPITATION (IN)
  YESTERDAY        T             0.98 1915   0.08  -0.08     0.00
  MONTH TO DATE    2.95                      1.96   0.99     1.18
  SINCE MAR 1      6.14                      3.97   2.17     1.63
  SINCE JAN 1      7.99                      5.34   2.65     3.19

SNOWFALL (IN)
  YESTERDAY       MM             T    1919   0.0   MM        0.0
  MONTH TO DATE    0.0                       0.5   -0.5      0.0
  SINCE JAN 1      2.1                      13.7  -11.6     12.3
  SINCE JUL 1      4.3                      20.2  -15.9     13.6
  SNOW DEPTH      MM

DEGREE DAYS
 HEATING
  YESTERDAY       13                        10      3        2
  MONTH TO DATE  237                       330    -93      202
  SINCE MAR 1    806                      1014   -208      690
  SINCE JUL 1   4307                      5221   -914     4161

 COOLING
  YESTERDAY        0                         1     -1        0
  MONTH TO DATE   15                        10      5        4
  SINCE MAR 1     19                        11      8        7
  SINCE JAN 1     19                        11      8        7
..................................................................


WIND (MPH)
  HIGHEST WIND SPEED    22   HIGHEST WIND DIRECTION     N (360)
  HIGHEST GUST SPEED    30   HIGHEST GUST DIRECTION     N (10)
  AVERAGE WIND SPEED    13.3


SKY COVER
  AVERAGE SKY COVER 0.8


WEATHER CONDITIONS
 THE FOLLOWING WEATHER WAS RECORDED YESTERDAY.
  NO SIGNIFICANT WEATHER WAS OBSERVED.


RELATIVE HUMIDITY (PERCENT)
 HIGHEST    93           600 AM
 LOWEST     71          1200 PM
 AVERAGE    82

..........................................................


THE CONCORDIA KS CLIMATE NORMALS FOR TODAY
                         NORMAL    RECORD    YEAR
 MAXIMUM TEMPERATURE (F)   68        98      1989
 MINIMUM TEMPERATURE (F)   45        25      1907


SUNRISE AND SUNSET
APRIL 26 2017.........SUNRISE   638 AM CDT   SUNSET   820 PM CDT
APRIL 27 2017.........SUNRISE   636 AM CDT   SUNSET   821 PM CDT


-  INDICATES NEGATIVE NUMBERS.
R  INDICATES RECORD WAS SET OR TIED.
MM INDICATES DATA IS MISSING.
T  INDICATES TRACE AMOUNT.




$$
