102
CDUS43 KTOP 232235
CLICNK


CLIMATE REPORT
NATIONAL WEATHER SERVICE TOPEKA KS
434 PM CST THU NOV 23 2017


...................................

...THE CONCORDIA KS CLIMATE SUMMARY FOR NOVEMBER 23 2017...
VALID TODAY AS OF 430 PM LOCAL TIME.

CLIMATE NORMAL PERIOD 1981 TO 2010
CLIMATE RECORD PERIOD 1885 TO 2017


WEATHER ITEM   OBSERVED TIME   RECORD YEAR NORMAL DEPARTURE LAST
                VALUE   (LST)  VALUE       VALUE  FROM      YEAR
                                                  NORMAL
..................................................................
TEMPERATURE (F)
 TODAY
  MAXIMUM         71R   301 PM  71    1914  48     23       44
  MINIMUM         35    618 AM  -5    1898  27      8       29
  AVERAGE         53                        38     15       37

PRECIPITATION (IN)
  TODAY            0.00          1.39 1905   0.03  -0.03     0.00
  MONTH TO DATE    0.14                      0.88  -0.74     0.47
  SINCE SEP 1      8.89                      5.71   3.18     3.47
  SINCE JAN 1     36.34                     26.81   9.53    28.99

SNOWFALL (IN)
  TODAY            0.0           1.1  2007   0.1   -0.1      0.0
  MONTH TO DATE    0.0                       1.6   -1.6      0.0
  SINCE JAN 1      2.1                      15.5  -13.4     12.3
  SINCE JUL 1      T                         1.8   -1.8      0.0
  SNOW DEPTH       0

DEGREE DAYS
 HEATING
  TODAY           12                        27    -15       28
  MONTH TO DATE  511                       494     17      326
  SINCE SEP 1    837                       882    -45      538
  SINCE JUL 1    837                       885    -48      539

 COOLING
  TODAY            0                         0      0        0
  MONTH TO DATE    0                         0      0        0
  SINCE SEP 1    232                       182     50      258
  SINCE JAN 1   1370                      1348     22     1540
..................................................................


WIND (MPH)
  HIGHEST WIND SPEED    18   HIGHEST WIND DIRECTION    SW (230)
  HIGHEST GUST SPEED    24   HIGHEST GUST DIRECTION    SW (230)
  AVERAGE WIND SPEED     7.4



WEATHER CONDITIONS
 THE FOLLOWING WEATHER WAS RECORDED TODAY.
  NO SIGNIFICANT WEATHER WAS OBSERVED.


RELATIVE HUMIDITY (PERCENT)
 HIGHEST    75           700 AM
 LOWEST     31           200 PM
 AVERAGE    53

..........................................................


THE CONCORDIA KS CLIMATE NORMALS FOR TOMORROW
                         NORMAL    RECORD    YEAR
 MAXIMUM TEMPERATURE (F)   47        73      2011
                                             1990
 MINIMUM TEMPERATURE (F)   27         5      1898


SUNRISE AND SUNSET
NOVEMBER 23 2017......SUNRISE   724 AM CST   SUNSET   510 PM CST
NOVEMBER 24 2017......SUNRISE   725 AM CST   SUNSET   509 PM CST


-  INDICATES NEGATIVE NUMBERS.
R  INDICATES RECORD WAS SET OR TIED.
MM INDICATES DATA IS MISSING.
T  INDICATES TRACE AMOUNT.




$$
