000
CDUS43 KTOP 210637
CLICNK


CLIMATE REPORT
NATIONAL WEATHER SERVICE TOPEKA KS
1235 AM CST WED FEB 21 2018


...................................

...THE CONCORDIA KS CLIMATE SUMMARY FOR FEBRUARY 20 2018...

CLIMATE NORMAL PERIOD 1981 TO 2010
CLIMATE RECORD PERIOD 1885 TO 2018


WEATHER ITEM   OBSERVED TIME   RECORD YEAR NORMAL DEPARTURE LAST
                VALUE   (LST)  VALUE       VALUE  FROM      YEAR
                                                  NORMAL
..................................................................
TEMPERATURE (F)
 YESTERDAY
  MAXIMUM         26    407 PM  73    1981  45    -19       68
  MINIMUM         13   1159 PM  -5    1918  24    -11       41
  AVERAGE         20                        34    -14       55

PRECIPITATION (IN)
  YESTERDAY        T             0.53 1997   0.03  -0.03     T
  MONTH TO DATE    0.30                      0.53  -0.23     0.02
  SINCE DEC 1      0.85                      1.96  -1.11     2.70
  SINCE JAN 1      0.72                      1.11  -0.39     1.77

SNOWFALL (IN)
  YESTERDAY        T             5.2  1960   0.1   -0.1      0.0
  MONTH TO DATE    4.5                       3.9    0.6      T
  SINCE JAN 1      8.1                       9.6   -1.5      1.0
  SINCE JUL 1      9.9                      16.1   -6.2      3.2
  SNOW DEPTH       T

DEGREE DAYS
 HEATING
  YESTERDAY       45                        31     14       10
  MONTH TO DATE  753                       668     85      482
  SINCE DEC 1   2908                      2880     28     2628
  SINCE JUL 1   3845                      3972   -127     3325

 COOLING
  YESTERDAY        0                         0      0        0
  MONTH TO DATE    0                         0      0        0
  SINCE DEC 1      0                         0      0        0
  SINCE JAN 1      0                         0      0        0
..................................................................


WIND (MPH)
  HIGHEST WIND SPEED    24   HIGHEST WIND DIRECTION    NW (330)
  HIGHEST GUST SPEED    30   HIGHEST GUST DIRECTION    NW (330)
  AVERAGE WIND SPEED    15.0


SKY COVER
  AVERAGE SKY COVER 0.6


WEATHER CONDITIONS
 THE FOLLOWING WEATHER WAS RECORDED YESTERDAY.
  LT FREEZING RAIN
  SLEET
  FOG


RELATIVE HUMIDITY (PERCENT)
 HIGHEST    92           500 AM
 LOWEST     55           400 PM
 AVERAGE    74

..........................................................


THE CONCORDIA KS CLIMATE NORMALS FOR TODAY
                         NORMAL    RECORD    YEAR
 MAXIMUM TEMPERATURE (F)   45        75      2017
 MINIMUM TEMPERATURE (F)   24        -3      1918


SUNRISE AND SUNSET
FEBRUARY 21 2018......SUNRISE   715 AM CST   SUNSET   614 PM CST
FEBRUARY 22 2018......SUNRISE   713 AM CST   SUNSET   615 PM CST


-  INDICATES NEGATIVE NUMBERS.
R  INDICATES RECORD WAS SET OR TIED.
MM INDICATES DATA IS MISSING.
T  INDICATES TRACE AMOUNT.




$$
