000
CDUS43 KTOP 050635
CLICNK


CLIMATE REPORT
NATIONAL WEATHER SERVICE TOPEKA KS
1234 AM CST THU MAR 5 2015


...................................

...THE CONCORDIA KS CLIMATE SUMMARY FOR MARCH 4 2015...

CLIMATE NORMAL PERIOD 1981 TO 2010
CLIMATE RECORD PERIOD 1885 TO 2015


WEATHER ITEM   OBSERVED TIME   RECORD YEAR NORMAL DEPARTURE LAST
                VALUE   (LST)  VALUE       VALUE  FROM      YEAR
                                                  NORMAL
..................................................................
TEMPERATURE (F)
 YESTERDAY
  MAXIMUM         33    333 PM  83    1921  50    -17       44
  MINIMUM         16   1159 PM  -7    1978  28    -12       12
  AVERAGE         25                        39    -14       28

PRECIPITATION (IN)
  YESTERDAY        0.00          1.26 2004   0.05  -0.05     0.00
  MONTH TO DATE    0.00                      0.17  -0.17     0.02
  SINCE MAR 1      0.00                      0.17  -0.17     0.02
  SINCE JAN 1      1.52                      1.54  -0.02     1.21

SNOWFALL (IN)
  YESTERDAY        0.0           3.9  1958   0.1   -0.1      0.0
  MONTH TO DATE    0.0                       0.3   -0.3      0.6
  SINCE JAN 1      5.6                      10.7   -5.1     15.3
  SINCE JUL 1     11.7                      17.2   -5.5     21.6
  SNOW DEPTH       0

DEGREE DAYS
 HEATING
  YESTERDAY       40                        26     14       37
  MONTH TO DATE  140                       107     33      210
  SINCE MAR 1    140                       107     33      210
  SINCE JUL 1   4347                      4314     33     4692

 COOLING
  YESTERDAY        0                         0      0        0
  MONTH TO DATE    0                         0      0        0
  SINCE MAR 1      0                         0      0        0
  SINCE JAN 1      0                         0      0        0
..................................................................


WIND (MPH)
  HIGHEST WIND SPEED    21   HIGHEST WIND DIRECTION     N (340)
  HIGHEST GUST SPEED    26   HIGHEST GUST DIRECTION     N (360)
  AVERAGE WIND SPEED    10.3


SKY COVER
  AVERAGE SKY COVER 0.4


WEATHER CONDITIONS
 THE FOLLOWING WEATHER WAS RECORDED YESTERDAY.
  NO SIGNIFICANT WEATHER WAS OBSERVED.


RELATIVE HUMIDITY (PERCENT)
 HIGHEST    84           700 AM
 LOWEST     29           400 PM
 AVERAGE    57

..........................................................


THE CONCORDIA KS CLIMATE NORMALS FOR TODAY
                         NORMAL    RECORD    YEAR
 MAXIMUM TEMPERATURE (F)   50        81      2009
 MINIMUM TEMPERATURE (F)   28         2      1960


SUNRISE AND SUNSET
MARCH  5 2015.........SUNRISE   658 AM CST   SUNSET   627 PM CST
MARCH  6 2015.........SUNRISE   656 AM CST   SUNSET   628 PM CST


-  INDICATES NEGATIVE NUMBERS.
R  INDICATES RECORD WAS SET OR TIED.
MM INDICATES DATA IS MISSING.
T  INDICATES TRACE AMOUNT.




$$
