000
CDUS43 KTOP 260637
CLICNK


CLIMATE REPORT
NATIONAL WEATHER SERVICE TOPEKA KS
136 AM CDT THU MAY 26 2016


...................................

...THE CONCORDIA KS CLIMATE SUMMARY FOR MAY 25 2016...

CLIMATE NORMAL PERIOD 1981 TO 2010
CLIMATE RECORD PERIOD 1885 TO 2016


WEATHER ITEM   OBSERVED TIME   RECORD YEAR NORMAL DEPARTURE LAST
                VALUE   (LST)  VALUE       VALUE  FROM      YEAR
                                                  NORMAL
..................................................................
TEMPERATURE (F)
 YESTERDAY
  MAXIMUM         79    545 PM  97    1967  77      2       78
                                      1953
  MINIMUM         59    553 AM  39    1925  55      4       56
  AVERAGE         69                        66      3       67

PRECIPITATION (IN)
  YESTERDAY        0.08          1.34 2014   0.14  -0.06     0.30
  MONTH TO DATE    6.70                      3.30   3.40     3.44
  SINCE MAR 1      9.05                      7.76   1.29     5.78
  SINCE JAN 1     10.61                      9.13   1.48     7.30

SNOWFALL (IN)
  YESTERDAY        0.0           T    1951   0.0    0.0      0.0
  MONTH TO DATE    0.0                       0.0    0.0      0.0
  SINCE JAN 1     12.3                      13.7   -1.4      5.6
  SINCE JUL 1     13.6                      20.2   -6.6     11.7
  SNOW DEPTH       0

DEGREE DAYS
 HEATING
  YESTERDAY        0                         2     -2        0
  MONTH TO DATE  139                       119     20      127
  SINCE MAR 1    893                      1176   -283      963
  SINCE JUL 1   4364                      5383  -1019     5170

 COOLING
  YESTERDAY        4                         3      1        2
  MONTH TO DATE   27                        46    -19       37
  SINCE MAR 1     38                        63    -25       45
  SINCE JAN 1     38                        63    -25       45
..................................................................


WIND (MPH)
  HIGHEST WIND SPEED    28   HIGHEST WIND DIRECTION    SE (150)
  HIGHEST GUST SPEED    34   HIGHEST GUST DIRECTION     E (80)
  AVERAGE WIND SPEED     8.5


SKY COVER
  AVERAGE SKY COVER 0.7


WEATHER CONDITIONS
 THE FOLLOWING WEATHER WAS RECORDED YESTERDAY.
  THUNDERSTORM
  LIGHT RAIN
  FOG


RELATIVE HUMIDITY (PERCENT)
 HIGHEST    93           900 PM
 LOWEST     69           400 PM
 AVERAGE    81

..........................................................


THE CONCORDIA KS CLIMATE NORMALS FOR TODAY
                         NORMAL    RECORD    YEAR
 MAXIMUM TEMPERATURE (F)   77        98      2012
 MINIMUM TEMPERATURE (F)   55        40      1940


SUNRISE AND SUNSET
MAY 26 2016...........SUNRISE   608 AM CDT   SUNSET   848 PM CDT
MAY 27 2016...........SUNRISE   607 AM CDT   SUNSET   849 PM CDT


-  INDICATES NEGATIVE NUMBERS.
R  INDICATES RECORD WAS SET OR TIED.
MM INDICATES DATA IS MISSING.
T  INDICATES TRACE AMOUNT.




$$
