000
CDUS43 KTOP 230643
CLICNK


CLIMATE REPORT
NATIONAL WEATHER SERVICE TOPEKA KS
1240 AM CST MON JAN 23 2017


...................................

...THE CONCORDIA KS CLIMATE SUMMARY FOR JANUARY 22 2017...

CLIMATE NORMAL PERIOD 1981 TO 2010
CLIMATE RECORD PERIOD 1885 TO 2017


WEATHER ITEM   OBSERVED TIME   RECORD YEAR NORMAL DEPARTURE LAST
                VALUE   (LST)  VALUE       VALUE  FROM      YEAR
                                                  NORMAL
..................................................................
TEMPERATURE (F)
 YESTERDAY
  MAXIMUM         46    407 PM  64    2002  39      7       26
  MINIMUM         27   1159 PM -12    1888  19      8       22
                                      1886
  AVERAGE         37                        29      8       24

PRECIPITATION (IN)
  YESTERDAY        0.00          0.60 1982   0.03  -0.03      T
  MONTH TO DATE    1.75                      0.37   1.38     1.05
  SINCE DEC 1      2.68                      1.22   1.46     3.69
  SINCE JAN 1      1.75                      0.37   1.38     1.05

SNOWFALL (IN)
  YESTERDAY        0.0           2.0  2012   0.2   -0.2       T
  MONTH TO DATE    1.0                       3.9   -2.9      7.6
  SINCE JAN 1      1.0                       3.9   -2.9      7.6
  SINCE JUL 1      3.2                      10.4   -7.2      8.9
  SNOW DEPTH       0

DEGREE DAYS
 HEATING
  YESTERDAY       28                        36     -8       41
  MONTH TO DATE  798                       806     -8      820
  SINCE DEC 1   1902                      1891     11     1695
  SINCE JUL 1   2599                      2983   -384     2463

 COOLING
  YESTERDAY        0                         0      0        0
  MONTH TO DATE    0                         0      0        0
  SINCE DEC 1      0                         0      0        0
  SINCE JAN 1      0                         0      0        0
..................................................................


WIND (MPH)
  HIGHEST WIND SPEED    23   HIGHEST WIND DIRECTION     N (340)
  HIGHEST GUST SPEED    28   HIGHEST GUST DIRECTION     N (350)
  AVERAGE WIND SPEED     8.6


SKY COVER
  AVERAGE SKY COVER 0.0


WEATHER CONDITIONS
 THE FOLLOWING WEATHER WAS RECORDED YESTERDAY.
  NO SIGNIFICANT WEATHER WAS OBSERVED.


RELATIVE HUMIDITY (PERCENT)
 HIGHEST   100           100 AM
 LOWEST     60           400 PM
 AVERAGE    80

..........................................................


THE CONCORDIA KS CLIMATE NORMALS FOR TODAY
                         NORMAL    RECORD    YEAR
 MAXIMUM TEMPERATURE (F)   39        67      1934
 MINIMUM TEMPERATURE (F)   19       -11      1963
                                             1886


SUNRISE AND SUNSET
JANUARY 23 2017.......SUNRISE   745 AM CST   SUNSET   540 PM CST
JANUARY 24 2017.......SUNRISE   744 AM CST   SUNSET   542 PM CST


-  INDICATES NEGATIVE NUMBERS.
R  INDICATES RECORD WAS SET OR TIED.
MM INDICATES DATA IS MISSING.
T  INDICATES TRACE AMOUNT.




$$
