000
CDUS43 KTOP 300632
CLICNK


CLIMATE REPORT
NATIONAL WEATHER SERVICE TOPEKA KS
131 AM CDT FRI SEP 30 2016


...................................

...THE CONCORDIA KS CLIMATE SUMMARY FOR SEPTEMBER 29 2016...

CLIMATE NORMAL PERIOD 1981 TO 2010
CLIMATE RECORD PERIOD 1885 TO 2016


WEATHER ITEM   OBSERVED TIME   RECORD YEAR NORMAL DEPARTURE LAST
                VALUE   (LST)  VALUE       VALUE  FROM      YEAR
                                                  NORMAL
..................................................................
TEMPERATURE (F)
 YESTERDAY
  MAXIMUM         70    356 PM  96    1994  74     -4       70
  MINIMUM         42    630 AM  29    1984  50     -8       51
  AVERAGE         56                        62     -6       61

PRECIPITATION (IN)
  YESTERDAY        0.00          1.58 1941   0.09  -0.09      T
                                      1893
  MONTH TO DATE    2.00                      2.82  -0.82     1.21
  SINCE SEP 1      2.00                      2.82  -0.82     1.21
  SINCE JAN 1     27.52                     23.92   3.60    23.17

SNOWFALL (IN)
  YESTERDAY        0.0           T    1985   0.0    0.0      0.0
  MONTH TO DATE    0.0                       0.0    0.0      0.0
  SINCE JAN 1     12.3                      13.7   -1.4      5.6
  SINCE JUL 1      0.0                       0.0    0.0      0.0
  SNOW DEPTH       0

DEGREE DAYS
 HEATING
  YESTERDAY        9                         5      4        4
  MONTH TO DATE   34                        65    -31       12
  SINCE SEP 1     34                        65    -31       12
  SINCE JUL 1     35                        68    -33       14

 COOLING
  YESTERDAY        0                         2     -2        0
  MONTH TO DATE  220                       157     63      298
  SINCE SEP 1    220                       157     63      298
  SINCE JAN 1   1502                      1323    179     1337
..................................................................


WIND (MPH)
  HIGHEST WIND SPEED    10   HIGHEST WIND DIRECTION     E (80)
  HIGHEST GUST SPEED    14   HIGHEST GUST DIRECTION     N (360)
  AVERAGE WIND SPEED     3.0


SKY COVER
  AVERAGE SKY COVER 0.0


WEATHER CONDITIONS
 THE FOLLOWING WEATHER WAS RECORDED YESTERDAY.
  FOG
  HAZE


RELATIVE HUMIDITY (PERCENT)
 HIGHEST   100           600 AM
 LOWEST     44           400 PM
 AVERAGE    72

..........................................................


THE CONCORDIA KS CLIMATE NORMALS FOR TODAY
                         NORMAL    RECORD    YEAR
 MAXIMUM TEMPERATURE (F)   74        95      1994
 MINIMUM TEMPERATURE (F)   50        29      1895


SUNRISE AND SUNSET
SEPTEMBER 30 2016.....SUNRISE   726 AM CDT   SUNSET   714 PM CDT
OCTOBER  1 2016.......SUNRISE   727 AM CDT   SUNSET   712 PM CDT


-  INDICATES NEGATIVE NUMBERS.
R  INDICATES RECORD WAS SET OR TIED.
MM INDICATES DATA IS MISSING.
T  INDICATES TRACE AMOUNT.




$$
