000
CDUS43 KTOP 070635
CLICNK


CLIMATE REPORT
NATIONAL WEATHER SERVICE TOPEKA KS
133 AM CDT TUE JUL 7 2015


...................................

...THE CONCORDIA KS CLIMATE SUMMARY FOR JULY 6 2015...

CLIMATE NORMAL PERIOD 1981 TO 2010
CLIMATE RECORD PERIOD 1885 TO 2015


WEATHER ITEM   OBSERVED TIME   RECORD YEAR NORMAL DEPARTURE LAST
                VALUE   (LST)  VALUE       VALUE  FROM      YEAR
                                                  NORMAL
..................................................................
TEMPERATURE (F)
 YESTERDAY
  MAXIMUM         85   1005 AM 108    1991  91     -6      101
                                      1964
  MINIMUM         66   1159 PM  50    1908  67     -1       73
  AVERAGE         76                        79     -3       87

PRECIPITATION (IN)
  YESTERDAY        0.40          0.87 1922   0.14   0.26     0.00
  MONTH TO DATE    0.52                      0.84  -0.32     0.00
  SINCE JUN 1      6.63                      4.89   1.74     6.70
  SINCE JAN 1     14.71                     14.88  -0.17    12.53

SNOWFALL (IN)
  YESTERDAY        0.0           T    1930   0.0    0.0      0.0
  MONTH TO DATE    0.0                       0.0    0.0      0.0
  SINCE JAN 1      5.6                      13.7   -8.1     16.9
  SINCE JUL 1      0.0                       0.0    0.0      0.0
  SNOW DEPTH       0

DEGREE DAYS
 HEATING
  YESTERDAY        0                         0      0        0
  MONTH TO DATE    0                         0      0        0
  SINCE JUN 1      2                        13    -11        1
  SINCE JUL 1      0                         0      0        0

 COOLING
  YESTERDAY       11                        14     -3       22
  MONTH TO DATE   70                        80    -10       69
  SINCE JUN 1    379                       345     34      356
  SINCE JAN 1    434                       434      0      531
..................................................................


WIND (MPH)
  HIGHEST WIND SPEED    26   HIGHEST WIND DIRECTION     S (190)
  HIGHEST GUST SPEED    34   HIGHEST GUST DIRECTION     S (180)
  AVERAGE WIND SPEED    12.8


SKY COVER
  AVERAGE SKY COVER 0.6


WEATHER CONDITIONS
 THE FOLLOWING WEATHER WAS RECORDED YESTERDAY.
  THUNDERSTORM
  HEAVY RAIN
  RAIN
  LIGHT RAIN
  FOG
  HAZE


RELATIVE HUMIDITY (PERCENT)
 HIGHEST    93          1200 PM
 LOWEST     55          1200 AM
 AVERAGE    74

..........................................................


THE CONCORDIA KS CLIMATE NORMALS FOR TODAY
                         NORMAL    RECORD    YEAR
 MAXIMUM TEMPERATURE (F)   91       105      2001
                                             1913
 MINIMUM TEMPERATURE (F)   67        49      1908


SUNRISE AND SUNSET
JULY  7 2015..........SUNRISE   610 AM CDT   SUNSET   901 PM CDT
JULY  8 2015..........SUNRISE   611 AM CDT   SUNSET   900 PM CDT


-  INDICATES NEGATIVE NUMBERS.
R  INDICATES RECORD WAS SET OR TIED.
MM INDICATES DATA IS MISSING.
T  INDICATES TRACE AMOUNT.




$$
