000
CDUS43 KTOP 280642
CLICNK


CLIMATE REPORT
NATIONAL WEATHER SERVICE TOPEKA KS
1242 AM CST FRI NOV 28 2014


...................................

...THE CONCORDIA KS CLIMATE SUMMARY FOR NOVEMBER 27 2014...

CLIMATE NORMAL PERIOD 1981 TO 2010
CLIMATE RECORD PERIOD 1885 TO 2014


WEATHER ITEM   OBSERVED TIME   RECORD YEAR NORMAL DEPARTURE LAST
                VALUE   (LST)  VALUE       VALUE  FROM      YEAR
                                                  NORMAL
..................................................................
TEMPERATURE (F)
 YESTERDAY
  MAXIMUM         42    424 PM  69    1933  46     -4       38
  MINIMUM         14    755 AM -15    1887  26    -12       10
  AVERAGE         28                        36     -8       24

PRECIPITATION (IN)
  YESTERDAY        0.00          0.91 1983   0.03  -0.03     0.00
  MONTH TO DATE    0.11                      1.01  -0.90     1.15
  SINCE SEP 1      5.80                      5.84  -0.04     3.08
  SINCE JAN 1     26.46                     26.94  -0.48    26.65

SNOWFALL (IN)
  YESTERDAY        0.0           7.3  1983   0.1   -0.1      0.0
  MONTH TO DATE    1.1                       2.1   -1.0       T
  SINCE JAN 1     18.0                      16.0    2.0     20.3
  SINCE JUL 1      1.1                       2.3   -1.2       T
  SNOW DEPTH       0

DEGREE DAYS
 HEATING
  YESTERDAY       37                        29      8       41
  MONTH TO DATE  766                       608    158      625
  SINCE SEP 1   1095                       996     99      962
  SINCE JUL 1   1097                       999     98      969

 COOLING
  YESTERDAY        0                         0      0        0
  MONTH TO DATE    0                         0      0        0
  SINCE SEP 1    159                       182    -23      274
  SINCE JAN 1   1368                      1348     20     1359
..................................................................


WIND (MPH)
  HIGHEST WIND SPEED    20   HIGHEST WIND DIRECTION     S (160)
  HIGHEST GUST SPEED    24   HIGHEST GUST DIRECTION    SE (150)
  AVERAGE WIND SPEED     9.1


SKY COVER
  AVERAGE SKY COVER 0.0


WEATHER CONDITIONS
 THE FOLLOWING WEATHER WAS RECORDED YESTERDAY.
  NO SIGNIFICANT WEATHER WAS OBSERVED.


RELATIVE HUMIDITY (PERCENT)
 HIGHEST    96           800 AM
 LOWEST     33           400 PM
 AVERAGE    65

..........................................................


THE CONCORDIA KS CLIMATE NORMALS FOR TODAY
                         NORMAL    RECORD    YEAR
 MAXIMUM TEMPERATURE (F)   45        69      1904
 MINIMUM TEMPERATURE (F)   25        -4      1976


SUNRISE AND SUNSET
NOVEMBER 28 2014......SUNRISE   729 AM CST   SUNSET   508 PM CST
NOVEMBER 29 2014......SUNRISE   730 AM CST   SUNSET   508 PM CST


-  INDICATES NEGATIVE NUMBERS.
R  INDICATES RECORD WAS SET OR TIED.
MM INDICATES DATA IS MISSING.
T  INDICATES TRACE AMOUNT.




$$
