000
CDUS43 KTOP 212134
CLICNK


CLIMATE REPORT
NATIONAL WEATHER SERVICE TOPEKA KS
433 PM CDT THU SEP 21 2017


...................................

...THE CONCORDIA KS CLIMATE SUMMARY FOR SEPTEMBER 21 2017...
VALID TODAY AS OF 430 PM LOCAL TIME.

CLIMATE NORMAL PERIOD 1981 TO 2010
CLIMATE RECORD PERIOD 1885 TO 2017


WEATHER ITEM   OBSERVED TIME   RECORD YEAR NORMAL DEPARTURE LAST
                VALUE   (LST)  VALUE       VALUE  FROM      YEAR
                                                  NORMAL
..................................................................
TEMPERATURE (F)
 TODAY
  MAXIMUM         93    248 PM 103    2005  78     15       91
                                      1956
  MINIMUM         62    344 AM  33    1995  54      8       74
                                      1983
  AVERAGE         78                        66     12       83

PRECIPITATION (IN)
  TODAY            0.00          2.30 2009   0.10  -0.10     0.00
  MONTH TO DATE    2.35                      2.07   0.28     1.73
  SINCE SEP 1      2.35                      2.07   0.28     1.73
  SINCE JAN 1     29.80                     23.17   6.63    27.25

SNOWFALL (IN)
  TODAY           MM             0.0    MM   0.0   MM        0.0
  MONTH TO DATE    0.0                       0.0    0.0      0.0
  SINCE JAN 1      2.1                      13.7  -11.6     12.3
  SINCE JUL 1      0.0                       0.0    0.0      0.0
  SNOW DEPTH      MM

DEGREE DAYS
 HEATING
  TODAY            0                         3     -3        0
  MONTH TO DATE   11                        31    -20       13
  SINCE SEP 1     11                        31    -20       13
  SINCE JUL 1     11                        34    -23       14

 COOLING
  TODAY           13                         4      9       18
  MONTH TO DATE  155                       135     20      175
  SINCE SEP 1    155                       135     20      175
  SINCE JAN 1   1293                      1301     -8     1457
..................................................................


WIND (MPH)
  HIGHEST WIND SPEED    24   HIGHEST WIND DIRECTION     S (170)
  HIGHEST GUST SPEED    32   HIGHEST GUST DIRECTION     S (170)
  AVERAGE WIND SPEED    11.7



WEATHER CONDITIONS
 THE FOLLOWING WEATHER WAS RECORDED TODAY.
  FOG


RELATIVE HUMIDITY (PERCENT)
 HIGHEST   100           500 AM
 LOWEST     49           300 PM
 AVERAGE    75

..........................................................


THE CONCORDIA KS CLIMATE NORMALS FOR TOMORROW
                         NORMAL    RECORD    YEAR
 MAXIMUM TEMPERATURE (F)   77        98      1937
                                             1892
 MINIMUM TEMPERATURE (F)   53        29      1995


SUNRISE AND SUNSET
SEPTEMBER 21 2017.....SUNRISE   718 AM CDT   SUNSET   729 PM CDT
SEPTEMBER 22 2017.....SUNRISE   718 AM CDT   SUNSET   727 PM CDT


-  INDICATES NEGATIVE NUMBERS.
R  INDICATES RECORD WAS SET OR TIED.
MM INDICATES DATA IS MISSING.
T  INDICATES TRACE AMOUNT.




$$
