000
CDUS43 KTOP 130636
CLICNK


CLIMATE REPORT
NATIONAL WEATHER SERVICE TOPEKA KS
1235 AM CST TUE FEB 13 2018


...................................

...THE CONCORDIA KS CLIMATE SUMMARY FOR FEBRUARY 12 2018...

CLIMATE NORMAL PERIOD 1981 TO 2010
CLIMATE RECORD PERIOD 1885 TO 2018


WEATHER ITEM   OBSERVED TIME   RECORD YEAR NORMAL DEPARTURE LAST
                VALUE   (LST)  VALUE       VALUE  FROM      YEAR
                                                  NORMAL
..................................................................
TEMPERATURE (F)
 YESTERDAY
  MAXIMUM         34    422 PM  71    1911  42     -8       51
  MINIMUM          6    608 AM -25    1899  21    -15       33
  AVERAGE         20                        32    -12       42

PRECIPITATION (IN)
  YESTERDAY        0.00          0.50 1894   0.02  -0.02     0.00
  MONTH TO DATE    0.27                      0.31  -0.04     0.02
  SINCE DEC 1      0.82                      1.74  -0.92     2.70
  SINCE JAN 1      0.69                      0.89  -0.20     1.77

SNOWFALL (IN)
  YESTERDAY        0.0           5.9  1978   0.2   -0.2      0.0
  MONTH TO DATE    4.5                       2.6    1.9       T
  SINCE JAN 1      8.1                       8.3   -0.2      1.0
  SINCE JUL 1      9.9                      14.8   -4.9      3.2
  SNOW DEPTH       2

DEGREE DAYS
 HEATING
  YESTERDAY       45                        33     12       23
  MONTH TO DATE  534                       413    121      359
  SINCE DEC 1   2689                      2625     64     2505
  SINCE JUL 1   3626                      3717    -91     3202

 COOLING
  YESTERDAY        0                         0      0        0
  MONTH TO DATE    0                         0      0        0
  SINCE DEC 1      0                         0      0        0
  SINCE JAN 1      0                         0      0        0
..................................................................


WIND (MPH)
  HIGHEST WIND SPEED    18   HIGHEST WIND DIRECTION    SE (120)
  HIGHEST GUST SPEED    24   HIGHEST GUST DIRECTION    NE (60)
  AVERAGE WIND SPEED     9.6


SKY COVER
  AVERAGE SKY COVER 0.2


WEATHER CONDITIONS
 THE FOLLOWING WEATHER WAS RECORDED YESTERDAY.
  NO SIGNIFICANT WEATHER WAS OBSERVED.


RELATIVE HUMIDITY (PERCENT)
 HIGHEST    88           300 AM
 LOWEST     47           400 PM
 AVERAGE    68

..........................................................


THE CONCORDIA KS CLIMATE NORMALS FOR TODAY
                         NORMAL    RECORD    YEAR
 MAXIMUM TEMPERATURE (F)   43        72      1921
 MINIMUM TEMPERATURE (F)   22       -21      1905


SUNRISE AND SUNSET
FEBRUARY 13 2018......SUNRISE   725 AM CST   SUNSET   605 PM CST
FEBRUARY 14 2018......SUNRISE   724 AM CST   SUNSET   606 PM CST


-  INDICATES NEGATIVE NUMBERS.
R  INDICATES RECORD WAS SET OR TIED.
MM INDICATES DATA IS MISSING.
T  INDICATES TRACE AMOUNT.




$$
