000
CDUS43 KTOP 242235
CLICNK


CLIMATE REPORT
NATIONAL WEATHER SERVICE TOPEKA KS
434 PM CST MON NOV 24 2014


...................................

...THE CONCORDIA KS CLIMATE SUMMARY FOR NOVEMBER 24 2014...
VALID TODAY AS OF 0400 PM LOCAL TIME.

CLIMATE NORMAL PERIOD 1981 TO 2010
CLIMATE RECORD PERIOD 1885 TO 2014


WEATHER ITEM   OBSERVED TIME   RECORD YEAR NORMAL DEPARTURE LAST
                VALUE   (LST)  VALUE       VALUE  FROM      YEAR
                                                  NORMAL
..................................................................
TEMPERATURE (F)
 TODAY
  MAXIMUM         44    350 PM  73    2011  47     -3       31
                                      1990
  MINIMUM         32    802 AM   5    1898  27      5       13
  AVERAGE         38                        37      1       22

PRECIPITATION (IN)
  TODAY            0.00          0.48 1944   0.03  -0.03     0.00
  MONTH TO DATE    0.11                      0.91  -0.80     1.15
  SINCE SEP 1      5.80                      5.74   0.06     3.08
  SINCE JAN 1     26.46                     26.84  -0.38    26.65

SNOWFALL (IN)
  TODAY            0.0           1.6  1972   0.2   -0.2      0.0
  MONTH TO DATE    1.1                       1.8   -0.7       T
  SINCE JAN 1     18.0                      15.7    2.3     20.3
  SINCE JUL 1      1.1                       2.0   -0.9       T
  SNOW DEPTH       0

DEGREE DAYS
 HEATING
  TODAY           27                        28     -1       43
  MONTH TO DATE  664                       522    142      514
  SINCE SEP 1    993                       910     83      851
  SINCE JUL 1    995                       913     82      858

 COOLING
  TODAY            0                         0      0        0
  MONTH TO DATE    0                         0      0        0
  SINCE SEP 1    159                       182    -23      274
  SINCE JAN 1   1368                      1348     20     1359
..................................................................


WIND (MPH)
  HIGHEST WIND SPEED    30   HIGHEST WIND DIRECTION    NW (320)
  HIGHEST GUST SPEED    38   HIGHEST GUST DIRECTION    NW (320)
  AVERAGE WIND SPEED    17.3



WEATHER CONDITIONS
 THE FOLLOWING WEATHER WAS RECORDED TODAY.
  NO SIGNIFICANT WEATHER WAS OBSERVED.


RELATIVE HUMIDITY (PERCENT)
 HIGHEST    69           500 AM
 LOWEST     28           300 PM
 AVERAGE    49

..........................................................


THE CONCORDIA KS CLIMATE NORMALS FOR TOMORROW
                         NORMAL    RECORD    YEAR
 MAXIMUM TEMPERATURE (F)   47        71      1960
                                             1894
 MINIMUM TEMPERATURE (F)   27         6      1993


SUNRISE AND SUNSET
NOVEMBER 24 2014......SUNRISE   725 AM CST   SUNSET   510 PM CST
NOVEMBER 25 2014......SUNRISE   726 AM CST   SUNSET   509 PM CST


-  INDICATES NEGATIVE NUMBERS.
R  INDICATES RECORD WAS SET OR TIED.
MM INDICATES DATA IS MISSING.
T  INDICATES TRACE AMOUNT.




$$
