000
CDUS43 KTOP 180631
CLICNK


CLIMATE REPORT
NATIONAL WEATHER SERVICE TOPEKA KS
131 AM CDT SAT MAR 18 2017


...................................

...THE CONCORDIA KS CLIMATE SUMMARY FOR MARCH 17 2017...

CLIMATE NORMAL PERIOD 1981 TO 2010
CLIMATE RECORD PERIOD 1885 TO 2017


WEATHER ITEM   OBSERVED TIME   RECORD YEAR NORMAL DEPARTURE LAST
                VALUE   (LST)  VALUE       VALUE  FROM      YEAR
                                                  NORMAL
..................................................................
TEMPERATURE (F)
 YESTERDAY
  MAXIMUM         71    401 PM  86    1894  55     16       58
  MINIMUM         46   1159 PM   0    1906  32     14       29
  AVERAGE         59                        44     15       44

PRECIPITATION (IN)
  YESTERDAY        0.00          1.49 1987   0.07  -0.07      T
  MONTH TO DATE    0.07                      0.93  -0.86     0.12
  SINCE MAR 1      0.07                      0.93  -0.86     0.12
  SINCE JAN 1      1.92                      2.30  -0.38     1.68

SNOWFALL (IN)
  YESTERDAY        0.0           1.3  1951   0.1   -0.1      0.0
  MONTH TO DATE    0.8                       1.3   -0.5      0.0
  SINCE JAN 1      2.1                      11.7   -9.6     12.3
  SINCE JUL 1      4.3                      18.2  -13.9     13.6
  SNOW DEPTH       0

DEGREE DAYS
 HEATING
  YESTERDAY        6                        22    -16       21
  MONTH TO DATE  363                       416    -53      236
  SINCE MAR 1    363                       416    -53      236
  SINCE JUL 1   3864                      4623   -759     3707

 COOLING
  YESTERDAY        0                         0      0        0
  MONTH TO DATE    0                         0      0        3
  SINCE MAR 1      0                         0      0        3
  SINCE JAN 1      0                         0      0        3
..................................................................


WIND (MPH)
  HIGHEST WIND SPEED    21   HIGHEST WIND DIRECTION    SW (220)
  HIGHEST GUST SPEED    27   HIGHEST GUST DIRECTION    SW (210)
  AVERAGE WIND SPEED     9.7


SKY COVER
  AVERAGE SKY COVER 0.0


WEATHER CONDITIONS
 THE FOLLOWING WEATHER WAS RECORDED YESTERDAY.
  NO SIGNIFICANT WEATHER WAS OBSERVED.


RELATIVE HUMIDITY (PERCENT)
 HIGHEST    89           200 AM
 LOWEST     29           400 PM
 AVERAGE    59

..........................................................


THE CONCORDIA KS CLIMATE NORMALS FOR TODAY
                         NORMAL    RECORD    YEAR
 MAXIMUM TEMPERATURE (F)   56        87      1921
 MINIMUM TEMPERATURE (F)   32        -2      1923


SUNRISE AND SUNSET
MARCH 18 2017.........SUNRISE   737 AM CDT   SUNSET   741 PM CDT
MARCH 19 2017.........SUNRISE   735 AM CDT   SUNSET   742 PM CDT


-  INDICATES NEGATIVE NUMBERS.
R  INDICATES RECORD WAS SET OR TIED.
MM INDICATES DATA IS MISSING.
T  INDICATES TRACE AMOUNT.




$$
