000
CDUS43 KTOP 180631
CLICNK


CLIMATE REPORT
NATIONAL WEATHER SERVICE TOPEKA KS
131 AM CDT FRI APR 18 2014


...................................

...THE CONCORDIA KS CLIMATE SUMMARY FOR APRIL 17 2014...

CLIMATE NORMAL PERIOD 1981 TO 2010
CLIMATE RECORD PERIOD 1885 TO 2014


WEATHER ITEM   OBSERVED TIME   RECORD YEAR NORMAL DEPARTURE LAST
                VALUE   (LST)  VALUE       VALUE  FROM      YEAR
                                                  NORMAL
..................................................................
TEMPERATURE (F)
 YESTERDAY
  MAXIMUM         56    526 PM  90    1926  66    -10       43
  MINIMUM         33    701 AM  21    1907  42     -9       34
  AVERAGE         45                        54     -9       39

PRECIPITATION (IN)
  YESTERDAY        0.00          2.12 2013   0.08  -0.08     2.12
  MONTH TO DATE    0.56                      1.29  -0.73     2.75
  SINCE MAR 1      0.79                      3.30  -2.51     3.64
  SINCE JAN 1      1.98                      4.67  -2.69     5.12

SNOWFALL (IN)
  YESTERDAY        0.0           T    1922   0.0    0.0      0.0
  MONTH TO DATE    T                         0.4   -0.4       T
  SINCE JAN 1     16.9                      13.6    3.3     17.9
  SINCE JUL 1     23.2                      20.1    3.1     26.4
  SNOW DEPTH       0

DEGREE DAYS
 HEATING
  YESTERDAY       20                        12      8       26
  MONTH TO DATE  264                       244     20      317
  SINCE MAR 1   1060                       928    132     1134
  SINCE JUL 1   5542                      5135    407     5153

 COOLING
  YESTERDAY        0                         1     -1        0
  MONTH TO DATE    8                         2      6        0
  SINCE MAR 1      8                         3      5        0
  SINCE JAN 1      8                         3      5        0
..................................................................


WIND (MPH)
  HIGHEST WIND SPEED    20   HIGHEST WIND DIRECTION     N (350)
  HIGHEST GUST SPEED    26   HIGHEST GUST DIRECTION     N (340)
  AVERAGE WIND SPEED     8.3


SKY COVER
  AVERAGE SKY COVER 0.3


WEATHER CONDITIONS
 THE FOLLOWING WEATHER WAS RECORDED YESTERDAY.
  NO SIGNIFICANT WEATHER WAS OBSERVED.


RELATIVE HUMIDITY (PERCENT)
 HIGHEST    75           200 AM
 LOWEST     32           600 PM
 AVERAGE    54

..........................................................


THE CONCORDIA KS CLIMATE NORMALS FOR TODAY
                         NORMAL    RECORD    YEAR
 MAXIMUM TEMPERATURE (F)   66        92      1994
 MINIMUM TEMPERATURE (F)   42        27      1953


SUNRISE AND SUNSET
APRIL 18 2014.........SUNRISE   649 AM CDT   SUNSET   812 PM CDT
APRIL 19 2014.........SUNRISE   648 AM CDT   SUNSET   813 PM CDT


-  INDICATES NEGATIVE NUMBERS.
R  INDICATES RECORD WAS SET OR TIED.
MM INDICATES DATA IS MISSING.
T  INDICATES TRACE AMOUNT.




$$
