000
CDUS43 KTOP 162137
CLICNK


CLIMATE REPORT
NATIONAL WEATHER SERVICE TOPEKA KS
436 PM CDT TUE SEP 16 2014


...................................

...THE CONCORDIA KS CLIMATE SUMMARY FOR SEPTEMBER 16 2014...
VALID TODAY AS OF 0400 PM LOCAL TIME.

CLIMATE NORMAL PERIOD 1981 TO 2010
CLIMATE RECORD PERIOD 1885 TO 2014


WEATHER ITEM   OBSERVED TIME   RECORD YEAR NORMAL DEPARTURE LAST
                VALUE   (LST)  VALUE       VALUE  FROM      YEAR
                                                  NORMAL
..................................................................
TEMPERATURE (F)
 TODAY
  MAXIMUM         70    259 PM 104    1895  80    -10       60
  MINIMUM         43    350 AM  36    1903  56    -13       56
  AVERAGE         57                        68    -11       58

PRECIPITATION (IN)
  TODAY            0.00          1.44 1968   0.10  -0.10     0.19
  MONTH TO DATE    1.93                      1.56   0.37     0.54
  SINCE SEP 1      1.93                      1.56   0.37     0.54
  SINCE JAN 1     22.59                     22.66  -0.07    24.11

SNOWFALL (IN)
  TODAY            0.0           0.0    MM   0.0    0.0      0.0
  MONTH TO DATE    0.0                       0.0    0.0      0.0
  SINCE JAN 1     16.9                      13.7    3.2     20.3
  SINCE JUL 1      0.0                       0.0    0.0      0.0
  SNOW DEPTH       0

DEGREE DAYS
 HEATING
  TODAY            8                         2      6        7
  MONTH TO DATE   73                        18     55        7
  SINCE SEP 1     73                        18     55        7
  SINCE JUL 1     75                        21     54       14

 COOLING
  TODAY            0                         5     -5        0
  MONTH TO DATE   71                       114    -43      171
  SINCE SEP 1     71                       114    -43      171
  SINCE JAN 1   1280                      1280      0     1256
..................................................................


WIND (MPH)
  HIGHEST WIND SPEED    14   HIGHEST WIND DIRECTION     S (160)
  HIGHEST GUST SPEED    16   HIGHEST GUST DIRECTION     S (160)
  AVERAGE WIND SPEED     6.1



WEATHER CONDITIONS
 THE FOLLOWING WEATHER WAS RECORDED TODAY.
  NO SIGNIFICANT WEATHER WAS OBSERVED.


RELATIVE HUMIDITY (PERCENT)
 HIGHEST   100          1200 AM
 LOWEST     53           300 PM
 AVERAGE    77

..........................................................


THE CONCORDIA KS CLIMATE NORMALS FOR TOMORROW
                         NORMAL    RECORD    YEAR
 MAXIMUM TEMPERATURE (F)   80       102      1953
 MINIMUM TEMPERATURE (F)   55        37      1981


SUNRISE AND SUNSET
SEPTEMBER 16 2014.....SUNRISE   713 AM CDT   SUNSET   737 PM CDT
SEPTEMBER 17 2014.....SUNRISE   714 AM CDT   SUNSET   736 PM CDT


-  INDICATES NEGATIVE NUMBERS.
R  INDICATES RECORD WAS SET OR TIED.
MM INDICATES DATA IS MISSING.
T  INDICATES TRACE AMOUNT.




$$
