000
CDUS43 KTOP 160637
CLICNK


CLIMATE REPORT
NATIONAL WEATHER SERVICE TOPEKA KS
1234 AM CST TUE JAN 16 2018


...................................

...THE CONCORDIA KS CLIMATE SUMMARY FOR JANUARY 15 2018...

CLIMATE NORMAL PERIOD 1981 TO 2010
CLIMATE RECORD PERIOD 1885 TO 2018


WEATHER ITEM   OBSERVED TIME   RECORD YEAR NORMAL DEPARTURE LAST
                VALUE   (LST)  VALUE       VALUE  FROM      YEAR
                                                  NORMAL
..................................................................
TEMPERATURE (F)
 YESTERDAY
  MAXIMUM         34   1221 AM  68    1943  39     -5       31
  MINIMUM          1   1159 PM -25    1888  19    -18       27
  AVERAGE         18                        28    -10       29

PRECIPITATION (IN)
  YESTERDAY        0.00          0.96 1889   0.02  -0.02     0.56
  MONTH TO DATE    0.37                      0.23   0.14     0.67
  SINCE DEC 1      0.50                      1.08  -0.58     1.60
  SINCE JAN 1      0.37                      0.23   0.14     0.67

SNOWFALL (IN)
  YESTERDAY        0.0           1.6  1984   0.2   -0.2      0.0
  MONTH TO DATE    3.4                       2.5    0.9      1.0
  SINCE JAN 1      3.4                       2.5    0.9      1.0
  SINCE JUL 1      5.2                       9.0   -3.8      3.2
  SNOW DEPTH       1

DEGREE DAYS
 HEATING
  YESTERDAY       47                        36     11       36
  MONTH TO DATE  615                       554     61      616
  SINCE DEC 1   1651                      1639     12     1720
  SINCE JUL 1   2588                      2731   -143     2417

 COOLING
  YESTERDAY        0                         0      0        0
  MONTH TO DATE    0                         0      0        0
  SINCE DEC 1      0                         0      0        0
  SINCE JAN 1      0                         0      0        0
..................................................................


WIND (MPH)
  HIGHEST WIND SPEED    26   HIGHEST WIND DIRECTION     N (350)
  HIGHEST GUST SPEED    34   HIGHEST GUST DIRECTION     N (340)
  AVERAGE WIND SPEED    16.7


SKY COVER
  AVERAGE SKY COVER 0.4


WEATHER CONDITIONS
 THE FOLLOWING WEATHER WAS RECORDED YESTERDAY.
  NO SIGNIFICANT WEATHER WAS OBSERVED.


RELATIVE HUMIDITY (PERCENT)
 HIGHEST    78           100 AM
 LOWEST     59           500 AM
 AVERAGE    69

..........................................................


THE CONCORDIA KS CLIMATE NORMALS FOR TODAY
                         NORMAL    RECORD    YEAR
 MAXIMUM TEMPERATURE (F)   39        72      1894
 MINIMUM TEMPERATURE (F)   19       -18      1888


SUNRISE AND SUNSET
JANUARY 16 2018.......SUNRISE   749 AM CST   SUNSET   532 PM CST
JANUARY 17 2018.......SUNRISE   748 AM CST   SUNSET   533 PM CST


-  INDICATES NEGATIVE NUMBERS.
R  INDICATES RECORD WAS SET OR TIED.
MM INDICATES DATA IS MISSING.
T  INDICATES TRACE AMOUNT.




$$
