000
CDUS43 KTOP 290635
CLICNK


CLIMATE REPORT
NATIONAL WEATHER SERVICE TOPEKA KS
1232 AM CST THU JAN 29 2015


...................................

...THE CONCORDIA KS CLIMATE SUMMARY FOR JANUARY 28 2015...

CLIMATE NORMAL PERIOD 1981 TO 2010
CLIMATE RECORD PERIOD 1885 TO 2015


WEATHER ITEM   OBSERVED TIME   RECORD YEAR NORMAL DEPARTURE LAST
                VALUE   (LST)  VALUE       VALUE  FROM      YEAR
                                                  NORMAL
..................................................................
TEMPERATURE (F)
 YESTERDAY
  MAXIMUM         71R   425 PM  71    2008  39     32       25
  MINIMUM         34    518 AM  -9    1915  19     15        1
  AVERAGE         53                        29     24       13

PRECIPITATION (IN)
  YESTERDAY        0.00          1.06 1891   0.02  -0.02     0.00
  MONTH TO DATE    0.11                      0.50  -0.39     0.21
  SINCE DEC 1      0.85                      1.35  -0.50     0.75
  SINCE JAN 1      0.11                      0.50  -0.39     0.21

SNOWFALL (IN)
  YESTERDAY        0.0           1.5  2001   0.2   -0.2      0.0
  MONTH TO DATE    1.3                       5.1   -3.8      2.0
  SINCE JAN 1      1.3                       5.1   -3.8      2.0
  SINCE JUL 1      7.4                      11.6   -4.2      8.3
  SNOW DEPTH       0

DEGREE DAYS
 HEATING
  YESTERDAY       12                        36    -24       52
  MONTH TO DATE  934                      1022    -88     1068
  SINCE DEC 1   1909                      2107   -198     2239
  SINCE JUL 1   3072                      3199   -127     3295

 COOLING
  YESTERDAY        0                         0      0        0
  MONTH TO DATE    0                         0      0        0
  SINCE DEC 1      0                         0      0        0
  SINCE JAN 1      0                         0      0        0
..................................................................


WIND (MPH)
  HIGHEST WIND SPEED    22   HIGHEST WIND DIRECTION    NW (320)
  HIGHEST GUST SPEED    33   HIGHEST GUST DIRECTION    NW (320)
  AVERAGE WIND SPEED     9.8


SKY COVER
  AVERAGE SKY COVER 0.0


WEATHER CONDITIONS
 THE FOLLOWING WEATHER WAS RECORDED YESTERDAY.
  NO SIGNIFICANT WEATHER WAS OBSERVED.


RELATIVE HUMIDITY (PERCENT)
 HIGHEST    82           400 AM
 LOWEST     25           400 PM
 AVERAGE    54

..........................................................


THE CONCORDIA KS CLIMATE NORMALS FOR TODAY
                         NORMAL    RECORD    YEAR
 MAXIMUM TEMPERATURE (F)   40        70      1911
 MINIMUM TEMPERATURE (F)   19       -11      1966


SUNRISE AND SUNSET
JANUARY 29 2015.......SUNRISE   741 AM CST   SUNSET   547 PM CST
JANUARY 30 2015.......SUNRISE   740 AM CST   SUNSET   548 PM CST


-  INDICATES NEGATIVE NUMBERS.
R  INDICATES RECORD WAS SET OR TIED.
MM INDICATES DATA IS MISSING.
T  INDICATES TRACE AMOUNT.




$$
