000
CDUS43 KTOP 250638
CLICNK


CLIMATE REPORT
NATIONAL WEATHER SERVICE TOPEKA KS
135 AM CDT THU AUG 25 2016


...................................

...THE CONCORDIA KS CLIMATE SUMMARY FOR AUGUST 24 2016...

CLIMATE NORMAL PERIOD 1981 TO 2010
CLIMATE RECORD PERIOD 1885 TO 2016


WEATHER ITEM   OBSERVED TIME   RECORD YEAR NORMAL DEPARTURE LAST
                VALUE   (LST)  VALUE       VALUE  FROM      YEAR
                                                  NORMAL
..................................................................
TEMPERATURE (F)
 YESTERDAY
  MAXIMUM         79    936 AM 107    1936  88     -9       82
                                      1922
  MINIMUM         60   1047 PM  46    1891  64     -4       48
  AVERAGE         70                        76     -6       65

PRECIPITATION (IN)
  YESTERDAY        0.40          3.61 1972   0.09   0.31     0.00
  MONTH TO DATE    3.90                      2.47   1.43     3.76
  SINCE JUN 1     11.24                     10.44   0.80    13.44
  SINCE JAN 1     23.41                     20.43   2.98    21.52

SNOWFALL (IN)
  YESTERDAY        0.0           0.0    MM   0.0    0.0      0.0
  MONTH TO DATE    0.0                       0.0    0.0      0.0
  SINCE JAN 1     12.3                      13.7   -1.4      5.6
  SINCE JUL 1      0.0                       0.0    0.0      0.0
  SNOW DEPTH       0

DEGREE DAYS
 HEATING
  YESTERDAY        0                         0      0        0
  MONTH TO DATE    0                         0      0        2
  SINCE JUN 1      1                        13    -12        4
  SINCE JUL 1      1                         0      1        2

 COOLING
  YESTERDAY        5                        11     -6        0
  MONTH TO DATE  296                       305     -9      233
  SINCE JUN 1   1163                      1006    157      938
  SINCE JAN 1   1223                      1095    128      993
..................................................................


WIND (MPH)
  HIGHEST WIND SPEED    20   HIGHEST WIND DIRECTION    NW (320)
  HIGHEST GUST SPEED    26   HIGHEST GUST DIRECTION    NW (310)
  AVERAGE WIND SPEED     7.9


SKY COVER
  AVERAGE SKY COVER 0.1


WEATHER CONDITIONS
 THE FOLLOWING WEATHER WAS RECORDED YESTERDAY.
  THUNDERSTORM
  HEAVY RAIN
  RAIN
  LIGHT RAIN
  FOG


RELATIVE HUMIDITY (PERCENT)
 HIGHEST    90           500 AM
 LOWEST     69          1000 AM
 AVERAGE    80

..........................................................


THE CONCORDIA KS CLIMATE NORMALS FOR TODAY
                         NORMAL    RECORD    YEAR
 MAXIMUM TEMPERATURE (F)   87       110      1936
 MINIMUM TEMPERATURE (F)   64        47      1928


SUNRISE AND SUNSET
AUGUST 25 2016........SUNRISE   653 AM CDT   SUNSET   811 PM CDT
AUGUST 26 2016........SUNRISE   654 AM CDT   SUNSET   810 PM CDT


-  INDICATES NEGATIVE NUMBERS.
R  INDICATES RECORD WAS SET OR TIED.
MM INDICATES DATA IS MISSING.
T  INDICATES TRACE AMOUNT.




$$
